{"id":13795,"date":"2025-07-15T12:40:15","date_gmt":"2025-07-15T10:40:15","guid":{"rendered":"https:\/\/uj.adatbank.ro\/lexikon\/termek\/lazar-jozsef-gyalakuti-br-gr\/"},"modified":"2025-07-15T12:40:15","modified_gmt":"2025-07-15T10:40:15","slug":"lazar-jozsef-gyalakuti-br-gr","status":"publish","type":"product","link":"https:\/\/uj.adatbank.ro\/lexikon\/termek\/lazar-jozsef-gyalakuti-br-gr\/","title":{"rendered":"L\u00c1Z\u00c1R J\u00f3zsef, gyalakuti br, gr."},"content":{"rendered":"<p>1783. dec. 29., \u2020 1831. j\u00fal. 12, temetve a mikh\u00e1zi kolostorba: f\u00f6ldbirtokos. \u2013 L. J\u00e1nos (1755\u20131800) kir. t\u00e1blai \u00fcln\u00f6k \u00e9s Kornis Anna fia. Feles\u00e9ge:b\u00e1r\u00f3 Incz\u00e9dy Zsuzsanna (esk.:1813; \u20201849. jan. 11.). Testv\u00e9re: Istv\u00e1n, Drass\u00f3n (Feh\u00e9r) lakott, \u00e9s rendszerint drassai L\u00e1z\u00e1r J\u00f3zsefnek nevezt\u00e9k, hogy megk\u00fcl\u00f6nb\u00f6ztess\u00e9k a csal\u00e1dnak sz\u00e1rhegyi \u00e1g\u00e1n \u00e9l\u0151 J\u00f3zseft\u0151l, akit meggyesfalvi L. J\u00f3zsefnek neveztek. A gyalakuti \u00e1gnak utols\u00f3 ivad\u00e9ka volt. Udvarh\u00e1za az ikt\u00e1ri gr. Bethlen Demeter tulajdon\u00e1ba ker\u00fclt. \u0151 volt utols\u00f3 Erd\u00e9lyben, aki a liber b\u00e1r\u00f3i \u00e9s gr\u00f3fi cimet egyes\u00fclten haszn\u00e1lta. A zen\u00e9nek is kedvel\u0151je volt. Meghalt sz\u00e9lh\u00fcd\u00e9sben. Vele kihalt a L\u00e1z\u00e1rok gyalakuti \u00e1ga. Eladta a Cs\u00edki csal\u00e1dnak a remeteszegi \u00e9s a h\u00eddv\u00e9gi birtok\u00e1t (1814). \u00d6zvegye hal\u00e1la ut\u00e1n, a gyalakuti L\u00e1z\u00e1r \u00e1g birtok\u00e1ra a tud\u00f3s gr. L\u00e1z\u00e1r J\u00e1nos k\u00e9t n\u0151v\u00e9re: gr. L. M\u00e1ria, gr. Bethlen S\u00e1mueln\u00e9, \u00e9s Anna b\u00e1r\u00f3 Korda L\u00e1szl\u00f3n\u00e9 lesz\u00e1rmazottai tett\u00e9k kez\u00fcket. A gyalakuti, szentannai, bacai \u00e9s drassai uradalmak egyik fele a gr. L\u00e1z\u00e1r M\u00e1ria, a m\u00e1sik gr. L\u00e1z\u00e1r Anna \u00f6r\u00f6k\u00f6seire sz\u00e1llott. <br \/><strong>Irod.:<\/strong> Bicsok-Orb\u00e1n; Kr\u00f3n F\u00fcz. (1936.17\u201318); Nagy Iv\u00e1n, Remeteszeg<\/br><\/p>\n","protected":false},"excerpt":{"rendered":"<p>1783. dec. 29., \u2020 1831. j\u00fal. 12, temetve a mikh\u00e1zi kolostorba: f\u00f6ldbirtokos. \u2013 L. J\u00e1nos (1755\u20131800) kir. t\u00e1blai \u00fcln\u00f6k \u00e9s Kornis Anna fia. Feles\u00e9ge:b\u00e1r\u00f3 Incz\u00e9dy Zsuzsanna (esk.:1813; \u20201849. jan. 11.). Testv\u00e9re: Istv\u00e1n, Drass\u00f3n (Feh\u00e9r) lakott, \u00e9s rendszerint drassai L\u00e1z\u00e1r J\u00f3zsefnek nevezt\u00e9k, hogy megk\u00fcl\u00f6nb\u00f6ztess\u00e9k a csal\u00e1dnak sz\u00e1rhegyi \u00e1g\u00e1n \u00e9l\u0151 J\u00f3zseft\u0151l, akit meggyesfalvi L. J\u00f3zsefnek neveztek. A [&hellip;]<\/p>\n","protected":false},"featured_media":0,"comment_status":"open","ping_status":"closed","template":"","meta":[],"product_brand":[],"product_cat":[137],"product_tag":[],"class_list":{"0":"post-13795","1":"product","2":"type-product","3":"status-publish","5":"product_cat-maros-megyei-eletrajzi-lexikon","7":"first","8":"instock","9":"shipping-taxable","10":"product-type-simple"},"_links":{"self":[{"href":"https:\/\/uj.adatbank.ro\/lexikon\/wp-json\/wp\/v2\/product\/13795","targetHints":{"allow":["GET"]}}],"collection":[{"href":"https:\/\/uj.adatbank.ro\/lexikon\/wp-json\/wp\/v2\/product"}],"about":[{"href":"https:\/\/uj.adatbank.ro\/lexikon\/wp-json\/wp\/v2\/types\/product"}],"replies":[{"embeddable":true,"href":"https:\/\/uj.adatbank.ro\/lexikon\/wp-json\/wp\/v2\/comments?post=13795"}],"wp:attachment":[{"href":"https:\/\/uj.adatbank.ro\/lexikon\/wp-json\/wp\/v2\/media?parent=13795"}],"wp:term":[{"taxonomy":"product_brand","embeddable":true,"href":"https:\/\/uj.adatbank.ro\/lexikon\/wp-json\/wp\/v2\/product_brand?post=13795"},{"taxonomy":"product_cat","embeddable":true,"href":"https:\/\/uj.adatbank.ro\/lexikon\/wp-json\/wp\/v2\/product_cat?post=13795"},{"taxonomy":"product_tag","embeddable":true,"href":"https:\/\/uj.adatbank.ro\/lexikon\/wp-json\/wp\/v2\/product_tag?post=13795"}],"curies":[{"name":"wp","href":"https:\/\/api.w.org\/{rel}","templated":true}]}}

LÁZÁR József, gyalakuti br, gr.

<p>1783. dec. 29., † 1831. júl. 12, temetve a mikházi kolostorba: földbirtokos. – L. János (1755–1800) kir. táblai ülnök és Kornis Anna fia. Felesége:báró Inczédy Zsuzsanna (esk.:1813; †1849. jan. 11.). Testvére: István, Drassón (Fehér) lakott, és rendszerint drassai Lázár Józsefnek nevezték, hogy megkülönböztessék a családnak szárhegyi ágán élő Józseftől, akit meggyesfalvi L. Józsefnek neveztek. A gyalakuti ágnak utolsó ivadéka volt. Udvarháza az iktári gr. Bethlen Demeter tulajdonába került. ő volt utolsó Erdélyben, aki a liber bárói és grófi cimet egyesülten használta. A zenének is kedvelője volt. Meghalt szélhüdésben. Vele kihalt a Lázárok gyalakuti ága. Eladta a Csíki családnak a remeteszegi és a hídvégi birtokát (1814). Özvegye halála után, a gyalakuti Lázár ág birtokára a tudós gr. Lázár János két nővére: gr. L. Mária, gr. Bethlen Sámuelné, és Anna báró Korda Lászlóné leszármazottai tették kezüket. A gyalakuti, szentannai, bacai és drassai uradalmak egyik fele a gr. Lázár Mária, a másik gr. Lázár Anna örököseire szállott. <br /><strong>Irod.:</strong> Bicsok-Orbán; Krón Füz. (1936.17–18); Nagy Iván, Remeteszeg</br></p>

<p>1783. dec. 29., † 1831. júl. 12, temetve a mikházi kolostorba: földbirtokos. – L. János (1755–1800) kir. táblai ülnök és Kornis Anna fia. Felesége:báró Inczédy Zsuzsanna (esk.:1813; †1849. jan. 11.). Testvére: István, Drassón (Fehér) lakott, és rendszerint drassai Lázár Józsefnek nevezték, hogy megkülönböztessék a családnak szárhegyi ágán élő Józseftől, akit meggyesfalvi L. Józsefnek neveztek. A [&hellip;]</p>
