{"id":13796,"date":"2025-07-15T12:40:17","date_gmt":"2025-07-15T10:40:17","guid":{"rendered":"https:\/\/uj.adatbank.ro\/lexikon\/termek\/lazar-jozsef-gyergyoszarhegyi-es-gyalakuti-gr\/"},"modified":"2025-07-15T12:40:17","modified_gmt":"2025-07-15T10:40:17","slug":"lazar-jozsef-gyergyoszarhegyi-es-gyalakuti-gr","status":"publish","type":"product","link":"https:\/\/uj.adatbank.ro\/lexikon\/termek\/lazar-jozsef-gyergyoszarhegyi-es-gyalakuti-gr\/","title":{"rendered":"L\u00c1Z\u00c1R J\u00f3zsef, gyergy\u00f3sz\u00e1rhegyi \u00e9s gyalakuti gr."},"content":{"rendered":"<p>Sz\u00e1szerked, 1782. m\u00e1rc. 19., \u2020 Mv., 1865. m\u00e1rc. 13. Temetve Meggyesfalva, csal\u00e1di s\u00edrbolt: katonatiszt, a nemzet\u0151rs\u00e9g parancsnoka, k\u00f6lt\u0151, f\u00f6ldbirtokos. \u2013 L. J\u00f3zsef (\u2020 1819. okt. 16.) \u00e9s Bornemissza Roz\u00e1lia (\u2020\u00a0Sz\u00e1szerked, 1783. szept. 14.) fia. Feles\u00e9ge: p\u00e9cs\u00fajfalusi P\u00e9csy Eszter (*1812\u2013). Gyermekeik: D\u00e9nes (1816\u20131881), feles\u00e9ge gr. Rindsmaul Etelka (1838\u201388) Ad\u00e9l; Vince, Albert (*1813-?); M\u00f3r (*1817-?), feles\u00e9ge Barcsai Polix\u00e9nia; Eszter Bern\u00e1ld D\u00e9nesn\u00e9 (*1815\u2013). \u2013 Medgyesfalv\u00e1n nevelkedett, iskol\u00e1it Mv.-en kezdte \u00e9s Kv.-on folytatta, a b\u00e9csi Theresianumban (1798\u201399), a B\u00e9cs-Laimgrube-i hadm\u00e9rn\u00f6ki akad.-n tanult (1799\u20131800). A kir. t\u00e1bla \u00edrnoka (1800\u2013). Katonai p\u00e1ly\u00e1ra l\u00e9pett: a Ferenc cs\u00e1sz\u00e1r nev\u00e9t visel\u0151 vasasezredben (1802\u2013), majd a N\u00e1dor-husz\u00e1rokn\u00e1l, v\u00e9g\u00fcl a cs\u00e1sz\u00e1r-husz\u00e1rezredn\u00e9l szolg\u00e1lt. Harcolt a nap\u00f3leoni h\u00e1bor\u00fakban, az austerlitzi \u00fctk\u00f6zetben gr. W. Kolowrat alt\u00e1bornagy mellett; kapit\u00e1nyi rangban leszerelt (1815). Sz\u00e1rhegyre vonult vissza, ahov\u00e1 apja l\u00e9nyeg\u00e9ben sz\u00e1m\u0171zte, mert akarata ellen\u00e9re n\u0151s\u00fclt. Apja hal\u00e1la ut\u00e1n medgyesfalvi birtok\u00e1ra k\u00f6lt\u00f6z\u00f6tt. Marossz\u00e9ken leteleped\u00e9se ut\u00e1n a Kaszin\u00f3 alap\u00edt\u00f3tagja (1832), \u00e9s r\u00e9szt vett a politik\u00e1ban: az erd\u00e9lyi ogy.-en az ellenz\u00e9ket t\u00e1mogatta hab\u00e1r mint cs. \u00e9s k. husz\u00e1rkapit\u00e1ny, az ogy.-en kir. hivatalosk\u00e9nt vett r\u00e9szt (1834), de ellenz\u00e9ki magatart\u00e1sa miatt t\u00f6bb ogy.-re m\u00e1r nem h\u00edvt\u00e1k meg. Az agyagfalvi sz\u00e9kely gy\u0171l\u00e9sen is felsz\u00f3lalt (1848), majd \u00e1tvette a mv.-i nemzet\u0151rs\u00e9g f\u0151vez\u00e9rs\u00e9g\u00e9t (1848. \u00e1pr. 9.), amelynek parancsnoks\u00e1g\u00e1t aggkor\u00e1ra val\u00f3 hivatkoz\u00e1ssal szeptemberben G\u00e1l S\u00e1ndor sz\u00e1zadosnak adta \u00e1t. Kir. hivatalos az erd\u00e9lyi 1848. \u00e9vi utols\u00f3 rendi ogy.-en (Kv., 1848. m\u00e1j. 29.). Proklam\u00e1ci\u00f3t \u00edrt P\u00e1r sz\u00f3 a sz\u00e9kely \u00fcgyben c. K\u00e9t h\u00f3nap m\u00falva Mv.-en a v\u00e1rosi tan\u00e1cs Gedeon osztr\u00e1k t\u00e1bornoknak kezes\u00fcl adta, aki fogolyk\u00e9nt Nagyszebenbe vitette (1848. nov. 12), de amikor Bem t\u00e1bornok bevette Szebent, kiszabadult (1849. m\u00e1rc. 11). Ekkor Mo.-ra menek\u00fclt, Szatm\u00e1r vm.-ben t\u00e9ved\u00e9sb\u0151l ism\u00e9t elfogt\u00e1k (1850), \u00e9s Nagyv\u00e1radon, majd Kv.-ott r\u00f6vid ideig fogs\u00e1gban volt, majd szabadon bocs\u00e1tott\u00e1k. A sz\u00edn\u00e9szet lelkes mec\u00e9n\u00e1sa volt, K\u00e1ntorn\u00e9t utols\u00f3 \u00e9veiben t\u00e1mogatta, el\u0151bb meggyesfalvi birtok\u00e1n csal\u00e1dja k\u00f6r\u00e9ben helyezte el, majd mikor a forradalom ut\u00e1n t\u00f6nkre ment f\u0151t\u00e9ri h\u00e1z\u00e1ban (Korz\u00f3k\u00f6z) adott neki ingyen sz\u00e1ll\u00e1st hal\u00e1l\u00e1ig. \u00c9let\u00e9t versben \u00edrta meg Mi voltam c. \u2013 <strong>F. m.:<\/strong> Gyalog \u00e9s husz\u00e1r verbung dalok (Mv., 1839); Versezet (Mv., 1842); Katonadal (Mv., 1848); N\u00e9pdal (Mv., 1848); Bucs\u00fav\u00e9tele a v\u00e1rosi \u0151rsereg parancsnoks\u00e1g\u00e1t\u00f3l (Mv., 1848); P\u00e1r sz\u00f3 a sz\u00e9kely \u00fcgyben (Mv., 1848); Felsz\u00f3l\u00edt\u00e1sa szabad kir. Marosv\u00e1s\u00e1rhely vit\u00e9z polg\u00e1raihoz, szeretett bajnok t\u00e1rsaihoz (Mv., 1848). <br \/><strong>Irod.:<\/strong> Benk\u0151 K.: Mv.; Dragomir, Ion: Studii \u015fi documente (Buc., 1944); Egyed:\u00c1.: Erd\u00e9ly 1848.ogy.; Gudenus; Gy\u00e1szjelent\u0151; Gy\u00f6rgy: A ferencrendiek; Id\u0151t\u00e1r 2; Koncz J\u00f3zsef; Kr\u00f3n. F\u00fcz. (1939. 4\/6); L\u00e1z\u00e1r Mikl\u00f3s: A gr\u00f3f L. csal\u00e1d (Kv., 1858); L\u00e1z\u00e1r csal\u00e1d<\/br><\/p>\n","protected":false},"excerpt":{"rendered":"<p>Sz\u00e1szerked, 1782. m\u00e1rc. 19., \u2020 Mv., 1865. m\u00e1rc. 13. Temetve Meggyesfalva, csal\u00e1di s\u00edrbolt: katonatiszt, a nemzet\u0151rs\u00e9g parancsnoka, k\u00f6lt\u0151, f\u00f6ldbirtokos. \u2013 L. J\u00f3zsef (\u2020 1819. okt. 16.) \u00e9s Bornemissza Roz\u00e1lia (\u2020\u00a0Sz\u00e1szerked, 1783. szept. 14.) fia. Feles\u00e9ge: p\u00e9cs\u00fajfalusi P\u00e9csy Eszter (*1812\u2013). Gyermekeik: D\u00e9nes (1816\u20131881), feles\u00e9ge gr. Rindsmaul Etelka (1838\u201388) Ad\u00e9l; Vince, Albert (*1813-?); M\u00f3r (*1817-?), feles\u00e9ge Barcsai [&hellip;]<\/p>\n","protected":false},"featured_media":0,"comment_status":"open","ping_status":"closed","template":"","meta":[],"product_brand":[],"product_cat":[137],"product_tag":[],"class_list":{"0":"post-13796","1":"product","2":"type-product","3":"status-publish","5":"product_cat-maros-megyei-eletrajzi-lexikon","7":"first","8":"instock","9":"shipping-taxable","10":"product-type-simple"},"_links":{"self":[{"href":"https:\/\/uj.adatbank.ro\/lexikon\/wp-json\/wp\/v2\/product\/13796","targetHints":{"allow":["GET"]}}],"collection":[{"href":"https:\/\/uj.adatbank.ro\/lexikon\/wp-json\/wp\/v2\/product"}],"about":[{"href":"https:\/\/uj.adatbank.ro\/lexikon\/wp-json\/wp\/v2\/types\/product"}],"replies":[{"embeddable":true,"href":"https:\/\/uj.adatbank.ro\/lexikon\/wp-json\/wp\/v2\/comments?post=13796"}],"wp:attachment":[{"href":"https:\/\/uj.adatbank.ro\/lexikon\/wp-json\/wp\/v2\/media?parent=13796"}],"wp:term":[{"taxonomy":"product_brand","embeddable":true,"href":"https:\/\/uj.adatbank.ro\/lexikon\/wp-json\/wp\/v2\/product_brand?post=13796"},{"taxonomy":"product_cat","embeddable":true,"href":"https:\/\/uj.adatbank.ro\/lexikon\/wp-json\/wp\/v2\/product_cat?post=13796"},{"taxonomy":"product_tag","embeddable":true,"href":"https:\/\/uj.adatbank.ro\/lexikon\/wp-json\/wp\/v2\/product_tag?post=13796"}],"curies":[{"name":"wp","href":"https:\/\/api.w.org\/{rel}","templated":true}]}}

LÁZÁR József, gyergyószárhegyi és gyalakuti gr.

<p>Szászerked, 1782. márc. 19., † Mv., 1865. márc. 13. Temetve Meggyesfalva, családi sírbolt: katonatiszt, a nemzetőrség parancsnoka, költő, földbirtokos. – L. József († 1819. okt. 16.) és Bornemissza Rozália († Szászerked, 1783. szept. 14.) fia. Felesége: pécsújfalusi Pécsy Eszter (*1812–). Gyermekeik: Dénes (1816–1881), felesége gr. Rindsmaul Etelka (1838–88) Adél; Vince, Albert (*1813-?); Mór (*1817-?), felesége Barcsai Polixénia; Eszter Bernáld Dénesné (*1815–). – Medgyesfalván nevelkedett, iskoláit Mv.-en kezdte és Kv.-on folytatta, a bécsi Theresianumban (1798–99), a Bécs-Laimgrube-i hadmérnöki akad.-n tanult (1799–1800). A kir. tábla írnoka (1800–). Katonai pályára lépett: a Ferenc császár nevét viselő vasasezredben (1802–), majd a Nádor-huszároknál, végül a császár-huszárezrednél szolgált. Harcolt a napóleoni háborúkban, az austerlitzi ütközetben gr. W. Kolowrat altábornagy mellett; kapitányi rangban leszerelt (1815). Szárhegyre vonult vissza, ahová apja lényegében száműzte, mert akarata ellenére nősült. Apja halála után medgyesfalvi birtokára költözött. Marosszéken letelepedése után a Kaszinó alapítótagja (1832), és részt vett a politikában: az erdélyi ogy.-en az ellenzéket támogatta habár mint cs. és k. huszárkapitány, az ogy.-en kir. hivatalosként vett részt (1834), de ellenzéki magatartása miatt több ogy.-re már nem hívták meg. Az agyagfalvi székely gyűlésen is felszólalt (1848), majd átvette a mv.-i nemzetőrség fővezérségét (1848. ápr. 9.), amelynek parancsnokságát aggkorára való hivatkozással szeptemberben Gál Sándor századosnak adta át. Kir. hivatalos az erdélyi 1848. évi utolsó rendi ogy.-en (Kv., 1848. máj. 29.). Proklamációt írt Pár szó a székely ügyben c. Két hónap múlva Mv.-en a városi tanács Gedeon osztrák tábornoknak kezesül adta, aki fogolyként Nagyszebenbe vitette (1848. nov. 12), de amikor Bem tábornok bevette Szebent, kiszabadult (1849. márc. 11). Ekkor Mo.-ra menekült, Szatmár vm.-ben tévedésből ismét elfogták (1850), és Nagyváradon, majd Kv.-ott rövid ideig fogságban volt, majd szabadon bocsátották. A színészet lelkes mecénása volt, Kántornét utolsó éveiben támogatta, előbb meggyesfalvi birtokán családja körében helyezte el, majd mikor a forradalom után tönkre ment főtéri házában (Korzóköz) adott neki ingyen szállást haláláig. Életét versben írta meg Mi voltam c. – <strong>F. m.:</strong> Gyalog és huszár verbung dalok (Mv., 1839); Versezet (Mv., 1842); Katonadal (Mv., 1848); Népdal (Mv., 1848); Bucsúvétele a városi őrsereg parancsnokságától (Mv., 1848); Pár szó a székely ügyben (Mv., 1848); Felszólítása szabad kir. Marosvásárhely vitéz polgáraihoz, szeretett bajnok társaihoz (Mv., 1848). <br /><strong>Irod.:</strong> Benkő K.: Mv.; Dragomir, Ion: Studii şi documente (Buc., 1944); Egyed:Á.: Erdély 1848.ogy.; Gudenus; Gyászjelentő; György: A ferencrendiek; Időtár 2; Koncz József; Krón. Füz. (1939. 4/6); Lázár Miklós: A gróf L. család (Kv., 1858); Lázár család</br></p>

<p>Szászerked, 1782. márc. 19., † Mv., 1865. márc. 13. Temetve Meggyesfalva, családi sírbolt: katonatiszt, a nemzetőrség parancsnoka, költő, földbirtokos. – L. József († 1819. okt. 16.) és Bornemissza Rozália († Szászerked, 1783. szept. 14.) fia. Felesége: pécsújfalusi Pécsy Eszter (*1812–). Gyermekeik: Dénes (1816–1881), felesége gr. Rindsmaul Etelka (1838–88) Adél; Vince, Albert (*1813-?); Mór (*1817-?), felesége Barcsai [&hellip;]</p>
