{"id":13798,"date":"2025-07-15T12:40:20","date_gmt":"2025-07-15T10:40:20","guid":{"rendered":"https:\/\/uj.adatbank.ro\/lexikon\/termek\/lazar-jozsef-szarhegyi-gr-2\/"},"modified":"2025-07-15T12:40:20","modified_gmt":"2025-07-15T10:40:20","slug":"lazar-jozsef-szarhegyi-gr-2","status":"publish","type":"product","link":"https:\/\/uj.adatbank.ro\/lexikon\/termek\/lazar-jozsef-szarhegyi-gr-2\/","title":{"rendered":"L\u00c1Z\u00c1R J\u00f3zsef, sz\u00e1rhegyi gr."},"content":{"rendered":"<p>? \u2020\u00a0?: szolgab\u00edr\u00f3, f\u00f6ldbirtokos. \u2013 Mv.-en szolgab\u00edr\u00f3 (1800), cs. k. kamar\u00e1s. H\u00e1za a F\u0151t\u00e9ren a Kir. T\u00e1bla m\u00e1sodik sz\u00e9kh\u00e1za mellett volt (1815). B\u00e1rdoson volt birtoka \u00e9s jobb\u00e1gya (1820). Mv. v\u00e1ros h\u00fasz \u00e9vre z\u00e1logba vette b\u00e1rdosi birtok\u00e1t (1824), majd a v\u00e1ros b\u00e9rbe adta neki hat \u00e9vre (1837). gyakorlatilag a v\u00e1ros a telep\u00fcl\u00e9s ura lett (\u20131848). <br \/><strong>Irod.:<\/strong> Id\u0151t\u00e1r 1; Orb\u00e1n J\u00e1nos: A Kir\u00e1lyi T\u00e1bla els\u0151 k\u00e9t mv.-i sz\u00e9kh\u00e1za = St\u00edlusok, m\u0171vek, mesterek; P\u00e1l-Antal 2009 (benne : L. J.: Mi voltam c. verses \u00f6n\u00e9letrajza), Nagy Iv\u00e1n; P\u00e1lmay; Szab\u00f3\u2013Sz\u00f6gi; Szinnyei; \u00daM\u00c9L; \u00daMIL<\/br><\/p>\n","protected":false},"excerpt":{"rendered":"<p>? \u2020\u00a0?: szolgab\u00edr\u00f3, f\u00f6ldbirtokos. \u2013 Mv.-en szolgab\u00edr\u00f3 (1800), cs. k. kamar\u00e1s. H\u00e1za a F\u0151t\u00e9ren a Kir. T\u00e1bla m\u00e1sodik sz\u00e9kh\u00e1za mellett volt (1815). B\u00e1rdoson volt birtoka \u00e9s jobb\u00e1gya (1820). Mv. v\u00e1ros h\u00fasz \u00e9vre z\u00e1logba vette b\u00e1rdosi birtok\u00e1t (1824), majd a v\u00e1ros b\u00e9rbe adta neki hat \u00e9vre (1837). gyakorlatilag a v\u00e1ros a telep\u00fcl\u00e9s ura lett (\u20131848). Irod.: [&hellip;]<\/p>\n","protected":false},"featured_media":0,"comment_status":"open","ping_status":"closed","template":"","meta":[],"product_brand":[],"product_cat":[137],"product_tag":[],"class_list":{"0":"post-13798","1":"product","2":"type-product","3":"status-publish","5":"product_cat-maros-megyei-eletrajzi-lexikon","7":"first","8":"instock","9":"shipping-taxable","10":"product-type-simple"},"_links":{"self":[{"href":"https:\/\/uj.adatbank.ro\/lexikon\/wp-json\/wp\/v2\/product\/13798","targetHints":{"allow":["GET"]}}],"collection":[{"href":"https:\/\/uj.adatbank.ro\/lexikon\/wp-json\/wp\/v2\/product"}],"about":[{"href":"https:\/\/uj.adatbank.ro\/lexikon\/wp-json\/wp\/v2\/types\/product"}],"replies":[{"embeddable":true,"href":"https:\/\/uj.adatbank.ro\/lexikon\/wp-json\/wp\/v2\/comments?post=13798"}],"wp:attachment":[{"href":"https:\/\/uj.adatbank.ro\/lexikon\/wp-json\/wp\/v2\/media?parent=13798"}],"wp:term":[{"taxonomy":"product_brand","embeddable":true,"href":"https:\/\/uj.adatbank.ro\/lexikon\/wp-json\/wp\/v2\/product_brand?post=13798"},{"taxonomy":"product_cat","embeddable":true,"href":"https:\/\/uj.adatbank.ro\/lexikon\/wp-json\/wp\/v2\/product_cat?post=13798"},{"taxonomy":"product_tag","embeddable":true,"href":"https:\/\/uj.adatbank.ro\/lexikon\/wp-json\/wp\/v2\/product_tag?post=13798"}],"curies":[{"name":"wp","href":"https:\/\/api.w.org\/{rel}","templated":true}]}}

LÁZÁR József, szárhegyi gr.

<p>? † ?: szolgabíró, földbirtokos. – Mv.-en szolgabíró (1800), cs. k. kamarás. Háza a Főtéren a Kir. Tábla második székháza mellett volt (1815). Bárdoson volt birtoka és jobbágya (1820). Mv. város húsz évre zálogba vette bárdosi birtokát (1824), majd a város bérbe adta neki hat évre (1837). gyakorlatilag a város a település ura lett (–1848). <br /><strong>Irod.:</strong> Időtár 1; Orbán János: A Királyi Tábla első két mv.-i székháza = Stílusok, művek, mesterek; Pál-Antal 2009 (benne : L. J.: Mi voltam c. verses önéletrajza), Nagy Iván; Pálmay; Szabó–Szögi; Szinnyei; ÚMÉL; ÚMIL</br></p>

<p>? † ?: szolgabíró, földbirtokos. – Mv.-en szolgabíró (1800), cs. k. kamarás. Háza a Főtéren a Kir. Tábla második székháza mellett volt (1815). Bárdoson volt birtoka és jobbágya (1820). Mv. város húsz évre zálogba vette bárdosi birtokát (1824), majd a város bérbe adta neki hat évre (1837). gyakorlatilag a város a település ura lett (–1848). Irod.: [&hellip;]</p>
