{"id":13800,"date":"2025-07-15T12:40:24","date_gmt":"2025-07-15T10:40:24","guid":{"rendered":"https:\/\/uj.adatbank.ro\/lexikon\/termek\/lazar-judit-csikszenttamasi-alsocsernatoni-damokos-isvanne\/"},"modified":"2025-07-15T12:40:24","modified_gmt":"2025-07-15T10:40:24","slug":"lazar-judit-csikszenttamasi-alsocsernatoni-damokos-isvanne","status":"publish","type":"product","link":"https:\/\/uj.adatbank.ro\/lexikon\/termek\/lazar-judit-csikszenttamasi-alsocsernatoni-damokos-isvanne\/","title":{"rendered":"L\u00c1Z\u00c1R Judit, cs\u00edkszenttam\u00e1si, als\u00f3csern\u00e1toni Damokos Isv\u00e1nn\u00e9"},"content":{"rendered":"<p>? \u2020 ?: cs\u00edkszenttam\u00e1si birtokos. \u2013 Farkas \u00e9s mez\u0151madarasi Bern\u00e1ld Kl\u00e1ra le\u00e1nya. F\u00e9rje: als\u00f3csern\u00e1toni Damokos Istv\u00e1n. Gyermekei: Katalin K\u00e1noki Mih\u00e1lyn\u00e9, Borka, Margit Ozdi Mikl\u00f3sn\u00e9, Judit Fekete Ferencn\u00e9, P\u00e1l, Tam\u00e1s cs\u00edki f\u0151kir\u00e1lyb\u00edr\u00f3. V\u00e9grendelet\u00e9ben (Cs\u00edkszenttam\u00e1s, 1639. m\u00e1rc. 9.) meghagyta, hogy a Galambodon, Mez\u0151madarason, Mez\u0151s\u00e1msondon, Mez\u0151k\u00f6vesden l\u00e9v\u0151 \u0151si \u00f6r\u00f6ks\u00e9g\u00e9t \u00e9s h\u00e1rom falut Mez\u0151pagocs\u00e1t, Mez\u0151dombot \u00e9s Mez\u0151m\u00e9nest, az udvarh\u00e1zakhoz j\u00e1r\u00f3 malmokat a f\u00e9rje, fiai \u00e9s le\u00e1nyai \u00f6r\u00f6k\u00f6lj\u00e9k. <br \/><strong>Irod.:<\/strong> Erd\u00e9lyi testamentumok 1.; P\u00e1l-Antal 2009; P\u00e1lmay<\/br><\/p>\n","protected":false},"excerpt":{"rendered":"<p>? \u2020 ?: cs\u00edkszenttam\u00e1si birtokos. \u2013 Farkas \u00e9s mez\u0151madarasi Bern\u00e1ld Kl\u00e1ra le\u00e1nya. F\u00e9rje: als\u00f3csern\u00e1toni Damokos Istv\u00e1n. Gyermekei: Katalin K\u00e1noki Mih\u00e1lyn\u00e9, Borka, Margit Ozdi Mikl\u00f3sn\u00e9, Judit Fekete Ferencn\u00e9, P\u00e1l, Tam\u00e1s cs\u00edki f\u0151kir\u00e1lyb\u00edr\u00f3. V\u00e9grendelet\u00e9ben (Cs\u00edkszenttam\u00e1s, 1639. m\u00e1rc. 9.) meghagyta, hogy a Galambodon, Mez\u0151madarason, Mez\u0151s\u00e1msondon, Mez\u0151k\u00f6vesden l\u00e9v\u0151 \u0151si \u00f6r\u00f6ks\u00e9g\u00e9t \u00e9s h\u00e1rom falut Mez\u0151pagocs\u00e1t, Mez\u0151dombot \u00e9s Mez\u0151m\u00e9nest, az udvarh\u00e1zakhoz [&hellip;]<\/p>\n","protected":false},"featured_media":0,"comment_status":"open","ping_status":"closed","template":"","meta":[],"product_brand":[],"product_cat":[137],"product_tag":[],"class_list":{"0":"post-13800","1":"product","2":"type-product","3":"status-publish","5":"product_cat-maros-megyei-eletrajzi-lexikon","7":"first","8":"instock","9":"shipping-taxable","10":"product-type-simple"},"_links":{"self":[{"href":"https:\/\/uj.adatbank.ro\/lexikon\/wp-json\/wp\/v2\/product\/13800","targetHints":{"allow":["GET"]}}],"collection":[{"href":"https:\/\/uj.adatbank.ro\/lexikon\/wp-json\/wp\/v2\/product"}],"about":[{"href":"https:\/\/uj.adatbank.ro\/lexikon\/wp-json\/wp\/v2\/types\/product"}],"replies":[{"embeddable":true,"href":"https:\/\/uj.adatbank.ro\/lexikon\/wp-json\/wp\/v2\/comments?post=13800"}],"wp:attachment":[{"href":"https:\/\/uj.adatbank.ro\/lexikon\/wp-json\/wp\/v2\/media?parent=13800"}],"wp:term":[{"taxonomy":"product_brand","embeddable":true,"href":"https:\/\/uj.adatbank.ro\/lexikon\/wp-json\/wp\/v2\/product_brand?post=13800"},{"taxonomy":"product_cat","embeddable":true,"href":"https:\/\/uj.adatbank.ro\/lexikon\/wp-json\/wp\/v2\/product_cat?post=13800"},{"taxonomy":"product_tag","embeddable":true,"href":"https:\/\/uj.adatbank.ro\/lexikon\/wp-json\/wp\/v2\/product_tag?post=13800"}],"curies":[{"name":"wp","href":"https:\/\/api.w.org\/{rel}","templated":true}]}}

LÁZÁR Judit, csíkszenttamási, alsócsernátoni Damokos Isvánné

<p>? † ?: csíkszenttamási birtokos. – Farkas és mezőmadarasi Bernáld Klára leánya. Férje: alsócsernátoni Damokos István. Gyermekei: Katalin Kánoki Mihályné, Borka, Margit Ozdi Miklósné, Judit Fekete Ferencné, Pál, Tamás csíki főkirálybíró. Végrendeletében (Csíkszenttamás, 1639. márc. 9.) meghagyta, hogy a Galambodon, Mezőmadarason, Mezősámsondon, Mezőkövesden lévő ősi örökségét és három falut Mezőpagocsát, Meződombot és Mezőménest, az udvarházakhoz járó malmokat a férje, fiai és leányai örököljék. <br /><strong>Irod.:</strong> Erdélyi testamentumok 1.; Pál-Antal 2009; Pálmay</br></p>

<p>? † ?: csíkszenttamási birtokos. – Farkas és mezőmadarasi Bernáld Klára leánya. Férje: alsócsernátoni Damokos István. Gyermekei: Katalin Kánoki Mihályné, Borka, Margit Ozdi Miklósné, Judit Fekete Ferencné, Pál, Tamás csíki főkirálybíró. Végrendeletében (Csíkszenttamás, 1639. márc. 9.) meghagyta, hogy a Galambodon, Mezőmadarason, Mezősámsondon, Mezőkövesden lévő ősi örökségét és három falut Mezőpagocsát, Meződombot és Mezőménest, az udvarházakhoz [&hellip;]</p>
