{"id":13802,"date":"2025-07-15T12:40:27","date_gmt":"2025-07-15T10:40:27","guid":{"rendered":"https:\/\/uj.adatbank.ro\/lexikon\/termek\/lazar-kalman-gyergyoszarhegyi-es-gyalakuti-gr\/"},"modified":"2025-07-15T12:40:27","modified_gmt":"2025-07-15T10:40:27","slug":"lazar-kalman-gyergyoszarhegyi-es-gyalakuti-gr","status":"publish","type":"product","link":"https:\/\/uj.adatbank.ro\/lexikon\/termek\/lazar-kalman-gyergyoszarhegyi-es-gyalakuti-gr\/","title":{"rendered":"L\u00c1Z\u00c1R K\u00e1lm\u00e1n, gyergy\u00f3sz\u00e1rhegyi \u00e9s gyalakuti gr."},"content":{"rendered":"<p>Bencenc, 1827. m\u00e1j. 27, \u2020\u00a0Erzs\u00e9betv\u00e1ros, 1874. febr. 24., nyughelye Kelementelk\u00e9n a kis temet\u0151k\u00e1poln\u00e1ban: ornitol\u00f3gus, \u00edr\u00f3, publicista.- L. Benedek Als\u00f3-Feh\u00e9r megye f\u0151isp\u00e1nja (1783\u20131837) \u00e9s gr. Bethlen M\u00e1ria keresztesh\u00f6lgy (1789\u20131861) fia. Feles\u00e9ge s\u00e1rdi Sim\u00e9n Am\u00e1lia (Kelementelke, 1835 \u2013 Mv., 1907. m\u00e1rc. 28. temetve Kelementelk\u00e9n). Esk\u00fcv\u0151: 1852. okt. 18. Gyermekeik: Berta (?-Mv., 1940), Gizella gr. Haller B\u00e9l\u00e1n\u00e9, K\u00e1lm\u00e1n, \u00c1rp\u00e1d, Mikl\u00f3s, R\u00f3za (Mv., 1863. jan. 2. \u2020 Munk\u00e1cs, 1941. dec. 19.), Istv\u00e1n (1864\u20131920), Maros-Torda vm. f\u0151isp\u00e1nja. \u2013 Nagyon \u00f3vt\u00e1k, ez\u00e9rt otthon tan\u00edtatt\u00e1k, Nagyenyeden v\u00e9gezte a k\u00f6z\u00e9piskol\u00e1t, majd a kv.-i piarist\u00e1kn\u00e1l a Szent J\u00f3zsef Fi\u00faneveld\u00e9ben jogi tanulm\u00e1nyokat folytatott (1846\u201348). \u00d6nk\u00e9ntesk\u00e9nt csatlakozott forradalomhoz (1848, szept) El\u0151bb k\u00f6zkatona, azt\u00e1n f\u0151hadnagy, sz\u00e1zados, vez\u00e9rkari seg\u00e9dtiszt Henryk Dembinski sereg\u00e9ben, akivel a forradalom lever\u00e9se ut\u00e1n T\u00f6r\u00f6ko.-ba menek\u00fclt. Vidinben t\u00f6lt\u00f6tt k\u00e9t h\u00f3napot, ennek t\u00f6rt\u00e9net\u00e9t meg is \u00edrta (1850). Hazat\u00e9rte ut\u00e1n birtok\u00e1n gazd\u00e1lkodott (1849 okt\u2013). Letart\u00f3ztatt\u00e9k \u00e9s a gyulafeh\u00e9rv\u00e1ri b\u00f6rt\u00f6nben volt n\u00e9h\u00e1ny h\u00f3napot (1850) Gyakran utazott, ornitol\u00f3giai \u00e9s zool\u00f3giai tanulm\u00e1nyutakon j\u00e1rt Eur\u00f3pa-szerte, illetve vad\u00e1szszenved\u00e9ly\u00e9nek h\u00f3dolt. A korm\u00e1nyz\u00f3 De\u00e1k-p\u00e1rt sz\u00edneiben a h\u00e1tszegi v\u00e1laszt\u00f3ker\u00fclet orsz\u00e1ggy\u0171l\u00e9si k\u00e9pvisel\u0151je vol (1862\u201372) Fels\u0151-Feh\u00e9r v\u00e1rmegye \u00e1rvasz\u00e9ki eln\u00f6k\u00e9v\u00e9 v\u00e1lasztott\u00e1k (1872), \u00edgy Erzs\u00e9betv\u00e1roson telepedett le \u00e9s ott \u00e9lt hal\u00e1l\u00e1ig. Els\u0151 \u00edr\u00e1sait, novell\u00e1it m\u00e1r di\u00e1kkor\u00e1ban k\u00f6z\u00f6lte a Pesti Divatlap, a Honder\u0171, a Budapesti Divatlap, a Haz\u00e1nk, a H\u00f6lgyfut\u00e1r \u00e9s az \u00c9letk\u00e9pek. J\u00f3kai M\u00f3r \u00e9s K\u0151v\u00e1ri L\u00e1szl\u00f3 megl\u00e1togatta \u0151ket bencenci birtok\u00e1n, majd elk\u00eds\u00e9rt\u00e9k J\u00f3kait a sz\u00e9kelyf\u00f6ldi k\u00f6r\u00fatj\u00e1n: Kelementelk\u00e9n (1853. m\u00e1j. 17\u201320). Tudom\u00e1nyos eredm\u00e9nyei: \u00f6ssze\u00e1ll\u00edtotta az Erd\u00e9lyben honos madarak list\u00e1j\u00e1t, m. \u00e9s n\u00e9met nyelv\u0171 tanulm\u00e1nyait, cikkeit szaklapok k\u00f6zlik. Levelezett Alfred Brehmmel is. A pesti \u00e1llatkert tisztvisel\u0151je (1866). A h\u00e1tszegi v\u00e1laszt\u00f3ker\u00fclet ogy.-i k\u00e9pvisel\u0151je (1869\u201372). Erzs\u00e9betv\u00e1rosban a Fels\u0151-Feh\u00e9r vm. \u00e1rvasz\u00e9ki eln\u00f6ke hal\u00e1l\u00e1ig (1872\u201374). Akad.-i sz\u00e9kfoglal\u00f3j\u00e1t Mo. mad\u00e1rvil\u00e1g\u00e1r\u00f3l tartotta (1867), a cs\u00e1sz\u00e1ri Leopold K\u00e1roly Term\u00e9szettudom\u00e1nyi Akad. tagja, a b\u00e9csi Zoologiai T\u00e1rsas\u00e1g levelez\u0151 tagja, az EME term\u00e9szettudom\u00e1nyi szakoszt\u00e1ly\u00e1nak alap\u00edt\u00f3 tagja. \u2013 <strong>F. m.:<\/strong> Magyar menekv\u0151k t\u00f6r\u00f6k f\u00f6ld\u00f6n (Kv., 1850); L\u00e9g urai: K\u00e9pek a mad\u00e1rvil\u00e1gb\u00f3l I-IV k. (Pest, 1864\u201366); A pesti \u00e1llatkert ismertet\u00e9se egy szak\u00e9rt\u0151t\u0151l (n\u00e9v n\u00e9lk\u00fcl; Pest, 1866); K\u00f6r\u00fat az \u00e1llatkertben (Pest, 1867); K\u00e1rt\u00e9kony \u00e1llataink; Az eur\u00f3pai t\u00f6rpe sasokr\u00f3l = M. orvosok \u00e9s term\u00e9szetvizsg\u00e1l\u00f3k 1865. aug. 28.-szept. 2. (Pozsony, 1866). Szerk: Term\u00e9szerbar\u00e1tok \u00e9s vad\u00e1szok \u00e9vk\u00f6nyve (Pest, 1887) <br \/><strong>Irod.:<\/strong> Gudenus; G\u00e1szjelent\u0151 L. Bert\u00e1\u00e9; J\u00f3zsa Andr\u00e1s: L. K. ornitol\u00f3gus, \u00e1llatkert\u00e9sz (N\u00fa., Sz\u00ednes Vil\u00e1g, 2014. j\u00fal. 4,); P\u00e1lmay; Rugonfalvi Kiss; Szinnyei; \u00daM\u00c9L; Vofkori: Utaz\u00e1sok Sz\u00e9kelyf\u00f6ld\u00f6n (Cs\u00edkszereda, 2014)<\/br><\/p>\n","protected":false},"excerpt":{"rendered":"<p>Bencenc, 1827. m\u00e1j. 27, \u2020\u00a0Erzs\u00e9betv\u00e1ros, 1874. febr. 24., nyughelye Kelementelk\u00e9n a kis temet\u0151k\u00e1poln\u00e1ban: ornitol\u00f3gus, \u00edr\u00f3, publicista.- L. Benedek Als\u00f3-Feh\u00e9r megye f\u0151isp\u00e1nja (1783\u20131837) \u00e9s gr. Bethlen M\u00e1ria keresztesh\u00f6lgy (1789\u20131861) fia. Feles\u00e9ge s\u00e1rdi Sim\u00e9n Am\u00e1lia (Kelementelke, 1835 \u2013 Mv., 1907. m\u00e1rc. 28. temetve Kelementelk\u00e9n). Esk\u00fcv\u0151: 1852. okt. 18. Gyermekeik: Berta (?-Mv., 1940), Gizella gr. Haller B\u00e9l\u00e1n\u00e9, K\u00e1lm\u00e1n, [&hellip;]<\/p>\n","protected":false},"featured_media":0,"comment_status":"open","ping_status":"closed","template":"","meta":[],"product_brand":[],"product_cat":[137],"product_tag":[],"class_list":{"0":"post-13802","1":"product","2":"type-product","3":"status-publish","5":"product_cat-maros-megyei-eletrajzi-lexikon","7":"first","8":"instock","9":"shipping-taxable","10":"product-type-simple"},"_links":{"self":[{"href":"https:\/\/uj.adatbank.ro\/lexikon\/wp-json\/wp\/v2\/product\/13802","targetHints":{"allow":["GET"]}}],"collection":[{"href":"https:\/\/uj.adatbank.ro\/lexikon\/wp-json\/wp\/v2\/product"}],"about":[{"href":"https:\/\/uj.adatbank.ro\/lexikon\/wp-json\/wp\/v2\/types\/product"}],"replies":[{"embeddable":true,"href":"https:\/\/uj.adatbank.ro\/lexikon\/wp-json\/wp\/v2\/comments?post=13802"}],"wp:attachment":[{"href":"https:\/\/uj.adatbank.ro\/lexikon\/wp-json\/wp\/v2\/media?parent=13802"}],"wp:term":[{"taxonomy":"product_brand","embeddable":true,"href":"https:\/\/uj.adatbank.ro\/lexikon\/wp-json\/wp\/v2\/product_brand?post=13802"},{"taxonomy":"product_cat","embeddable":true,"href":"https:\/\/uj.adatbank.ro\/lexikon\/wp-json\/wp\/v2\/product_cat?post=13802"},{"taxonomy":"product_tag","embeddable":true,"href":"https:\/\/uj.adatbank.ro\/lexikon\/wp-json\/wp\/v2\/product_tag?post=13802"}],"curies":[{"name":"wp","href":"https:\/\/api.w.org\/{rel}","templated":true}]}}

LÁZÁR Kálmán, gyergyószárhegyi és gyalakuti gr.

<p>Bencenc, 1827. máj. 27, † Erzsébetváros, 1874. febr. 24., nyughelye Kelementelkén a kis temetőkápolnában: ornitológus, író, publicista.- L. Benedek Alsó-Fehér megye főispánja (1783–1837) és gr. Bethlen Mária kereszteshölgy (1789–1861) fia. Felesége sárdi Simén Amália (Kelementelke, 1835 – Mv., 1907. márc. 28. temetve Kelementelkén). Esküvő: 1852. okt. 18. Gyermekeik: Berta (?-Mv., 1940), Gizella gr. Haller Béláné, Kálmán, Árpád, Miklós, Róza (Mv., 1863. jan. 2. † Munkács, 1941. dec. 19.), István (1864–1920), Maros-Torda vm. főispánja. – Nagyon óvták, ezért otthon tanítatták, Nagyenyeden végezte a középiskolát, majd a kv.-i piaristáknál a Szent József Fiúneveldében jogi tanulmányokat folytatott (1846–48). Önkéntesként csatlakozott forradalomhoz (1848, szept) Előbb közkatona, aztán főhadnagy, százados, vezérkari segédtiszt Henryk Dembinski seregében, akivel a forradalom leverése után Töröko.-ba menekült. Vidinben töltött két hónapot, ennek történetét meg is írta (1850). Hazatérte után birtokán gazdálkodott (1849 okt–). Letartóztatték és a gyulafehérvári börtönben volt néhány hónapot (1850) Gyakran utazott, ornitológiai és zoológiai tanulmányutakon járt Európa-szerte, illetve vadászszenvedélyének hódolt. A kormányzó Deák-párt színeiben a hátszegi választókerület országgyűlési képviselője vol (1862–72) Felső-Fehér vármegye árvaszéki elnökévé választották (1872), így Erzsébetvároson telepedett le és ott élt haláláig. Első írásait, novelláit már diákkorában közölte a Pesti Divatlap, a Honderű, a Budapesti Divatlap, a Hazánk, a Hölgyfutár és az Életképek. Jókai Mór és Kővári László meglátogatta őket bencenci birtokán, majd elkísérték Jókait a székelyföldi körútján: Kelementelkén (1853. máj. 17–20). Tudományos eredményei: összeállította az Erdélyben honos madarak listáját, m. és német nyelvű tanulmányait, cikkeit szaklapok közlik. Levelezett Alfred Brehmmel is. A pesti állatkert tisztviselője (1866). A hátszegi választókerület ogy.-i képviselője (1869–72). Erzsébetvárosban a Felső-Fehér vm. árvaszéki elnöke haláláig (1872–74). Akad.-i székfoglalóját Mo. madárvilágáról tartotta (1867), a császári Leopold Károly Természettudományi Akad. tagja, a bécsi Zoologiai Társaság levelező tagja, az EME természettudományi szakosztályának alapító tagja. – <strong>F. m.:</strong> Magyar menekvők török földön (Kv., 1850); Lég urai: Képek a madárvilágból I-IV k. (Pest, 1864–66); A pesti állatkert ismertetése egy szakértőtől (név nélkül; Pest, 1866); Körút az állatkertben (Pest, 1867); Kártékony állataink; Az európai törpe sasokról = M. orvosok és természetvizsgálók 1865. aug. 28.-szept. 2. (Pozsony, 1866). Szerk: Természerbarátok és vadászok évkönyve (Pest, 1887) <br /><strong>Irod.:</strong> Gudenus; Gászjelentő L. Bertáé; Józsa András: L. K. ornitológus, állatkertész (Nú., Színes Világ, 2014. júl. 4,); Pálmay; Rugonfalvi Kiss; Szinnyei; ÚMÉL; Vofkori: Utazások Székelyföldön (Csíkszereda, 2014)</br></p>

<p>Bencenc, 1827. máj. 27, † Erzsébetváros, 1874. febr. 24., nyughelye Kelementelkén a kis temetőkápolnában: ornitológus, író, publicista.- L. Benedek Alsó-Fehér megye főispánja (1783–1837) és gr. Bethlen Mária kereszteshölgy (1789–1861) fia. Felesége sárdi Simén Amália (Kelementelke, 1835 – Mv., 1907. márc. 28. temetve Kelementelkén). Esküvő: 1852. okt. 18. Gyermekeik: Berta (?-Mv., 1940), Gizella gr. Haller Béláné, Kálmán, [&hellip;]</p>
