{"id":13803,"date":"2025-07-15T12:40:28","date_gmt":"2025-07-15T10:40:28","guid":{"rendered":"https:\/\/uj.adatbank.ro\/lexikon\/termek\/lazar-katerina-gyalakuti\/"},"modified":"2025-07-15T12:40:28","modified_gmt":"2025-07-15T10:40:28","slug":"lazar-katerina-gyalakuti","status":"publish","type":"product","link":"https:\/\/uj.adatbank.ro\/lexikon\/termek\/lazar-katerina-gyalakuti\/","title":{"rendered":"L\u00c1Z\u00c1R Katerina, gyalakuti"},"content":{"rendered":"<p>? \u2020\u00a0?: klarissza ap\u00e1ca. \u2013 A gyulakuti L\u00e1z\u00e1r csal\u00e1d gyermeke, a mv.-i z\u00e1rda tagja volt. Az \u0151 sz\u00e1m\u00e1ra k\u00e9sz\u00fclt szent olvasm\u00e1nyk\u00e9nt a L\u00e1z\u00e1r Zelma k\u00f3dex, m. im\u00e1ds\u00e1gos k\u00f6nyv (1525-b\u0151l), amit a kolostor tagjai m\u00e1soltak Mv.-en. A k\u00f3dex ap\u00e1c\u00e1k sz\u00e1m\u00e1ra k\u00e9sz\u00fclt, im\u00e1ds\u00e1gok, legend\u00e1k, p\u00e9ld\u00e1k \u00e9s elm\u00e9lked\u00e9sek gy\u0171jtem\u00e9nye. nev\u00e9t L\u00e1z\u00e1r Zelm\u00e1r\u00f3l kapta, aki a MTA-nak aj\u00e1nd\u00e9kozta (1896), ahol ma is \u0151rzik. M. nyelven el\u0151sz\u00f6r a Nyelveml\u00e9kt\u00e1r 15. k\u00f6t. 1908-ban jelent meg. <br \/><strong>Irod.:<\/strong> Kr\u00f3nik\u00e1s F\u00fczetek, 1937. 2\/6.<\/br><\/p>\n","protected":false},"excerpt":{"rendered":"<p>? \u2020\u00a0?: klarissza ap\u00e1ca. \u2013 A gyulakuti L\u00e1z\u00e1r csal\u00e1d gyermeke, a mv.-i z\u00e1rda tagja volt. Az \u0151 sz\u00e1m\u00e1ra k\u00e9sz\u00fclt szent olvasm\u00e1nyk\u00e9nt a L\u00e1z\u00e1r Zelma k\u00f3dex, m. im\u00e1ds\u00e1gos k\u00f6nyv (1525-b\u0151l), amit a kolostor tagjai m\u00e1soltak Mv.-en. A k\u00f3dex ap\u00e1c\u00e1k sz\u00e1m\u00e1ra k\u00e9sz\u00fclt, im\u00e1ds\u00e1gok, legend\u00e1k, p\u00e9ld\u00e1k \u00e9s elm\u00e9lked\u00e9sek gy\u0171jtem\u00e9nye. nev\u00e9t L\u00e1z\u00e1r Zelm\u00e1r\u00f3l kapta, aki a MTA-nak aj\u00e1nd\u00e9kozta (1896), [&hellip;]<\/p>\n","protected":false},"featured_media":0,"comment_status":"open","ping_status":"closed","template":"","meta":[],"product_brand":[],"product_cat":[137],"product_tag":[],"class_list":{"0":"post-13803","1":"product","2":"type-product","3":"status-publish","5":"product_cat-maros-megyei-eletrajzi-lexikon","7":"first","8":"instock","9":"shipping-taxable","10":"product-type-simple"},"_links":{"self":[{"href":"https:\/\/uj.adatbank.ro\/lexikon\/wp-json\/wp\/v2\/product\/13803","targetHints":{"allow":["GET"]}}],"collection":[{"href":"https:\/\/uj.adatbank.ro\/lexikon\/wp-json\/wp\/v2\/product"}],"about":[{"href":"https:\/\/uj.adatbank.ro\/lexikon\/wp-json\/wp\/v2\/types\/product"}],"replies":[{"embeddable":true,"href":"https:\/\/uj.adatbank.ro\/lexikon\/wp-json\/wp\/v2\/comments?post=13803"}],"wp:attachment":[{"href":"https:\/\/uj.adatbank.ro\/lexikon\/wp-json\/wp\/v2\/media?parent=13803"}],"wp:term":[{"taxonomy":"product_brand","embeddable":true,"href":"https:\/\/uj.adatbank.ro\/lexikon\/wp-json\/wp\/v2\/product_brand?post=13803"},{"taxonomy":"product_cat","embeddable":true,"href":"https:\/\/uj.adatbank.ro\/lexikon\/wp-json\/wp\/v2\/product_cat?post=13803"},{"taxonomy":"product_tag","embeddable":true,"href":"https:\/\/uj.adatbank.ro\/lexikon\/wp-json\/wp\/v2\/product_tag?post=13803"}],"curies":[{"name":"wp","href":"https:\/\/api.w.org\/{rel}","templated":true}]}}

LÁZÁR Katerina, gyalakuti

<p>? † ?: klarissza apáca. – A gyulakuti Lázár család gyermeke, a mv.-i zárda tagja volt. Az ő számára készült szent olvasmányként a Lázár Zelma kódex, m. imádságos könyv (1525-ből), amit a kolostor tagjai másoltak Mv.-en. A kódex apácák számára készült, imádságok, legendák, példák és elmélkedések gyűjteménye. nevét Lázár Zelmáról kapta, aki a MTA-nak ajándékozta (1896), ahol ma is őrzik. M. nyelven először a Nyelvemléktár 15. köt. 1908-ban jelent meg. <br /><strong>Irod.:</strong> Krónikás Füzetek, 1937. 2/6.</br></p>

<p>? † ?: klarissza apáca. – A gyulakuti Lázár család gyermeke, a mv.-i zárda tagja volt. Az ő számára készült szent olvasmányként a Lázár Zelma kódex, m. imádságos könyv (1525-ből), amit a kolostor tagjai másoltak Mv.-en. A kódex apácák számára készült, imádságok, legendák, példák és elmélkedések gyűjteménye. nevét Lázár Zelmáról kapta, aki a MTA-nak ajándékozta (1896), [&hellip;]</p>
