{"id":13805,"date":"2025-07-15T12:40:33","date_gmt":"2025-07-15T10:40:33","guid":{"rendered":"https:\/\/uj.adatbank.ro\/lexikon\/termek\/lazar-laszlo-2\/"},"modified":"2025-07-15T12:40:33","modified_gmt":"2025-07-15T10:40:33","slug":"lazar-laszlo-2","status":"publish","type":"product","link":"https:\/\/uj.adatbank.ro\/lexikon\/termek\/lazar-laszlo-2\/","title":{"rendered":"L\u00c1Z\u00c1R L\u00e1szl\u00f3"},"content":{"rendered":"<p>L\u00f6v\u00e9te, 1925. febr. 5.,\u2020 Mv., 2009. j\u00fan. 5.: orvos, idegk\u00f3rsz\u00f6vettani kutat\u00f3 egyetemi tan\u00e1r. \u2013 K\u00f6z\u00e9piskol\u00e1it a m\u0171v\u00e9szi hajlamaira felfigyel\u0151 Ny\u00edr\u0151 J\u00f3zsef t\u00e1mogat\u00e1s\u00e1val a sz\u00e9kelyudvarhelyi R. K. Gimn.-ban v\u00e9gezte (1944); az orvosi egyetemre P\u00e9csett \u00e9s Mv.-en j\u00e1rt, \u00e1llamvizsg\u00e1zott (1950). A MOGYI Bonctani Tansz\u00e9k\u00e9n kezdte p\u00e1ly\u00e1j\u00e1t (1946\u2013), tan\u00e1rseg\u00e9d (1949\u201357), adjunktus (1957\u201367), az oktat\u00e1s mellett kutat\u00f3i munk\u00e1t is v\u00e9gzett Miskolczy Dezs\u0151 klinik\u00e1j\u00e1n, majd a Rom\u00e1n Akad\u00e9mia mv.-i kutat\u00f3 \u00e1llom\u00e1s\u00e1nak munkat\u00e1rsa; a k\u00f3rbonctani f\u0151orvosi vizsg\u00e1ja (1962) ut\u00e1n neuropatol\u00f3gus. Doktor\u00e1lt Buk.-ben (1966); egyetemi el\u0151ad\u00f3tan\u00e1r (1967\u2013).T\u00f6bb mint h\u00e1rom \u00e9vtizedig adott el\u0151 rom\u00e1n \u00e9s m. nyelven. Tanulm\u00e1nyait \u00f6szt\u00f6nd\u00edjask\u00e9nt a Hamburgban, Stuttgartban \u00e9s K\u00f6lnben az egyetemen t\u00f6k\u00e9letes\u00edtette (1974). Tudom\u00e1nyos tev\u00e9kenys\u00e9get f\u0151leg az idegsz\u00f6vettan \u00e9s az embriol\u00f3gia ter\u00fclet\u00e9n v\u00e9gzett, kutat\u00e1si adatainak egy r\u00e9sz\u00e9t jap\u00e1n tud\u00f3sok is felhaszn\u00e1lt\u00e1k, a sclerosis multiplexre vonatkoz\u00f3 eredm\u00e9nyeit t\u00f6bben is \u00e1tvett\u00e9k. Le\u00edrta az idegrendszer \u00e9rfejl\u0151d\u00e9si rendelleness\u00e9geit \u00e9s az agyi \u00e9rbetegs\u00e9gek okozati \u00f6sszef\u00fcgg\u00e9seit. Tudom\u00e1nyos tev\u00e9kenys\u00e9g\u00e9t t\u00f6bb mint 140 dolgozat f\u00e9mjelzi, tanulm\u00e1nyait k\u00f6z\u00f6lte a : Confinia Neurologica, Clinical Experiences in the Brain Stem Discorders, Journal of the Neurogical Scences, Acta Morphologica Academiae Stientarum Hungaricae, Arhiv Patologii, Neurochirurgia, Orvosi Szemle-ben. 16 egyetemi jegyzet szerz\u0151je ill. t\u00e1rsszerz\u0151je. \u2013 <strong>F. m.:<\/strong> \u00c1ltal\u00e1nos embriol\u00f3giai fogalmak (Mv., 1979); No\u0163iuni de embriologie general\u0103 (Tg.M., 1979); <strong>t\u00e1rssz.:<\/strong> Embriologie (TgM, 1953); Az ember anat\u00f3mi\u00e1ja (Buk., 1955); Fejl\u0151d\u00e9stan (Mv., 1955); Seb\u00e9szeti m\u0171t\u00e9ttan (Mv., 1958), Anatomia chirurgical\u0103 (Mv., 1958); Az emberi test rendszeres \u00e9s t\u00e1janat\u00f3mi\u00e1ja (Mv., 1960); Az ember le\u00edr\u00f3 anat\u00f3mi\u00e1ja (Mv., 1962); Cercet\u0103ri medicale (Buc., 1968); Anatomia descriptiv\u0103 \u015fi topografia omului (cu elemente de embriologie \u015fi aplica\u0163ii clinice). Vol. 3: Coloana vertabral\u0103, g\u00e2tul, torcele, spatele (Maros Tibor-, Seres-Sturm L.-sal; Tg. M., 1970); Anatomia descriptiv\u0103 \u015fi topografic\u0103 a omului. Cu elemente de embriologie \u015fi aplicatii chimice Vol. 2 (Maros Tibor-, Seres-Sturm L.-sal; ed. 2. , Tg. M: 1978); Anatomia descriptiv\u0103 \u015fi topografic\u0103 a omului 1\u20134 k\u00f6t. (Maros Tibor-, Seres-Sturm L.-sal; Tg.M., 1974\u201376); Az emberi test le\u00edr\u00f3 \u00e9s t\u00e1janat\u00f3mi\u00e1ja 1\u20134. k\u00f6t. (Maros Tibor-, Seres-Sturm L.-sal; Mv., 1977); Az emberi test le\u00edr\u00f3- \u00e9s t\u00e1janat\u00f3mi\u00e1ja. A fej \u2013 2 k\u00f6tet. \u2013 Vol. 2. K\u00e9zirat.: Az emberi test le\u00edr\u00f3- \u00e9s t\u00e1janat\u00f3mi\u00e1ja. A fej \u2013 2 k\u00f6tet. K\u00e9zirat.(Maros Tiberiu-, Seres Sturm Lajos-sal; Rg.M. 1978); Az emberi test le\u00edr\u00f3 \u00e9s t\u00e1janat\u00f3mi\u00e1ja. Embriol\u00f3gia adatokkal \u00e9s gyakorlati vonatkoz\u00e1sokkal Egyetemi jegyzet. 3. k\u00f6tet (Maros Tibor-, Seres-Sturm L.-sal, TRg. M. 1979), Bolile vasculare ale creierului verterbro- bazilar (Buc.,1980); Bolile vasculare ale creierului (Buc., 1982); Neuroanat\u00f3mia (Mv.,1992). <br \/><strong>Irod.:<\/strong> Kiss Csekme, P\u00e9terffy, \u00c1, P\u00e9terffy: A: A mv.-i ref. temet\u0151 orvos-s\u00edrjai (Mv, 2017) Genersich; Kiss\u2013P\u00e9terffy\u2013P\u00e9terffy; KKACs; Nagy Mikl\u00f3s Kund: A t\u00e1voz\u00e1sra felsz\u00f3l\u00edtottak n\u00e9vsora (N\u00fa., 1991. j\u00fan. 18.); [Nekrol\u00f3g] (N\u00fa., 2009 j\u00fan. 9., 10); P\u00e9ter; R\u00e9thy\u2013\u00dajv\u00e1ri\u2013V\u00e1czi; R\u00e9vai Nagylexikon (1998); RMIL, RMKK; Tizenk\u00e9t \u00e9v; Todea\u2013F\u00fcl\u00f6p\u2013Avram<\/br><\/p>\n","protected":false},"excerpt":{"rendered":"<p>L\u00f6v\u00e9te, 1925. febr. 5.,\u2020 Mv., 2009. j\u00fan. 5.: orvos, idegk\u00f3rsz\u00f6vettani kutat\u00f3 egyetemi tan\u00e1r. \u2013 K\u00f6z\u00e9piskol\u00e1it a m\u0171v\u00e9szi hajlamaira felfigyel\u0151 Ny\u00edr\u0151 J\u00f3zsef t\u00e1mogat\u00e1s\u00e1val a sz\u00e9kelyudvarhelyi R. K. Gimn.-ban v\u00e9gezte (1944); az orvosi egyetemre P\u00e9csett \u00e9s Mv.-en j\u00e1rt, \u00e1llamvizsg\u00e1zott (1950). A MOGYI Bonctani Tansz\u00e9k\u00e9n kezdte p\u00e1ly\u00e1j\u00e1t (1946\u2013), tan\u00e1rseg\u00e9d (1949\u201357), adjunktus (1957\u201367), az oktat\u00e1s mellett kutat\u00f3i munk\u00e1t is [&hellip;]<\/p>\n","protected":false},"featured_media":0,"comment_status":"open","ping_status":"closed","template":"","meta":[],"product_brand":[],"product_cat":[137],"product_tag":[],"class_list":{"0":"post-13805","1":"product","2":"type-product","3":"status-publish","5":"product_cat-maros-megyei-eletrajzi-lexikon","7":"first","8":"instock","9":"shipping-taxable","10":"product-type-simple"},"_links":{"self":[{"href":"https:\/\/uj.adatbank.ro\/lexikon\/wp-json\/wp\/v2\/product\/13805","targetHints":{"allow":["GET"]}}],"collection":[{"href":"https:\/\/uj.adatbank.ro\/lexikon\/wp-json\/wp\/v2\/product"}],"about":[{"href":"https:\/\/uj.adatbank.ro\/lexikon\/wp-json\/wp\/v2\/types\/product"}],"replies":[{"embeddable":true,"href":"https:\/\/uj.adatbank.ro\/lexikon\/wp-json\/wp\/v2\/comments?post=13805"}],"wp:attachment":[{"href":"https:\/\/uj.adatbank.ro\/lexikon\/wp-json\/wp\/v2\/media?parent=13805"}],"wp:term":[{"taxonomy":"product_brand","embeddable":true,"href":"https:\/\/uj.adatbank.ro\/lexikon\/wp-json\/wp\/v2\/product_brand?post=13805"},{"taxonomy":"product_cat","embeddable":true,"href":"https:\/\/uj.adatbank.ro\/lexikon\/wp-json\/wp\/v2\/product_cat?post=13805"},{"taxonomy":"product_tag","embeddable":true,"href":"https:\/\/uj.adatbank.ro\/lexikon\/wp-json\/wp\/v2\/product_tag?post=13805"}],"curies":[{"name":"wp","href":"https:\/\/api.w.org\/{rel}","templated":true}]}}

LÁZÁR László

<p>Lövéte, 1925. febr. 5.,† Mv., 2009. jún. 5.: orvos, idegkórszövettani kutató egyetemi tanár. – Középiskoláit a művészi hajlamaira felfigyelő Nyírő József támogatásával a székelyudvarhelyi R. K. Gimn.-ban végezte (1944); az orvosi egyetemre Pécsett és Mv.-en járt, államvizsgázott (1950). A MOGYI Bonctani Tanszékén kezdte pályáját (1946–), tanársegéd (1949–57), adjunktus (1957–67), az oktatás mellett kutatói munkát is végzett Miskolczy Dezső klinikáján, majd a Román Akadémia mv.-i kutató állomásának munkatársa; a kórbonctani főorvosi vizsgája (1962) után neuropatológus. Doktorált Buk.-ben (1966); egyetemi előadótanár (1967–).Több mint három évtizedig adott elő román és m. nyelven. Tanulmányait ösztöndíjasként a Hamburgban, Stuttgartban és Kölnben az egyetemen tökéletesítette (1974). Tudományos tevékenységet főleg az idegszövettan és az embriológia területén végzett, kutatási adatainak egy részét japán tudósok is felhasználták, a sclerosis multiplexre vonatkozó eredményeit többen is átvették. Leírta az idegrendszer érfejlődési rendellenességeit és az agyi érbetegségek okozati összefüggéseit. Tudományos tevékenységét több mint 140 dolgozat fémjelzi, tanulmányait közölte a : Confinia Neurologica, Clinical Experiences in the Brain Stem Discorders, Journal of the Neurogical Scences, Acta Morphologica Academiae Stientarum Hungaricae, Arhiv Patologii, Neurochirurgia, Orvosi Szemle-ben. 16 egyetemi jegyzet szerzője ill. társszerzője. – <strong>F. m.:</strong> Általános embriológiai fogalmak (Mv., 1979); Noţiuni de embriologie generală (Tg.M., 1979); <strong>társsz.:</strong> Embriologie (TgM, 1953); Az ember anatómiája (Buk., 1955); Fejlődéstan (Mv., 1955); Sebészeti műtéttan (Mv., 1958), Anatomia chirurgicală (Mv., 1958); Az emberi test rendszeres és tájanatómiája (Mv., 1960); Az ember leíró anatómiája (Mv., 1962); Cercetări medicale (Buc., 1968); Anatomia descriptivă şi topografia omului (cu elemente de embriologie şi aplicaţii clinice). Vol. 3: Coloana vertabrală, gâtul, torcele, spatele (Maros Tibor-, Seres-Sturm L.-sal; Tg. M., 1970); Anatomia descriptivă şi topografică a omului. Cu elemente de embriologie şi aplicatii chimice Vol. 2 (Maros Tibor-, Seres-Sturm L.-sal; ed. 2. , Tg. M: 1978); Anatomia descriptivă şi topografică a omului 1–4 köt. (Maros Tibor-, Seres-Sturm L.-sal; Tg.M., 1974–76); Az emberi test leíró és tájanatómiája 1–4. köt. (Maros Tibor-, Seres-Sturm L.-sal; Mv., 1977); Az emberi test leíró- és tájanatómiája. A fej – 2 kötet. – Vol. 2. Kézirat.: Az emberi test leíró- és tájanatómiája. A fej – 2 kötet. Kézirat.(Maros Tiberiu-, Seres Sturm Lajos-sal; Rg.M. 1978); Az emberi test leíró és tájanatómiája. Embriológia adatokkal és gyakorlati vonatkozásokkal Egyetemi jegyzet. 3. kötet (Maros Tibor-, Seres-Sturm L.-sal, TRg. M. 1979), Bolile vasculare ale creierului verterbro- bazilar (Buc.,1980); Bolile vasculare ale creierului (Buc., 1982); Neuroanatómia (Mv.,1992). <br /><strong>Irod.:</strong> Kiss Csekme, Péterffy, Á, Péterffy: A: A mv.-i ref. temető orvos-sírjai (Mv, 2017) Genersich; Kiss–Péterffy–Péterffy; KKACs; Nagy Miklós Kund: A távozásra felszólítottak névsora (Nú., 1991. jún. 18.); [Nekrológ] (Nú., 2009 jún. 9., 10); Péter; Réthy–Újvári–Váczi; Révai Nagylexikon (1998); RMIL, RMKK; Tizenkét év; Todea–Fülöp–Avram</br></p>

<p>Lövéte, 1925. febr. 5.,† Mv., 2009. jún. 5.: orvos, idegkórszövettani kutató egyetemi tanár. – Középiskoláit a művészi hajlamaira felfigyelő Nyírő József támogatásával a székelyudvarhelyi R. K. Gimn.-ban végezte (1944); az orvosi egyetemre Pécsett és Mv.-en járt, államvizsgázott (1950). A MOGYI Bonctani Tanszékén kezdte pályáját (1946–), tanársegéd (1949–57), adjunktus (1957–67), az oktatás mellett kutatói munkát is [&hellip;]</p>
