{"id":13806,"date":"2025-07-15T12:40:37","date_gmt":"2025-07-15T10:40:37","guid":{"rendered":"https:\/\/uj.adatbank.ro\/lexikon\/termek\/lazar-laszlo-szarhegyi-es-gyalakuti-gr\/"},"modified":"2025-07-15T12:40:37","modified_gmt":"2025-07-15T10:40:37","slug":"lazar-laszlo-szarhegyi-es-gyalakuti-gr","status":"publish","type":"product","link":"https:\/\/uj.adatbank.ro\/lexikon\/termek\/lazar-laszlo-szarhegyi-es-gyalakuti-gr\/","title":{"rendered":"L\u00c1Z\u00c1R L\u00e1szl\u00f3, sz\u00e1rhegyi \u00e9s gyalakuti gr."},"content":{"rendered":"<p>1707, \u2020 Meggyesfalva, 1732. m\u00e1j. 7. a mv.-i Keresztel\u0151 Szent J\u00e1nos-pl\u00e9b\u00e1nia kript\u00e1j\u00e1ba temettek \u2013 Ferenc \u00e9s adorj\u00e1ni gr. Cs\u00e1ky Zsuzsanna fia. Feles\u00e9ge: Kornis Zsuzsanna (Mv, 1708 -Meggyesfalva, 1741). (esk.1730. aug. 7), a meggyesfalvi r. k. templomban nyugszik, az erd\u00e9lyi f\u0151korm\u00e1nyz\u00f3 gr. Kornis Zsigmond \u00e9s B\u00e1lintith Zsuzsanna le\u00e1nya. Fi\u00fak: Antal (1731\u20131783), kinek \u00e1g\u00e1t \u201emedgyesfalvi L\u00e1z\u00e1r\u201c \u00e1gnak nevezik \u2013 Feles\u00e9ge r\u00e9v\u00e9n Meggyesfalva birtokosa lett. <br \/><strong>Irod.:<\/strong> Gudenus; Kelemen Lajos 2006; Kornis; Nagy Iv\u00e1n; Veress Endre 1917<\/br><\/p>\n","protected":false},"excerpt":{"rendered":"<p>1707, \u2020 Meggyesfalva, 1732. m\u00e1j. 7. a mv.-i Keresztel\u0151 Szent J\u00e1nos-pl\u00e9b\u00e1nia kript\u00e1j\u00e1ba temettek \u2013 Ferenc \u00e9s adorj\u00e1ni gr. Cs\u00e1ky Zsuzsanna fia. Feles\u00e9ge: Kornis Zsuzsanna (Mv, 1708 -Meggyesfalva, 1741). (esk.1730. aug. 7), a meggyesfalvi r. k. templomban nyugszik, az erd\u00e9lyi f\u0151korm\u00e1nyz\u00f3 gr. Kornis Zsigmond \u00e9s B\u00e1lintith Zsuzsanna le\u00e1nya. Fi\u00fak: Antal (1731\u20131783), kinek \u00e1g\u00e1t \u201emedgyesfalvi L\u00e1z\u00e1r\u201c \u00e1gnak [&hellip;]<\/p>\n","protected":false},"featured_media":0,"comment_status":"open","ping_status":"closed","template":"","meta":[],"product_brand":[],"product_cat":[137],"product_tag":[],"class_list":{"0":"post-13806","1":"product","2":"type-product","3":"status-publish","5":"product_cat-maros-megyei-eletrajzi-lexikon","7":"first","8":"instock","9":"shipping-taxable","10":"product-type-simple"},"_links":{"self":[{"href":"https:\/\/uj.adatbank.ro\/lexikon\/wp-json\/wp\/v2\/product\/13806","targetHints":{"allow":["GET"]}}],"collection":[{"href":"https:\/\/uj.adatbank.ro\/lexikon\/wp-json\/wp\/v2\/product"}],"about":[{"href":"https:\/\/uj.adatbank.ro\/lexikon\/wp-json\/wp\/v2\/types\/product"}],"replies":[{"embeddable":true,"href":"https:\/\/uj.adatbank.ro\/lexikon\/wp-json\/wp\/v2\/comments?post=13806"}],"wp:attachment":[{"href":"https:\/\/uj.adatbank.ro\/lexikon\/wp-json\/wp\/v2\/media?parent=13806"}],"wp:term":[{"taxonomy":"product_brand","embeddable":true,"href":"https:\/\/uj.adatbank.ro\/lexikon\/wp-json\/wp\/v2\/product_brand?post=13806"},{"taxonomy":"product_cat","embeddable":true,"href":"https:\/\/uj.adatbank.ro\/lexikon\/wp-json\/wp\/v2\/product_cat?post=13806"},{"taxonomy":"product_tag","embeddable":true,"href":"https:\/\/uj.adatbank.ro\/lexikon\/wp-json\/wp\/v2\/product_tag?post=13806"}],"curies":[{"name":"wp","href":"https:\/\/api.w.org\/{rel}","templated":true}]}}

LÁZÁR László, szárhegyi és gyalakuti gr.

<p>1707, † Meggyesfalva, 1732. máj. 7. a mv.-i Keresztelő Szent János-plébánia kriptájába temettek – Ferenc és adorjáni gr. Csáky Zsuzsanna fia. Felesége: Kornis Zsuzsanna (Mv, 1708 -Meggyesfalva, 1741). (esk.1730. aug. 7), a meggyesfalvi r. k. templomban nyugszik, az erdélyi főkormányzó gr. Kornis Zsigmond és Bálintith Zsuzsanna leánya. Fiúk: Antal (1731–1783), kinek ágát „medgyesfalvi Lázár“ ágnak nevezik – Felesége révén Meggyesfalva birtokosa lett. <br /><strong>Irod.:</strong> Gudenus; Kelemen Lajos 2006; Kornis; Nagy Iván; Veress Endre 1917</br></p>

<p>1707, † Meggyesfalva, 1732. máj. 7. a mv.-i Keresztelő Szent János-plébánia kriptájába temettek – Ferenc és adorjáni gr. Csáky Zsuzsanna fia. Felesége: Kornis Zsuzsanna (Mv, 1708 -Meggyesfalva, 1741). (esk.1730. aug. 7), a meggyesfalvi r. k. templomban nyugszik, az erdélyi főkormányzó gr. Kornis Zsigmond és Bálintith Zsuzsanna leánya. Fiúk: Antal (1731–1783), kinek ágát „medgyesfalvi Lázár“ ágnak [&hellip;]</p>
