{"id":13807,"date":"2025-07-15T12:40:38","date_gmt":"2025-07-15T10:40:38","guid":{"rendered":"https:\/\/uj.adatbank.ro\/lexikon\/termek\/lazar-laszlo-jakab-laszlo\/"},"modified":"2025-07-15T12:40:38","modified_gmt":"2025-07-15T10:40:38","slug":"lazar-laszlo-jakab-laszlo","status":"publish","type":"product","link":"https:\/\/uj.adatbank.ro\/lexikon\/termek\/lazar-laszlo-jakab-laszlo\/","title":{"rendered":"L\u00c1Z\u00c1R L\u00e1szl\u00f3; Jakab L\u00e1szl\u00f3"},"content":{"rendered":"<p>Mv., 1936. j\u00fal. 30., \u2020 Mv., 1995. febr. 6. : \u00fajs\u00e1g\u00edr\u00f3, szerkeszt\u0151, kritikus. \u2013 K\u0151z\u00e9piskol\u00e1it sz\u00fcl\u0151v\u00e1ros\u00e1ban a Bolyai Farkas L\u00edc.-ban v\u00e9gezte (1953), majd a BTE t\u00f6rt\u00e9nelem szak\u00e1n tan\u00e1ri diplom\u00e1t szerzett (1957). Az El\u0151re \u00fajs\u00e1g\u00edr\u00f3ja, orsz\u00e1gj\u00e1r\u00f3ja (1953\u2013), majd az Ifj\u00famunk\u00e1s (1963\u2013), \u00e9s a Buk.-ben megjelen\u0151 Ifi F\u00f3rum (1989\u2013) irodalmi-m\u0171v\u00e9szeti mell\u00e9kleteinek szerkeszt\u0151je. Seg\u00edtette a szerkeszt\u0151ket a felettes hat\u00f3s\u00e1gok \u00e9s a cenzura kij\u00e1tsz\u00e1s\u00e1ban. Az Erd\u00e9lyi Napl\u00f3 tud\u00f3s\u00edt\u00f3ja, majd r\u00f6vid ideig, v\u00e9gre sz\u00fcl\u0151v\u00e1ros\u00e1ban, a mv.- i N\u00e9p\u00fajs\u00e1g bels\u0151 munkat\u00e1rsa. M\u00daRE tagja \u00e9s kit\u00fcntettje (1994). <br \/><strong>Irod.:<\/strong> Dezs\u0151 Istv\u00e1n; [Nekrol\u00f3g](N\u00fa., 1995. febr. 7.); M\u00e1th\u00e9 \u00c9va: L. L.; Lazics (N\u00fa., 1995. febr. 8.); RMIL<\/br><\/p>\n","protected":false},"excerpt":{"rendered":"<p>Mv., 1936. j\u00fal. 30., \u2020 Mv., 1995. febr. 6. : \u00fajs\u00e1g\u00edr\u00f3, szerkeszt\u0151, kritikus. \u2013 K\u0151z\u00e9piskol\u00e1it sz\u00fcl\u0151v\u00e1ros\u00e1ban a Bolyai Farkas L\u00edc.-ban v\u00e9gezte (1953), majd a BTE t\u00f6rt\u00e9nelem szak\u00e1n tan\u00e1ri diplom\u00e1t szerzett (1957). Az El\u0151re \u00fajs\u00e1g\u00edr\u00f3ja, orsz\u00e1gj\u00e1r\u00f3ja (1953\u2013), majd az Ifj\u00famunk\u00e1s (1963\u2013), \u00e9s a Buk.-ben megjelen\u0151 Ifi F\u00f3rum (1989\u2013) irodalmi-m\u0171v\u00e9szeti mell\u00e9kleteinek szerkeszt\u0151je. Seg\u00edtette a szerkeszt\u0151ket a felettes [&hellip;]<\/p>\n","protected":false},"featured_media":0,"comment_status":"open","ping_status":"closed","template":"","meta":[],"product_brand":[],"product_cat":[137],"product_tag":[],"class_list":{"0":"post-13807","1":"product","2":"type-product","3":"status-publish","5":"product_cat-maros-megyei-eletrajzi-lexikon","7":"first","8":"instock","9":"shipping-taxable","10":"product-type-simple"},"_links":{"self":[{"href":"https:\/\/uj.adatbank.ro\/lexikon\/wp-json\/wp\/v2\/product\/13807","targetHints":{"allow":["GET"]}}],"collection":[{"href":"https:\/\/uj.adatbank.ro\/lexikon\/wp-json\/wp\/v2\/product"}],"about":[{"href":"https:\/\/uj.adatbank.ro\/lexikon\/wp-json\/wp\/v2\/types\/product"}],"replies":[{"embeddable":true,"href":"https:\/\/uj.adatbank.ro\/lexikon\/wp-json\/wp\/v2\/comments?post=13807"}],"wp:attachment":[{"href":"https:\/\/uj.adatbank.ro\/lexikon\/wp-json\/wp\/v2\/media?parent=13807"}],"wp:term":[{"taxonomy":"product_brand","embeddable":true,"href":"https:\/\/uj.adatbank.ro\/lexikon\/wp-json\/wp\/v2\/product_brand?post=13807"},{"taxonomy":"product_cat","embeddable":true,"href":"https:\/\/uj.adatbank.ro\/lexikon\/wp-json\/wp\/v2\/product_cat?post=13807"},{"taxonomy":"product_tag","embeddable":true,"href":"https:\/\/uj.adatbank.ro\/lexikon\/wp-json\/wp\/v2\/product_tag?post=13807"}],"curies":[{"name":"wp","href":"https:\/\/api.w.org\/{rel}","templated":true}]}}

LÁZÁR László; Jakab László

<p>Mv., 1936. júl. 30., † Mv., 1995. febr. 6. : újságíró, szerkesztő, kritikus. – Kőzépiskoláit szülővárosában a Bolyai Farkas Líc.-ban végezte (1953), majd a BTE történelem szakán tanári diplomát szerzett (1957). Az Előre újságírója, országjárója (1953–), majd az Ifjúmunkás (1963–), és a Buk.-ben megjelenő Ifi Fórum (1989–) irodalmi-művészeti mellékleteinek szerkesztője. Segítette a szerkesztőket a felettes hatóságok és a cenzura kijátszásában. Az Erdélyi Napló tudósítója, majd rövid ideig, végre szülővárosában, a mv.- i Népújság belső munkatársa. MÚRE tagja és kitüntettje (1994). <br /><strong>Irod.:</strong> Dezső István; [Nekrológ](Nú., 1995. febr. 7.); Máthé Éva: L. L.; Lazics (Nú., 1995. febr. 8.); RMIL</br></p>

<p>Mv., 1936. júl. 30., † Mv., 1995. febr. 6. : újságíró, szerkesztő, kritikus. – Kőzépiskoláit szülővárosában a Bolyai Farkas Líc.-ban végezte (1953), majd a BTE történelem szakán tanári diplomát szerzett (1957). Az Előre újságírója, országjárója (1953–), majd az Ifjúmunkás (1963–), és a Buk.-ben megjelenő Ifi Fórum (1989–) irodalmi-művészeti mellékleteinek szerkesztője. Segítette a szerkesztőket a felettes [&hellip;]</p>
