{"id":13811,"date":"2025-07-15T12:40:46","date_gmt":"2025-07-15T10:40:46","guid":{"rendered":"https:\/\/uj.adatbank.ro\/lexikon\/termek\/lazar-maria-mici-gyergyoszarhegyi-gr-sztojanovics-viktorne-meczner-lajosne\/"},"modified":"2025-07-15T12:40:46","modified_gmt":"2025-07-15T10:40:46","slug":"lazar-maria-mici-gyergyoszarhegyi-gr-sztojanovics-viktorne-meczner-lajosne","status":"publish","type":"product","link":"https:\/\/uj.adatbank.ro\/lexikon\/termek\/lazar-maria-mici-gyergyoszarhegyi-gr-sztojanovics-viktorne-meczner-lajosne\/","title":{"rendered":"L\u00c1Z\u00c1R M\u00e1ria, Mici, gyergy\u00f3sz\u00e1rhegyi gr., Sztojanovics Viktorn\u00e9, Meczner Lajosn\u00e9"},"content":{"rendered":"<p>Marosv\u00e9cs, 1894. dec.18.,\u2020 Bp.,1985. \u00e1pr.1.: napl\u00f3\u00edr\u00f3. \u2013 L. Istv\u00e1n f\u0151isp\u00e1n \u00e9s P\u00e1lffy Jozefa le\u00e1nya. \u2013 Kora gyermekkor\u00e1t Brass\u00f3ban t\u00f6lt\u00f6tte, k\u00e9s\u0151bb Mv.-en, majd Kv.-on laktak. Nyolc\u00e9vesen kezdett napl\u00f3t \u00edrni \u00e9s folytatta 80 \u00e9ves kor\u00e1ig. Kv.-on a De Gerando mag\u00e1niskol\u00e1ban tanult. Sokat utazgatott anyj\u00e1val \u00c9szak -Skandin\u00e1vi\u00e1ba, Indi\u00e1ba (1914). Az els\u0151 vh.-ban jelenkezett \u00f6nk\u00e9ntes \u00e1pol\u00f3n\u0151nek. Ny\u00e1r\u00e1dt\u0151n ismerkedett meg j\u00f6vend\u0151 f\u00e9rj\u00e9vel, gozdjesti Sztojanovics Viktor (1876\u20131927) husz\u00e1rtiszt ezredessel, Kv.-on volt az esk\u00fcv\u0151 (1918), majd Bp.-re k\u00f6lt\u00f6ztek. M\u00e1sodik f\u00e9rje deteki \u00e9s tengerfalvi Meczner Lajos (1890\u20131962). Esk\u00fcv\u0151 (Bp., 1955.). Testv\u00e9re Ilona (Lili) vel\u00fck le\u00e1ny\u00e1gon is kihalt a gr. L\u00e1z\u00e1t csal\u00e1d (\u2020 2000). Korabeli napl\u00f3it felhaszn\u00e1lva id\u0151s kor\u00e1ban \u00f6sszefoglalta gyermekkori \u00e9s ifj\u00fakori \u00e9lm\u00e9nyeit J\u00f3 volt \u00e9lni c., ami \u00e1tmenet a z eml\u00e9kirat \u00e9s a reg\u00e9ny k\u00f6z\u00f6tt. R\u00e9szlet jelent meg a Korunkban (2002. 12. sz.). <strong>F. m.:<\/strong> Elbesz\u00e9l\u00e9sek (Tg. M., 1936). <br \/><strong>Irod.:<\/strong> Gudenus; Kornis; Valentiny 1937<\/br><\/p>\n","protected":false},"excerpt":{"rendered":"<p>Marosv\u00e9cs, 1894. dec.18.,\u2020 Bp.,1985. \u00e1pr.1.: napl\u00f3\u00edr\u00f3. \u2013 L. Istv\u00e1n f\u0151isp\u00e1n \u00e9s P\u00e1lffy Jozefa le\u00e1nya. \u2013 Kora gyermekkor\u00e1t Brass\u00f3ban t\u00f6lt\u00f6tte, k\u00e9s\u0151bb Mv.-en, majd Kv.-on laktak. Nyolc\u00e9vesen kezdett napl\u00f3t \u00edrni \u00e9s folytatta 80 \u00e9ves kor\u00e1ig. Kv.-on a De Gerando mag\u00e1niskol\u00e1ban tanult. Sokat utazgatott anyj\u00e1val \u00c9szak -Skandin\u00e1vi\u00e1ba, Indi\u00e1ba (1914). Az els\u0151 vh.-ban jelenkezett \u00f6nk\u00e9ntes \u00e1pol\u00f3n\u0151nek. Ny\u00e1r\u00e1dt\u0151n ismerkedett meg [&hellip;]<\/p>\n","protected":false},"featured_media":0,"comment_status":"open","ping_status":"closed","template":"","meta":[],"product_brand":[],"product_cat":[137],"product_tag":[],"class_list":{"0":"post-13811","1":"product","2":"type-product","3":"status-publish","5":"product_cat-maros-megyei-eletrajzi-lexikon","7":"first","8":"instock","9":"shipping-taxable","10":"product-type-simple"},"_links":{"self":[{"href":"https:\/\/uj.adatbank.ro\/lexikon\/wp-json\/wp\/v2\/product\/13811","targetHints":{"allow":["GET"]}}],"collection":[{"href":"https:\/\/uj.adatbank.ro\/lexikon\/wp-json\/wp\/v2\/product"}],"about":[{"href":"https:\/\/uj.adatbank.ro\/lexikon\/wp-json\/wp\/v2\/types\/product"}],"replies":[{"embeddable":true,"href":"https:\/\/uj.adatbank.ro\/lexikon\/wp-json\/wp\/v2\/comments?post=13811"}],"wp:attachment":[{"href":"https:\/\/uj.adatbank.ro\/lexikon\/wp-json\/wp\/v2\/media?parent=13811"}],"wp:term":[{"taxonomy":"product_brand","embeddable":true,"href":"https:\/\/uj.adatbank.ro\/lexikon\/wp-json\/wp\/v2\/product_brand?post=13811"},{"taxonomy":"product_cat","embeddable":true,"href":"https:\/\/uj.adatbank.ro\/lexikon\/wp-json\/wp\/v2\/product_cat?post=13811"},{"taxonomy":"product_tag","embeddable":true,"href":"https:\/\/uj.adatbank.ro\/lexikon\/wp-json\/wp\/v2\/product_tag?post=13811"}],"curies":[{"name":"wp","href":"https:\/\/api.w.org\/{rel}","templated":true}]}}

LÁZÁR Mária, Mici, gyergyószárhegyi gr., Sztojanovics Viktorné, Meczner Lajosné

<p>Marosvécs, 1894. dec.18.,† Bp.,1985. ápr.1.: naplóíró. – L. István főispán és Pálffy Jozefa leánya. – Kora gyermekkorát Brassóban töltötte, később Mv.-en, majd Kv.-on laktak. Nyolcévesen kezdett naplót írni és folytatta 80 éves koráig. Kv.-on a De Gerando magániskolában tanult. Sokat utazgatott anyjával Észak -Skandináviába, Indiába (1914). Az első vh.-ban jelenkezett önkéntes ápolónőnek. Nyárádtőn ismerkedett meg jövendő férjével, gozdjesti Sztojanovics Viktor (1876–1927) huszártiszt ezredessel, Kv.-on volt az esküvő (1918), majd Bp.-re költöztek. Második férje deteki és tengerfalvi Meczner Lajos (1890–1962). Esküvő (Bp., 1955.). Testvére Ilona (Lili) velük leányágon is kihalt a gr. Lázát család († 2000). Korabeli naplóit felhasználva idős korában összefoglalta gyermekkori és ifjúkori élményeit Jó volt élni c., ami átmenet a z emlékirat és a regény között. Részlet jelent meg a Korunkban (2002. 12. sz.). <strong>F. m.:</strong> Elbeszélések (Tg. M., 1936). <br /><strong>Irod.:</strong> Gudenus; Kornis; Valentiny 1937</br></p>

<p>Marosvécs, 1894. dec.18.,† Bp.,1985. ápr.1.: naplóíró. – L. István főispán és Pálffy Jozefa leánya. – Kora gyermekkorát Brassóban töltötte, később Mv.-en, majd Kv.-on laktak. Nyolcévesen kezdett naplót írni és folytatta 80 éves koráig. Kv.-on a De Gerando magániskolában tanult. Sokat utazgatott anyjával Észak -Skandináviába, Indiába (1914). Az első vh.-ban jelenkezett önkéntes ápolónőnek. Nyárádtőn ismerkedett meg [&hellip;]</p>
