{"id":13815,"date":"2025-07-15T12:40:54","date_gmt":"2025-07-15T10:40:54","guid":{"rendered":"https:\/\/uj.adatbank.ro\/lexikon\/termek\/lazar-moric-mor-szarhegyi-es-gyalakuti-gr\/"},"modified":"2025-07-15T12:40:54","modified_gmt":"2025-07-15T10:40:54","slug":"lazar-moric-mor-szarhegyi-es-gyalakuti-gr","status":"publish","type":"product","link":"https:\/\/uj.adatbank.ro\/lexikon\/termek\/lazar-moric-mor-szarhegyi-es-gyalakuti-gr\/","title":{"rendered":"L\u00c1Z\u00c1R M\u00f3ric; M\u00f3r, sz\u00e1rhegyi \u00e9s gyalakuti gr."},"content":{"rendered":"<p>Sz\u00e1rhegy, 1817. m\u00e1rc. 20, \u2020\u00a0Meggyesfalva, 1865. aug. 4.: Marossz\u00e9k tiszteletbeli jegyz\u0151je, f\u00f6ldbirtokos \u00e9s l\u00f3teny\u00e9szt\u0151. \u2013 L. J\u00f3zsef (1782\u20131865) \u00e9s P\u00e9csy Eszter fia. Feles\u00e9ge: nagybarcsai Barcsai Polix\u00e9nia (1841. febr, 28.). Gyermekeik: Vince (1841-?); Olga (1843- 1902), br. Rad\u00e1k \u00c1d\u00e1mn\u00e9 (1843\u20131902), Jen\u0151 (1845\u20131900), Corina Bors Guszt\u00e1vn\u00e9 (1851\u20131890)., Meggyesfalv\u00e1n nyugosznak. \u2013 Els\u0151 oktat\u00e1s\u00e1t a mv.-i iskol\u00e1kban nyerte, a kv.-i gimn.-ban \u00e9s l\u00edc.-ban folytatta tanulm\u00e1nyait. Azut\u00e1n apja h\u00e1z\u00e1hoz Mv.-re t\u00e9rt vissza s a kir. t\u00e1blai joggyakorlathoz kezdett. Marossz\u00e9k tiszteletbeli jegyz\u0151je volt (1839\u201343); Mez\u0151m\u00e9nesre telepedett, gazdas\u00e1ggal foglalkozott, m\u00edg az 1848. esem\u00e9nyek \u0151t is a sz\u00e9kely t\u00e1borba sz\u00f3l\u00edtott\u00e1k, ahol tiszti rangot viselt. Proklam\u00e1ci\u00f3ban lelkes\u00edtette a sz\u00e9kelyeket. Vezet\u0151je annak a sz\u00e9kely hadoszt\u00e1lynak, amely feld\u00falta, fel\u00e9gette Sz\u00e1szr\u00e9gen v\u00e1ros\u00e1t (1848. nov.1.). Az 1848. nov. 5. mv.-i esem\u00e9nyek ut\u00e1n, apj\u00e1t a v\u00e1ros r\u00e9sz\u00e9r\u0151l kezesnek adt\u00e1k, majd 1849-ben egy ideig Urb\u00e1n cs. kir. ezredes fogva tartotta Kv.-on. A szabads\u00e1gharc ut\u00e1n Bilakra (Doboka ) telep\u00fclt a m\u00e9nese nemes\u00edt\u00e9s\u00e9re nagy gondot \u00e9s k\u00f6lts\u00e9get ford\u00edtott. Angli\u00e1ba utazott (1857) \u00e9s Yorkshire legjelesebb l\u00f3teny\u00e9szt\u0151-int\u00e9zeteit l\u00e1togatta meg \u00e9s Tatton Sykest\u0151l teliv\u00e9r angol anyakanc\u00e1kat hozott. Sz\u00e1rhegyen \u00e9s gyergy\u00f3i javaiban \u0151 volt a legnagyobb birtokos. Erd\u0151je volt Sz\u00e9kelykakasdon is. Meggyesfalv\u00e1n \u00e1t\u00e9p\u00edtette a kor\u00e1bbi udvarh\u00e1zat. A barokk kast\u00e9ly k\u00e9t k\u00fcl\u00f6n\u00e1ll\u00f3 egyemeletes \u00e9p\u00fclete le\u00e9gett (1922), a szomsz\u00e9ds\u00e1gban \u00e9p\u00fclt u.n. vad\u00e1szh\u00e1z \u00e9s a v\u00edztorony megmaradt gondozatlan, lerombolt \u00e1llapotban. Utols\u00f3 tulajdonosa L. N\u00f3ra Bissingen Otton\u00e9 volt. Magyar\u00f3n is volt f\u00f6ldbirtoka. Bidermann-nal l\u00e9trehozta a Tutajoz\u00e1si T\u00e1rsulatot (1858 illetve 1863) \u00e9s fel\u00e9p\u00edtett\u00e9k az els\u0151 l\u00f3vontat\u00e1s\u00fa fas\u00ednes vas\u00fatat a fa sz\u00e1ll\u00edt\u00e1s\u00e1nak megk\u00f6nny\u00edt\u00e9s\u00e9re. A l\u00f3vasutat Orb\u00e1n Bal\u00e1zs is megeml\u00edtette. Hirlapi cikkeket \u00edrt anyagi k\u00e9rd\u00e9seinkr\u0151l. Proclamati\u00f3ja: Fegyverre polg\u00e1rt\u00e1rsak! (Mv.; 1848. \u00e1pr. 15). (Fegyverre sz\u00f3l\u00edtja m. polg\u00e1rt\u00e1rsait a bujtogat\u00f3k \u00e9s hon\u00e1rul\u00f3k ellen). <br \/><strong>Irod.:<\/strong> 1848\u20131849 Transilvania; Bi\u00e1s I.; Bicsok-Orb\u00e1n; Gudenus; Id\u0151t\u00e1r 2; Keresztes 1995; L\u00e1z\u00e1r Mikl\u00f3s gr.: A gr\u00f3f L\u00e1z\u00e1r csal\u00e1d. (Kv., 1858); Magyar\u00f3 h\u00e9tk\u00f6znapjai; P\u00e1lmay; Pesty 2014; Szinnyei; T\u00f3falvi Zolt\u00e1n: 1848 m\u00e1rciusa a Sz\u00e9kelyf\u00f6ld\u00f6n, Mv.-en (N\u00fa., 1998. m\u00e1rc. 12\u201313.)<\/br><\/p>\n","protected":false},"excerpt":{"rendered":"<p>Sz\u00e1rhegy, 1817. m\u00e1rc. 20, \u2020\u00a0Meggyesfalva, 1865. aug. 4.: Marossz\u00e9k tiszteletbeli jegyz\u0151je, f\u00f6ldbirtokos \u00e9s l\u00f3teny\u00e9szt\u0151. \u2013 L. J\u00f3zsef (1782\u20131865) \u00e9s P\u00e9csy Eszter fia. Feles\u00e9ge: nagybarcsai Barcsai Polix\u00e9nia (1841. febr, 28.). Gyermekeik: Vince (1841-?); Olga (1843- 1902), br. Rad\u00e1k \u00c1d\u00e1mn\u00e9 (1843\u20131902), Jen\u0151 (1845\u20131900), Corina Bors Guszt\u00e1vn\u00e9 (1851\u20131890)., Meggyesfalv\u00e1n nyugosznak. \u2013 Els\u0151 oktat\u00e1s\u00e1t a mv.-i iskol\u00e1kban nyerte, a [&hellip;]<\/p>\n","protected":false},"featured_media":0,"comment_status":"open","ping_status":"closed","template":"","meta":[],"product_brand":[],"product_cat":[137],"product_tag":[],"class_list":{"0":"post-13815","1":"product","2":"type-product","3":"status-publish","5":"product_cat-maros-megyei-eletrajzi-lexikon","7":"first","8":"instock","9":"shipping-taxable","10":"product-type-simple"},"_links":{"self":[{"href":"https:\/\/uj.adatbank.ro\/lexikon\/wp-json\/wp\/v2\/product\/13815","targetHints":{"allow":["GET"]}}],"collection":[{"href":"https:\/\/uj.adatbank.ro\/lexikon\/wp-json\/wp\/v2\/product"}],"about":[{"href":"https:\/\/uj.adatbank.ro\/lexikon\/wp-json\/wp\/v2\/types\/product"}],"replies":[{"embeddable":true,"href":"https:\/\/uj.adatbank.ro\/lexikon\/wp-json\/wp\/v2\/comments?post=13815"}],"wp:attachment":[{"href":"https:\/\/uj.adatbank.ro\/lexikon\/wp-json\/wp\/v2\/media?parent=13815"}],"wp:term":[{"taxonomy":"product_brand","embeddable":true,"href":"https:\/\/uj.adatbank.ro\/lexikon\/wp-json\/wp\/v2\/product_brand?post=13815"},{"taxonomy":"product_cat","embeddable":true,"href":"https:\/\/uj.adatbank.ro\/lexikon\/wp-json\/wp\/v2\/product_cat?post=13815"},{"taxonomy":"product_tag","embeddable":true,"href":"https:\/\/uj.adatbank.ro\/lexikon\/wp-json\/wp\/v2\/product_tag?post=13815"}],"curies":[{"name":"wp","href":"https:\/\/api.w.org\/{rel}","templated":true}]}}

LÁZÁR Móric; Mór, szárhegyi és gyalakuti gr.

<p>Szárhegy, 1817. márc. 20, † Meggyesfalva, 1865. aug. 4.: Marosszék tiszteletbeli jegyzője, földbirtokos és lótenyésztő. – L. József (1782–1865) és Pécsy Eszter fia. Felesége: nagybarcsai Barcsai Polixénia (1841. febr, 28.). Gyermekeik: Vince (1841-?); Olga (1843- 1902), br. Radák Ádámné (1843–1902), Jenő (1845–1900), Corina Bors Gusztávné (1851–1890)., Meggyesfalván nyugosznak. – Első oktatását a mv.-i iskolákban nyerte, a kv.-i gimn.-ban és líc.-ban folytatta tanulmányait. Azután apja házához Mv.-re tért vissza s a kir. táblai joggyakorlathoz kezdett. Marosszék tiszteletbeli jegyzője volt (1839–43); Mezőménesre telepedett, gazdasággal foglalkozott, míg az 1848. események őt is a székely táborba szólították, ahol tiszti rangot viselt. Proklamációban lelkesítette a székelyeket. Vezetője annak a székely hadosztálynak, amely feldúlta, felégette Szászrégen városát (1848. nov.1.). Az 1848. nov. 5. mv.-i események után, apját a város részéről kezesnek adták, majd 1849-ben egy ideig Urbán cs. kir. ezredes fogva tartotta Kv.-on. A szabadságharc után Bilakra (Doboka ) települt a ménese nemesítésére nagy gondot és költséget fordított. Angliába utazott (1857) és Yorkshire legjelesebb lótenyésztő-intézeteit látogatta meg és Tatton Sykestől telivér angol anyakancákat hozott. Szárhegyen és gyergyói javaiban ő volt a legnagyobb birtokos. Erdője volt Székelykakasdon is. Meggyesfalván átépítette a korábbi udvarházat. A barokk kastély két különálló egyemeletes épülete leégett (1922), a szomszédságban épült u.n. vadászház és a víztorony megmaradt gondozatlan, lerombolt állapotban. Utolsó tulajdonosa L. Nóra Bissingen Ottoné volt. Magyarón is volt földbirtoka. Bidermann-nal létrehozta a Tutajozási Társulatot (1858 illetve 1863) és felépítették az első lóvontatású fasínes vasútat a fa szállításának megkönnyítésére. A lóvasutat Orbán Balázs is megemlítette. Hirlapi cikkeket írt anyagi kérdéseinkről. Proclamatiója: Fegyverre polgártársak! (Mv.; 1848. ápr. 15). (Fegyverre szólítja m. polgártársait a bujtogatók és honárulók ellen). <br /><strong>Irod.:</strong> 1848–1849 Transilvania; Biás I.; Bicsok-Orbán; Gudenus; Időtár 2; Keresztes 1995; Lázár Miklós gr.: A gróf Lázár család. (Kv., 1858); Magyaró hétköznapjai; Pálmay; Pesty 2014; Szinnyei; Tófalvi Zoltán: 1848 márciusa a Székelyföldön, Mv.-en (Nú., 1998. márc. 12–13.)</br></p>

<p>Szárhegy, 1817. márc. 20, † Meggyesfalva, 1865. aug. 4.: Marosszék tiszteletbeli jegyzője, földbirtokos és lótenyésztő. – L. József (1782–1865) és Pécsy Eszter fia. Felesége: nagybarcsai Barcsai Polixénia (1841. febr, 28.). Gyermekeik: Vince (1841-?); Olga (1843- 1902), br. Radák Ádámné (1843–1902), Jenő (1845–1900), Corina Bors Gusztávné (1851–1890)., Meggyesfalván nyugosznak. – Első oktatását a mv.-i iskolákban nyerte, a [&hellip;]</p>
