{"id":13816,"date":"2025-07-15T12:40:56","date_gmt":"2025-07-15T10:40:56","guid":{"rendered":"https:\/\/uj.adatbank.ro\/lexikon\/termek\/lazar-nora-%c2%a7-lazar-eleonora-nora-gyergyoszarhegyi-es-gyalakuti-gr-dr-bissingen-nippenburg-ottone\/"},"modified":"2025-07-15T12:40:56","modified_gmt":"2025-07-15T10:40:56","slug":"lazar-nora-%c2%a7-lazar-eleonora-nora-gyergyoszarhegyi-es-gyalakuti-gr-dr-bissingen-nippenburg-ottone","status":"publish","type":"product","link":"https:\/\/uj.adatbank.ro\/lexikon\/termek\/lazar-nora-%c2%a7-lazar-eleonora-nora-gyergyoszarhegyi-es-gyalakuti-gr-dr-bissingen-nippenburg-ottone\/","title":{"rendered":"L\u00c1Z\u00c1R N\u00f3ra, \u00a7 L\u00e1z\u00e1r Eleon\u00f3ra \/ N\u00f3ra, gyergy\u00f3sz\u00e1rhegyi \u00e9s gyalakuti gr.; dr. Bissingen Nippenburg Ott\u00f3n\u00e9"},"content":{"rendered":"<p>Meggyesfalva, 1871. febr. 24., \u2020 Mv., 1952. \u00e1pr. 2.: meggyesfalvi birtokos.- L. Jen\u0151 (1845\u20131900) \u00e9s borsodi br. Bors Rudolfina le\u00e1nya. F\u00e9rje Bissingen-Nippenburg Otto (1860\u20131900) cs. kir kamar\u00e1s, husz\u00e1rkapit\u00e1ny a 13. regimentben. (Esk\u00fcv\u0151 : Bp. 1895. aug. 25.), p\u00e1rbajban halt meg. Gyermekeik: Otto (1900-\u00d3futak, 1918. j\u00fal. 19); N\u00f3ra, gr. Salm-Hochstraten Hermann\u00e9; Erzs\u00e9bet (1899\u20131984), Margit Apor Istv\u00e1nn\u00e9 (1897\u20131980). \u2013 A Bissingen gr\u00f3fok egy emeletes h\u00e1za a mv.-i F\u0151t\u00e9ren \u00e9p\u00fclt (18. sz. kezdet\u00e9n), f\u00f6ldsz\u00edntj\u00e9n k\u00e1v\u00e9h\u00e1z \u00e9s \u00fczeletek m\u0171k\u00f6dtek (Bart\u00f3k B. u. jobb sark\u00e1n). K\u00e9relmezte a v\u00e1rosh\u00e1z\u00e1n, hogy a f\u0151t\u00e9r m\u00f6g\u00f6tti \u00e9p\u00edt\u00e9si ter\u00fcletet, mely tulajdona volt, feloszthassa telkekre \u00e9s utc\u00e1t nyithasson a F\u0151t\u00e9r \u00e9s Iskola utca k\u00f6z\u00f6tt (1912). Mv.-en a Korz\u00f3 k\u00f6zben, a mai Bart\u00f3k B\u00e9la u. voltak h\u00e1zai, a Bart\u00f3k B\u00e9la u. \u00e9s a R\u00f3zs\u00e1k tere sark\u00e1n \u00e1ll\u00f3 emeletes h\u00e1z is a Bissingen csal\u00e1d\u00e9 volt. Braun R\u00f3bert h\u00edrlapi cikkben telekspekul\u00e1ci\u00f3val v\u00e1dolta, amikor megnyitotta a Korz\u00f3k\u00f6zt (1910. dec. 4), a fennmaradt belter\u00fcleti telkeket dr\u00e1g\u00e1n adta el. A meggyesfalvi kast\u00e9ly utols\u00f3 tulajdonosa, a h\u00fasz hekt\u00e1rnyi kiterjed\u00e9s\u0171 parkban, a halast\u00f3 k\u00f6zel\u00e9ben \u00e1ll\u00f3 k\u00e9t \u00e9p\u00fclete le\u00e9gett, a nagyobbik (1921. okt.) \u00e9s a kisebbik r\u00e9sze (1922. febr.). Meggyesfalv\u00e1n n\u00e9gyoszt\u00e1lyos elemi iskol\u00e1t \u00e9p\u00edtetett, a tan\u00edt\u00f3knak teljes ell\u00e1t\u00e1st biztos\u00edtott. A mv.-i J\u00f3t\u00e9kony N\u0151egylet eln\u0151ke (1903\u201312?), Az I. vh. alatt le\u00e1ny\u00e1val egy\u00fctt, a helyi V\u00f6r\u00f6s Kereszt K\u00f3rh\u00e1z \u00e1pol\u00f3n\u0151je lett, a k\u00f3rh\u00e1z f\u0151n\u00f6ke (1914\u2013), a Klotild \u00c1rvah\u00e1z eln\u0151ke volt. Az 1547 hold f\u00f6ldj\u00e9b\u0151l a f\u00f6ldreformkor (1921) kisaj\u00e1t\u00edtottak t\u00f6bb mint 83 sz\u00e1zal\u00e9kot, 257 hold maradt. <br \/><strong>Irod.:<\/strong> EM; F\u00fcl\u00f6p\u2013Ferencz; Gomb\u00e1s Emma: A Mv.-i J\u00f3t\u00e9kony N\u0151egylet 50 \u00e9ves t\u00f6rt\u00e9nete (Mv., 1911); Gudenus; Id\u0151t\u00e1r 1; Id\u0151t\u00e1r 2; Keresztes Gyula: \u00d6r\u00f6ks\u00e9g\u00fcnk 45.: A meggyesfalvi kast\u00e9ly \u00e9p\u00fcletei (N\u00fa., 1993. nov. 19.); Kornis; Koszta; Lev\u00e9lt\u00e1ri gy\u00e1szj.; Moln\u00e1r G\u00e1bor: A Mv.-i J\u00f3t\u00e9kony N\u0151egylet (Marosv\u00e1s\u00e1rhely, 1911. nov. 1.); Mv. \u00e9s a h\u00e1bor\u00fa 1.; Pan\u0103; s\u00edrk\u0151 a kat. temet\u0151ben; T\u00eergu Mure\u015f<\/br><\/p>\n","protected":false},"excerpt":{"rendered":"<p>Meggyesfalva, 1871. febr. 24., \u2020 Mv., 1952. \u00e1pr. 2.: meggyesfalvi birtokos.- L. Jen\u0151 (1845\u20131900) \u00e9s borsodi br. Bors Rudolfina le\u00e1nya. F\u00e9rje Bissingen-Nippenburg Otto (1860\u20131900) cs. kir kamar\u00e1s, husz\u00e1rkapit\u00e1ny a 13. regimentben. (Esk\u00fcv\u0151 : Bp. 1895. aug. 25.), p\u00e1rbajban halt meg. Gyermekeik: Otto (1900-\u00d3futak, 1918. j\u00fal. 19); N\u00f3ra, gr. Salm-Hochstraten Hermann\u00e9; Erzs\u00e9bet (1899\u20131984), Margit Apor Istv\u00e1nn\u00e9 [&hellip;]<\/p>\n","protected":false},"featured_media":0,"comment_status":"open","ping_status":"closed","template":"","meta":[],"product_brand":[],"product_cat":[137],"product_tag":[],"class_list":{"0":"post-13816","1":"product","2":"type-product","3":"status-publish","5":"product_cat-maros-megyei-eletrajzi-lexikon","7":"first","8":"instock","9":"shipping-taxable","10":"product-type-simple"},"_links":{"self":[{"href":"https:\/\/uj.adatbank.ro\/lexikon\/wp-json\/wp\/v2\/product\/13816","targetHints":{"allow":["GET"]}}],"collection":[{"href":"https:\/\/uj.adatbank.ro\/lexikon\/wp-json\/wp\/v2\/product"}],"about":[{"href":"https:\/\/uj.adatbank.ro\/lexikon\/wp-json\/wp\/v2\/types\/product"}],"replies":[{"embeddable":true,"href":"https:\/\/uj.adatbank.ro\/lexikon\/wp-json\/wp\/v2\/comments?post=13816"}],"wp:attachment":[{"href":"https:\/\/uj.adatbank.ro\/lexikon\/wp-json\/wp\/v2\/media?parent=13816"}],"wp:term":[{"taxonomy":"product_brand","embeddable":true,"href":"https:\/\/uj.adatbank.ro\/lexikon\/wp-json\/wp\/v2\/product_brand?post=13816"},{"taxonomy":"product_cat","embeddable":true,"href":"https:\/\/uj.adatbank.ro\/lexikon\/wp-json\/wp\/v2\/product_cat?post=13816"},{"taxonomy":"product_tag","embeddable":true,"href":"https:\/\/uj.adatbank.ro\/lexikon\/wp-json\/wp\/v2\/product_tag?post=13816"}],"curies":[{"name":"wp","href":"https:\/\/api.w.org\/{rel}","templated":true}]}}

LÁZÁR Nóra, § Lázár Eleonóra / Nóra, gyergyószárhegyi és gyalakuti gr.; dr. Bissingen Nippenburg Ottóné

<p>Meggyesfalva, 1871. febr. 24., † Mv., 1952. ápr. 2.: meggyesfalvi birtokos.- L. Jenő (1845–1900) és borsodi br. Bors Rudolfina leánya. Férje Bissingen-Nippenburg Otto (1860–1900) cs. kir kamarás, huszárkapitány a 13. regimentben. (Esküvő : Bp. 1895. aug. 25.), párbajban halt meg. Gyermekeik: Otto (1900-Ófutak, 1918. júl. 19); Nóra, gr. Salm-Hochstraten Hermanné; Erzsébet (1899–1984), Margit Apor Istvánné (1897–1980). – A Bissingen grófok egy emeletes háza a mv.-i Főtéren épült (18. sz. kezdetén), földszíntjén kávéház és üzeletek működtek (Bartók B. u. jobb sarkán). Kérelmezte a városházán, hogy a főtér mögötti építési területet, mely tulajdona volt, feloszthassa telkekre és utcát nyithasson a Főtér és Iskola utca között (1912). Mv.-en a Korzó közben, a mai Bartók Béla u. voltak házai, a Bartók Béla u. és a Rózsák tere sarkán álló emeletes ház is a Bissingen családé volt. Braun Róbert hírlapi cikkben telekspekulációval vádolta, amikor megnyitotta a Korzóközt (1910. dec. 4), a fennmaradt belterületi telkeket drágán adta el. A meggyesfalvi kastély utolsó tulajdonosa, a húsz hektárnyi kiterjedésű parkban, a halastó közelében álló két épülete leégett, a nagyobbik (1921. okt.) és a kisebbik része (1922. febr.). Meggyesfalván négyosztályos elemi iskolát építetett, a tanítóknak teljes ellátást biztosított. A mv.-i Jótékony Nőegylet elnőke (1903–12?), Az I. vh. alatt leányával együtt, a helyi Vörös Kereszt Kórház ápolónője lett, a kórház főnöke (1914–), a Klotild Árvaház elnőke volt. Az 1547 hold földjéből a földreformkor (1921) kisajátítottak több mint 83 százalékot, 257 hold maradt. <br /><strong>Irod.:</strong> EM; Fülöp–Ferencz; Gombás Emma: A Mv.-i Jótékony Nőegylet 50 éves története (Mv., 1911); Gudenus; Időtár 1; Időtár 2; Keresztes Gyula: Örökségünk 45.: A meggyesfalvi kastély épületei (Nú., 1993. nov. 19.); Kornis; Koszta; Levéltári gyászj.; Molnár Gábor: A Mv.-i Jótékony Nőegylet (Marosvásárhely, 1911. nov. 1.); Mv. és a háború 1.; Pană; sírkő a kat. temetőben; Tîrgu Mureş</br></p>

<p>Meggyesfalva, 1871. febr. 24., † Mv., 1952. ápr. 2.: meggyesfalvi birtokos.- L. Jenő (1845–1900) és borsodi br. Bors Rudolfina leánya. Férje Bissingen-Nippenburg Otto (1860–1900) cs. kir kamarás, huszárkapitány a 13. regimentben. (Esküvő : Bp. 1895. aug. 25.), párbajban halt meg. Gyermekeik: Otto (1900-Ófutak, 1918. júl. 19); Nóra, gr. Salm-Hochstraten Hermanné; Erzsébet (1899–1984), Margit Apor Istvánné [&hellip;]</p>
