{"id":13817,"date":"2025-07-15T12:40:58","date_gmt":"2025-07-15T10:40:58","guid":{"rendered":"https:\/\/uj.adatbank.ro\/lexikon\/termek\/lazar-odon\/"},"modified":"2025-07-15T12:40:58","modified_gmt":"2025-07-15T10:40:58","slug":"lazar-odon","status":"publish","type":"product","link":"https:\/\/uj.adatbank.ro\/lexikon\/termek\/lazar-odon\/","title":{"rendered":"L\u00c1Z\u00c1R \u00d6d\u00f6n"},"content":{"rendered":"<p>Mv., 1901. m\u00e1j. 14., \u2020 SzU, 1941. okt. : munk\u00e1smozgalmi harcos.- Kor\u00e1n keresked\u0151 inasnak kellett \u00e1llnia, ez\u00e9rt csak 11 \u00e9ves kor\u00e1ig j\u00e1rt iskol\u00e1ba. Egyike a KISZ \u00e9s RKP els\u0151 szervez\u0151inek \u00e9s vezet\u0151inek Mv.-en. Bekapcsol\u00f3dott a szoci\u00e1ldemokrata p\u00e1rt megszervez\u00e9s\u00e9be (1918), \u00e9s a RKP munk\u00e1j\u00e1ba (1921). Megszervezte a mv.-i ifj\u00famunk\u00e1sok kultur\u00e1lis-nevel\u0151 \u00e9s ideol\u00f3giai tev\u00e9kenys\u00e9g\u00e9t. Megv\u00e1lasztott\u00e1k az Erd\u00e9lyi \u00e9s B\u00e1n\u00e1ti Alkalmazottak Sz\u00f6vets\u00e9g\u00e9nek vezet\u0151j\u00e9v\u00e9, majd titk\u00e1r\u00e1v\u00e1 (1920. j\u00fal.). A munk\u00e1smegmozdul\u00e1sok mind gyakoribb\u00e1 v\u00e1ltak, szervez\u0151je a mv.-i faipari \u00e9s vas\u00fati munk\u00e1sok sztr\u00e1jkj\u00e1nak (1920).Tagja lett a Szocialista P\u00e1rtnak, majd a RKP-nak (1922). A marosv\u00f6lgyi munk\u00e1ss\u00e1g egyik legnagyobb sztr\u00e1jkj\u00e1nak szervez\u00e9s\u00e9ben vett r\u00e9szt (1923), letart\u00f3ztatt\u00e1k, perbe fogt\u00e1k, Jilavan beb\u00f6rt\u00f6n\u00f6zt\u00e9k (1925). Bekapcsol\u00f3dott a Munk\u00e1sotthon tev\u00e9kenys\u00e9g\u00e9be, k\u00f6nyvt\u00e1ros, majd titk\u00e1ra a Szabad Munk\u00e1sikol\u00e1nak.T\u00f6bb t\u00e1rs\u00e1val egy\u00fctt Kv.-on \u00fajb\u00f3l el\u00edt\u00e9lt\u00e9k \u00e9s beb\u00f6rt\u00f6n\u00f6zt\u00e9k (1929\u201333), majd a vas\u00fati \u00e9s k\u0151olajipari sztr\u00e1jkok idej\u00e9n \u00fajra letart\u00f3ztatt\u00e1k \u00e9s Gyulafef\u00e9rv\u00e1ron raboskodott, ahol 44 napig \u00e9hs\u00e9gsztr\u00e1jkot tartott (1935), t\u00fcd\u0151bajjal szabadult. A V\u00f6r\u00f6s Seg\u00e9ly Cseszlov\u00e1ki\u00e1ba, majd a Szovjetuni\u00f3ba menekitette, kezeltett\u00e9k, majd Moszvkv\u00e1ban dolgozott, r\u00e9szt vett egy \u00fczem \u00fajj\u00e1\u00e9p\u00edt\u00e9s\u00e9ben, \u00fczem\u00e9t Keletre telep\u00edtett\u00e9k (1941. okt.), \u00fatk\u00f6zben s\u00falyosan megbetegedett \u00e9s meghalt. Szerkesztette a mv.-i El\u0151r\u00e9t (1921\u201323). Eml\u00e9k\u00e9re Mv.-en nev\u00e9vel jelzett, a Poklos patakon \u00e1tv\u00edv\u0151 vasbeton h\u00eddat avattak a volt Panov u.-ban (1948. aug. 17.), majd gy\u00e1rat neveztek el (1950\u201360-as \u00e9vekben). <br \/><strong>Irod.:<\/strong> Csepreghy 2010; Fuchs Simon: A kommunista P\u00e1rthoz vezet\u0151 \u00faton (Korunk, 10. sz., 1957); Fuchs Simon: Munk\u00e1smozgalom a Maros v\u00f6lgy\u00e9ben (Buk., 1975); Ga\u00e1l Korn\u00e9lia: Maros-megyei munk\u00e1smozgalmi harcosok, akik nem \u00fcnnepelhettek vel\u00fcnk (V. Z., 1971. m\u00e1j. 9.); Gr\u00fcn Magda: L. \u00d6. (1901\u20130941) (V. Z., 1971. m\u00e1j. 14.); Profiluri mure\u015fene.2.; \u00dajabb vasbeton h\u00eddat avattak fel Mv.-en (N\u00e9p\u00fajs\u00e1g, 1948. aug. 21.); Weisz S\u00e1ndor:\u201e A konspirat\u00edv munka tan\u00edt\u00f3mestere volt \u201d (V. Z., 1971. m\u00e1j. 4.)<\/br><\/p>\n","protected":false},"excerpt":{"rendered":"<p>Mv., 1901. m\u00e1j. 14., \u2020 SzU, 1941. okt. : munk\u00e1smozgalmi harcos.- Kor\u00e1n keresked\u0151 inasnak kellett \u00e1llnia, ez\u00e9rt csak 11 \u00e9ves kor\u00e1ig j\u00e1rt iskol\u00e1ba. Egyike a KISZ \u00e9s RKP els\u0151 szervez\u0151inek \u00e9s vezet\u0151inek Mv.-en. Bekapcsol\u00f3dott a szoci\u00e1ldemokrata p\u00e1rt megszervez\u00e9s\u00e9be (1918), \u00e9s a RKP munk\u00e1j\u00e1ba (1921). Megszervezte a mv.-i ifj\u00famunk\u00e1sok kultur\u00e1lis-nevel\u0151 \u00e9s ideol\u00f3giai tev\u00e9kenys\u00e9g\u00e9t. Megv\u00e1lasztott\u00e1k az Erd\u00e9lyi [&hellip;]<\/p>\n","protected":false},"featured_media":0,"comment_status":"open","ping_status":"closed","template":"","meta":[],"product_brand":[],"product_cat":[137],"product_tag":[],"class_list":{"0":"post-13817","1":"product","2":"type-product","3":"status-publish","5":"product_cat-maros-megyei-eletrajzi-lexikon","7":"first","8":"instock","9":"shipping-taxable","10":"product-type-simple"},"_links":{"self":[{"href":"https:\/\/uj.adatbank.ro\/lexikon\/wp-json\/wp\/v2\/product\/13817","targetHints":{"allow":["GET"]}}],"collection":[{"href":"https:\/\/uj.adatbank.ro\/lexikon\/wp-json\/wp\/v2\/product"}],"about":[{"href":"https:\/\/uj.adatbank.ro\/lexikon\/wp-json\/wp\/v2\/types\/product"}],"replies":[{"embeddable":true,"href":"https:\/\/uj.adatbank.ro\/lexikon\/wp-json\/wp\/v2\/comments?post=13817"}],"wp:attachment":[{"href":"https:\/\/uj.adatbank.ro\/lexikon\/wp-json\/wp\/v2\/media?parent=13817"}],"wp:term":[{"taxonomy":"product_brand","embeddable":true,"href":"https:\/\/uj.adatbank.ro\/lexikon\/wp-json\/wp\/v2\/product_brand?post=13817"},{"taxonomy":"product_cat","embeddable":true,"href":"https:\/\/uj.adatbank.ro\/lexikon\/wp-json\/wp\/v2\/product_cat?post=13817"},{"taxonomy":"product_tag","embeddable":true,"href":"https:\/\/uj.adatbank.ro\/lexikon\/wp-json\/wp\/v2\/product_tag?post=13817"}],"curies":[{"name":"wp","href":"https:\/\/api.w.org\/{rel}","templated":true}]}}

LÁZÁR Ödön

<p>Mv., 1901. máj. 14., † SzU, 1941. okt. : munkásmozgalmi harcos.- Korán kereskedő inasnak kellett állnia, ezért csak 11 éves koráig járt iskolába. Egyike a KISZ és RKP első szervezőinek és vezetőinek Mv.-en. Bekapcsolódott a szociáldemokrata párt megszervezésébe (1918), és a RKP munkájába (1921). Megszervezte a mv.-i ifjúmunkások kulturális-nevelő és ideológiai tevékenységét. Megválasztották az Erdélyi és Bánáti Alkalmazottak Szövetségének vezetőjévé, majd titkárává (1920. júl.). A munkásmegmozdulások mind gyakoribbá váltak, szervezője a mv.-i faipari és vasúti munkások sztrájkjának (1920).Tagja lett a Szocialista Pártnak, majd a RKP-nak (1922). A marosvölgyi munkásság egyik legnagyobb sztrájkjának szervezésében vett részt (1923), letartóztatták, perbe fogták, Jilavan bebörtönözték (1925). Bekapcsolódott a Munkásotthon tevékenységébe, könyvtáros, majd titkára a Szabad Munkásikolának.Több társával együtt Kv.-on újból elítélték és bebörtönözték (1929–33), majd a vasúti és kőolajipari sztrájkok idején újra letartóztatták és Gyulafeférváron raboskodott, ahol 44 napig éhségsztrájkot tartott (1935), tüdőbajjal szabadult. A Vörös Segély Cseszlovákiába, majd a Szovjetunióba menekitette, kezeltették, majd Moszvkvában dolgozott, részt vett egy üzem újjáépítésében, üzemét Keletre telepítették (1941. okt.), útközben súlyosan megbetegedett és meghalt. Szerkesztette a mv.-i Előrét (1921–23). Emlékére Mv.-en nevével jelzett, a Poklos patakon átvívő vasbeton hídat avattak a volt Panov u.-ban (1948. aug. 17.), majd gyárat neveztek el (1950–60-as években). <br /><strong>Irod.:</strong> Csepreghy 2010; Fuchs Simon: A kommunista Párthoz vezető úton (Korunk, 10. sz., 1957); Fuchs Simon: Munkásmozgalom a Maros völgyében (Buk., 1975); Gaál Kornélia: Maros-megyei munkásmozgalmi harcosok, akik nem ünnepelhettek velünk (V. Z., 1971. máj. 9.); Grün Magda: L. Ö. (1901–0941) (V. Z., 1971. máj. 14.); Profiluri mureşene.2.; Újabb vasbeton hídat avattak fel Mv.-en (Népújság, 1948. aug. 21.); Weisz Sándor:„ A konspiratív munka tanítómestere volt ” (V. Z., 1971. máj. 4.)</br></p>

<p>Mv., 1901. máj. 14., † SzU, 1941. okt. : munkásmozgalmi harcos.- Korán kereskedő inasnak kellett állnia, ezért csak 11 éves koráig járt iskolába. Egyike a KISZ és RKP első szervezőinek és vezetőinek Mv.-en. Bekapcsolódott a szociáldemokrata párt megszervezésébe (1918), és a RKP munkájába (1921). Megszervezte a mv.-i ifjúmunkások kulturális-nevelő és ideológiai tevékenységét. Megválasztották az Erdélyi [&hellip;]</p>
