{"id":13818,"date":"2025-07-15T12:41:01","date_gmt":"2025-07-15T10:41:01","guid":{"rendered":"https:\/\/uj.adatbank.ro\/lexikon\/termek\/lazar-olga-szarhegyi-gr-br-radak-adamne\/"},"modified":"2025-07-15T12:41:01","modified_gmt":"2025-07-15T10:41:01","slug":"lazar-olga-szarhegyi-gr-br-radak-adamne","status":"publish","type":"product","link":"https:\/\/uj.adatbank.ro\/lexikon\/termek\/lazar-olga-szarhegyi-gr-br-radak-adamne\/","title":{"rendered":"L\u00c1Z\u00c1R Olga, sz\u00e1rhegyi gr.; br. Rad\u00e1k \u00c1d\u00e1mn\u00e9"},"content":{"rendered":"<p>1843. aug. 31., \u2020\u00a0Bp., 1902. j\u00fan. 2. tem. Meggyesfalva j\u00fan. 5.: medgyesfalvi birtokos, gr.n\u0151. \u2013 L. M\u00f3ric (1817\u20131865) \u00e9s Barcsay Polix\u00e9nia (1822\u20131906) le\u00e1nya. F\u00e9rje: magyarb\u00e9nyei br. Rad\u00e1k \u00c1d\u00e1m (Mv., 1837-Kv., 1897) a f\u0151rendih\u00e1z \u00f6r\u00f6k\u00f6s tagja a Johanita-rend lovagj\u00e1hoz. (Meggyesfalva, 1864. febr. 28.). A mv.-i Kossuth Lajos u. 61. sz. \u00e9p\u00fclet \u00faj tulajdonosa (1898). A Csillag-k\u00f6z fel\u00f6li v\u00e9g\u00e9ben is volt \u00e9p\u00fclete. Az EMKE alap\u00edt\u00f3 \u00e9s \u00f6r\u00f6k\u00f6s tagja. A mv.-i J\u00f3t\u00e9kony N\u0151egylet eln\u00f6kn\u0151je (1901\u20131902). Hal\u00e1la ut\u00e1n a telke Milhofer P\u00e1l \u00e9s t\u00e1rsa Kauder M\u00f3r szeszgy\u00e1rosok birtok\u00e1ba ker\u00fclt. <br \/><strong>Irod.:<\/strong> Bern\u00e1dy Gy\u00f6rgy: Polg\u00e1rmesteri expoz\u00e9 (Marosv\u00e1s\u00e1rhely, 1911. nov. 1.); Gomb\u00e1s Emma: A Mv.-i J\u00f3t\u00e9kony N\u0151egylet 50 \u00e9ves t\u00f6rt\u00e9nete (Mv., 1911); Gudenus; Id\u0151t\u00e1r 2; L\u00e1z\u00e1r csal\u00e1d; Moln\u00e1r G\u00e1bor: A Mv.-i J\u00f3t\u00e9kony N\u0151egylet (Mv., 1911. nov. 1.); Orb\u00e1n \u2013 Oniga; P\u00e1lmay, S\u00e1ndor<\/br><\/p>\n","protected":false},"excerpt":{"rendered":"<p>1843. aug. 31., \u2020\u00a0Bp., 1902. j\u00fan. 2. tem. Meggyesfalva j\u00fan. 5.: medgyesfalvi birtokos, gr.n\u0151. \u2013 L. M\u00f3ric (1817\u20131865) \u00e9s Barcsay Polix\u00e9nia (1822\u20131906) le\u00e1nya. F\u00e9rje: magyarb\u00e9nyei br. Rad\u00e1k \u00c1d\u00e1m (Mv., 1837-Kv., 1897) a f\u0151rendih\u00e1z \u00f6r\u00f6k\u00f6s tagja a Johanita-rend lovagj\u00e1hoz. (Meggyesfalva, 1864. febr. 28.). A mv.-i Kossuth Lajos u. 61. sz. \u00e9p\u00fclet \u00faj tulajdonosa (1898). A Csillag-k\u00f6z [&hellip;]<\/p>\n","protected":false},"featured_media":0,"comment_status":"open","ping_status":"closed","template":"","meta":[],"product_brand":[],"product_cat":[137],"product_tag":[],"class_list":{"0":"post-13818","1":"product","2":"type-product","3":"status-publish","5":"product_cat-maros-megyei-eletrajzi-lexikon","7":"first","8":"instock","9":"shipping-taxable","10":"product-type-simple"},"_links":{"self":[{"href":"https:\/\/uj.adatbank.ro\/lexikon\/wp-json\/wp\/v2\/product\/13818","targetHints":{"allow":["GET"]}}],"collection":[{"href":"https:\/\/uj.adatbank.ro\/lexikon\/wp-json\/wp\/v2\/product"}],"about":[{"href":"https:\/\/uj.adatbank.ro\/lexikon\/wp-json\/wp\/v2\/types\/product"}],"replies":[{"embeddable":true,"href":"https:\/\/uj.adatbank.ro\/lexikon\/wp-json\/wp\/v2\/comments?post=13818"}],"wp:attachment":[{"href":"https:\/\/uj.adatbank.ro\/lexikon\/wp-json\/wp\/v2\/media?parent=13818"}],"wp:term":[{"taxonomy":"product_brand","embeddable":true,"href":"https:\/\/uj.adatbank.ro\/lexikon\/wp-json\/wp\/v2\/product_brand?post=13818"},{"taxonomy":"product_cat","embeddable":true,"href":"https:\/\/uj.adatbank.ro\/lexikon\/wp-json\/wp\/v2\/product_cat?post=13818"},{"taxonomy":"product_tag","embeddable":true,"href":"https:\/\/uj.adatbank.ro\/lexikon\/wp-json\/wp\/v2\/product_tag?post=13818"}],"curies":[{"name":"wp","href":"https:\/\/api.w.org\/{rel}","templated":true}]}}

LÁZÁR Olga, szárhegyi gr.; br. Radák Ádámné

<p>1843. aug. 31., † Bp., 1902. jún. 2. tem. Meggyesfalva jún. 5.: medgyesfalvi birtokos, gr.nő. – L. Móric (1817–1865) és Barcsay Polixénia (1822–1906) leánya. Férje: magyarbényei br. Radák Ádám (Mv., 1837-Kv., 1897) a főrendiház örökös tagja a Johanita-rend lovagjához. (Meggyesfalva, 1864. febr. 28.). A mv.-i Kossuth Lajos u. 61. sz. épület új tulajdonosa (1898). A Csillag-köz felöli végében is volt épülete. Az EMKE alapító és örökös tagja. A mv.-i Jótékony Nőegylet elnöknője (1901–1902). Halála után a telke Milhofer Pál és társa Kauder Mór szeszgyárosok birtokába került. <br /><strong>Irod.:</strong> Bernády György: Polgármesteri expozé (Marosvásárhely, 1911. nov. 1.); Gombás Emma: A Mv.-i Jótékony Nőegylet 50 éves története (Mv., 1911); Gudenus; Időtár 2; Lázár család; Molnár Gábor: A Mv.-i Jótékony Nőegylet (Mv., 1911. nov. 1.); Orbán – Oniga; Pálmay, Sándor</br></p>

<p>1843. aug. 31., † Bp., 1902. jún. 2. tem. Meggyesfalva jún. 5.: medgyesfalvi birtokos, gr.nő. – L. Móric (1817–1865) és Barcsay Polixénia (1822–1906) leánya. Férje: magyarbényei br. Radák Ádám (Mv., 1837-Kv., 1897) a főrendiház örökös tagja a Johanita-rend lovagjához. (Meggyesfalva, 1864. febr. 28.). A mv.-i Kossuth Lajos u. 61. sz. épület új tulajdonosa (1898). A Csillag-köz [&hellip;]</p>
