{"id":13820,"date":"2025-07-15T12:41:05","date_gmt":"2025-07-15T10:41:05","guid":{"rendered":"https:\/\/uj.adatbank.ro\/lexikon\/termek\/lazar-roza-szarhegyi-gr-merey-adamne\/"},"modified":"2025-07-15T12:41:05","modified_gmt":"2025-07-15T10:41:05","slug":"lazar-roza-szarhegyi-gr-merey-adamne","status":"publish","type":"product","link":"https:\/\/uj.adatbank.ro\/lexikon\/termek\/lazar-roza-szarhegyi-gr-merey-adamne\/","title":{"rendered":"L\u00c1Z\u00c1R R\u00f3za, sz\u00e1rhegyi gr., M\u00e9rey \u00c1d\u00e1mn\u00e9"},"content":{"rendered":"<p>Mv., 1863. jan. 2. \u2020 Munk\u00e1cs, 1941. dec. 19.: sz\u00edn\u00e9sszn\u0151. \u2013 K\u00e1lm\u00e1n (1827\u20131874) \u00e9s s\u00e1rdi Sim\u00e9n Am\u00e1lia (1835\u20131907) le\u00e1nya. F\u00e9rje: Dr. M\u00e9rey \u00c1d\u00e1m (Bp., 1914). \u2013 Sz\u00ednpadra l\u00e9pett Kv.-on (1879). A Munk\u00e1csi Seg\u00e9lyz\u0151 N\u0151egylet eln\u00f6ke. <br \/><strong>Irod.:<\/strong> Gudenus; Sch\u00f6pflin<\/br><\/p>\n","protected":false},"excerpt":{"rendered":"<p>Mv., 1863. jan. 2. \u2020 Munk\u00e1cs, 1941. dec. 19.: sz\u00edn\u00e9sszn\u0151. \u2013 K\u00e1lm\u00e1n (1827\u20131874) \u00e9s s\u00e1rdi Sim\u00e9n Am\u00e1lia (1835\u20131907) le\u00e1nya. F\u00e9rje: Dr. M\u00e9rey \u00c1d\u00e1m (Bp., 1914). \u2013 Sz\u00ednpadra l\u00e9pett Kv.-on (1879). A Munk\u00e1csi Seg\u00e9lyz\u0151 N\u0151egylet eln\u00f6ke. Irod.: Gudenus; Sch\u00f6pflin<\/p>\n","protected":false},"featured_media":0,"comment_status":"open","ping_status":"closed","template":"","meta":[],"product_brand":[],"product_cat":[137],"product_tag":[],"class_list":{"0":"post-13820","1":"product","2":"type-product","3":"status-publish","5":"product_cat-maros-megyei-eletrajzi-lexikon","7":"first","8":"instock","9":"shipping-taxable","10":"product-type-simple"},"_links":{"self":[{"href":"https:\/\/uj.adatbank.ro\/lexikon\/wp-json\/wp\/v2\/product\/13820","targetHints":{"allow":["GET"]}}],"collection":[{"href":"https:\/\/uj.adatbank.ro\/lexikon\/wp-json\/wp\/v2\/product"}],"about":[{"href":"https:\/\/uj.adatbank.ro\/lexikon\/wp-json\/wp\/v2\/types\/product"}],"replies":[{"embeddable":true,"href":"https:\/\/uj.adatbank.ro\/lexikon\/wp-json\/wp\/v2\/comments?post=13820"}],"wp:attachment":[{"href":"https:\/\/uj.adatbank.ro\/lexikon\/wp-json\/wp\/v2\/media?parent=13820"}],"wp:term":[{"taxonomy":"product_brand","embeddable":true,"href":"https:\/\/uj.adatbank.ro\/lexikon\/wp-json\/wp\/v2\/product_brand?post=13820"},{"taxonomy":"product_cat","embeddable":true,"href":"https:\/\/uj.adatbank.ro\/lexikon\/wp-json\/wp\/v2\/product_cat?post=13820"},{"taxonomy":"product_tag","embeddable":true,"href":"https:\/\/uj.adatbank.ro\/lexikon\/wp-json\/wp\/v2\/product_tag?post=13820"}],"curies":[{"name":"wp","href":"https:\/\/api.w.org\/{rel}","templated":true}]}}