{"id":13823,"date":"2025-07-15T12:41:11","date_gmt":"2025-07-15T10:41:11","guid":{"rendered":"https:\/\/uj.adatbank.ro\/lexikon\/termek\/lazar-szini-karola-lazar-zoltanne\/"},"modified":"2025-07-15T12:41:11","modified_gmt":"2025-07-15T10:41:11","slug":"lazar-szini-karola-lazar-zoltanne","status":"publish","type":"product","link":"https:\/\/uj.adatbank.ro\/lexikon\/termek\/lazar-szini-karola-lazar-zoltanne\/","title":{"rendered":"L\u00c1Z\u00c1R SZ\u00cdNI Karola, L\u00e1z\u00e1r Zolt\u00e1nn\u00e9"},"content":{"rendered":"<p>Gyergy\u00f3sz\u00e1rhegy, 1929. jan. 6., \u2020 Mv., 2000. \u00e1pr. 15.: tan\u00e1r, orvost\u00f6rt\u00e9n\u00e9sz, k\u00f6nyvt\u00e1ros. \u2013 F\u00e9rje: L. Zolt\u00e1n m\u00e9n\u00f6k. \u2013 Gyergy\u00f3szentmikl\u00f3son \u00e9retts\u00e9gizett (1948); a BTE Filol\u00f3gia Kar\u00e1n szerzett tan\u00e1ri oklevelet m. nyelv \u00e9s irodalom szakon (1952). Tan\u00edtott Nagyb\u00e1ny\u00e1n (1952\u201356); Mv.-en a Bolyai Farkas L\u00edc.-ban (1956\u201357); tan\u00e1rseg\u00e9d \u00e9s tudom\u00e1nyos kutat\u00f3 a mv.-i OGYI Orvost\u00f6rt\u00e9neti Tansz\u00e9k\u00e9n, majd kabinetf\u0151n\u00f6k (1957. jan. 14.\u201376); k\u00f6nyvt\u00e1ros a MMK gyermekr\u00e9szleg\u00e9n (1976\u201380), majd a Teleki-Bolyai K\u00f6nyvt\u00e1rban (1980\u201384). Kutat\u00e1si ter\u00fclete: orvosi lingvisztika, orvost\u00f6rt\u00e9net, k\u00fcl\u00f6n\u00f6s k\u00e9ppen a XVIII sz.-i erd\u00e9lyi gy\u00f3gyszer\u00e9szetre; Spielmann J\u00f3zsef munkat\u00e1rsaival k\u00f6z\u00f6sen hozott nyilv\u00e1noss\u00e1gra \u00faj adatokat Lencs\u00e9s Gy\u00f6rgyr\u0151l, a m. Ars Medica szerz\u0151j\u00e9r\u0151l (1970\u201376); Szab\u00f3 T. Attila ir\u00e1nyit\u00e1s\u00e1val kapcsol\u00f3dott be a m. orvosi szakterminol\u00f3gi\u00e1k feldolgoz\u00e1s\u00e1ba. Fontosabb tanulm\u00e1nyai : A magyar orvosi sz\u00f3kincs fejl\u0151d\u00e9s\u00e9nek kezdete (1977); Anat\u00f3miai \u00e9s k\u00f3rtani m\u0171szavak bels\u0151 struktur\u00e1ja a XVI. sz\u00e1zadi Ars Medicaban (1981\u201382); ismertette Osualdus de Lesco Biga Salutis c. m\u0171ve 1497-b\u0151l sz\u00e1rmaz\u00f3 \u0151snyomtatv\u00e1ny\u00e1t a Teleki T\u00e9k\u00e1b\u00f3l (1983); n\u00e9pszer\u0171s\u00edt\u0151 \u00edr\u00e1saiban orvost\u00f6rt\u00e9neti kutatat\u00e1sokr\u00f3l t\u00e1j\u00e9koztatott, feleven\u00edtette a gy\u00f3gy\u00edt\u00f3 \u00c1rva Bethlen Kata, Fuguly\u00e1n Katalin eml\u00e9k\u00e9t, r\u00e1mutatott t\u00f6bb orvosi kifejez\u00e9s eredet\u00e9re. R\u00e9szt vett t\u00f6bb orvost\u00f6rt\u00e9neti \u00e9rtekezleten.K\u00f6z\u00f6lte \u00edr\u00e1sait a : Revista Medical\u0103- Orvosi Szemle, Farmacia, Horus (Orvosi Hetilap), Ver\u00f6ffentlichungen der Internationalen Gesellschaft f\u00fcr Geschichte der Pharmazie (Stuttgart), NyIrK, Orvost\u00f6rt\u00e9neti K\u00f6zlem\u00e9nyek, Gy\u00f3gyszer\u00e9szet, Orvosi Hetilap, Pagina di Storia della Medicina, Korunk, V\u00f6r\u00f6s Z\u00e1szl\u00f3, Dolgoz\u00f3 N\u0151, Magyar Nyelv\u0151r, M\u0171vel\u0151d\u00e9s, Term\u00e9szet Vil\u00e1ga Az EME \u00fajraindul\u00e1sa ut\u00e1n (1990\u2013) r\u00e9szt vett az Orvostudom\u00e1nyi Szakoszt\u00e1ly tev\u00e9kenys\u00e9g\u00e9ben, megalak\u00edtotta a M\u00e1tyus Istv\u00e1nr\u00f3l elnevezett szakcsoportot. \u2013 <strong>F. m.:<\/strong> Adal\u00e9k az \u201corsz\u00e1gos szemorvosok\u201d m\u0171k\u00f6d\u00e9s\u00e9hez Erd\u00e9lyben (1821\u20131854)  =  Spielmann J\u00f3zsef orvost\u00f6rt\u00e9n\u00e9sz eml\u00e9kk\u00f6nyve; <strong>t\u00e1rssz.:<\/strong> Din trecutul medicinei muncii \u00een Rom\u00e2nia (Buc., 1971); Istoria medicinei universale (Buc., 1972); Armarium: Studia ex historia scripturae, librorum et ephemeridum. 1.(Bp., 1976). <br \/><strong>Irod.:<\/strong> Facultatea de Farmacie din TgM; Genersich; K\u00fclf\u00f6ldi; Magy kutat\u00f3k; MIIB; P\u00e9ter; P\u00e9ter Mih\u00e1ly: A MOGYE Orvost\u00f6rt\u00e9neti tansz\u00e9k\u00e9nek t\u00f6rt\u00e9net\u00e9r\u0151l  =  Spielmann J\u00f3zsef orvost\u00f6rt\u00e9n\u00e9sz eml\u00e9kk\u00f6nyve; RMIL<\/br><\/p>\n","protected":false},"excerpt":{"rendered":"<p>Gyergy\u00f3sz\u00e1rhegy, 1929. jan. 6., \u2020 Mv., 2000. \u00e1pr. 15.: tan\u00e1r, orvost\u00f6rt\u00e9n\u00e9sz, k\u00f6nyvt\u00e1ros. \u2013 F\u00e9rje: L. Zolt\u00e1n m\u00e9n\u00f6k. \u2013 Gyergy\u00f3szentmikl\u00f3son \u00e9retts\u00e9gizett (1948); a BTE Filol\u00f3gia Kar\u00e1n szerzett tan\u00e1ri oklevelet m. nyelv \u00e9s irodalom szakon (1952). Tan\u00edtott Nagyb\u00e1ny\u00e1n (1952\u201356); Mv.-en a Bolyai Farkas L\u00edc.-ban (1956\u201357); tan\u00e1rseg\u00e9d \u00e9s tudom\u00e1nyos kutat\u00f3 a mv.-i OGYI Orvost\u00f6rt\u00e9neti Tansz\u00e9k\u00e9n, majd kabinetf\u0151n\u00f6k (1957. [&hellip;]<\/p>\n","protected":false},"featured_media":0,"comment_status":"open","ping_status":"closed","template":"","meta":[],"product_brand":[],"product_cat":[137],"product_tag":[],"class_list":{"0":"post-13823","1":"product","2":"type-product","3":"status-publish","5":"product_cat-maros-megyei-eletrajzi-lexikon","7":"first","8":"instock","9":"shipping-taxable","10":"product-type-simple"},"_links":{"self":[{"href":"https:\/\/uj.adatbank.ro\/lexikon\/wp-json\/wp\/v2\/product\/13823","targetHints":{"allow":["GET"]}}],"collection":[{"href":"https:\/\/uj.adatbank.ro\/lexikon\/wp-json\/wp\/v2\/product"}],"about":[{"href":"https:\/\/uj.adatbank.ro\/lexikon\/wp-json\/wp\/v2\/types\/product"}],"replies":[{"embeddable":true,"href":"https:\/\/uj.adatbank.ro\/lexikon\/wp-json\/wp\/v2\/comments?post=13823"}],"wp:attachment":[{"href":"https:\/\/uj.adatbank.ro\/lexikon\/wp-json\/wp\/v2\/media?parent=13823"}],"wp:term":[{"taxonomy":"product_brand","embeddable":true,"href":"https:\/\/uj.adatbank.ro\/lexikon\/wp-json\/wp\/v2\/product_brand?post=13823"},{"taxonomy":"product_cat","embeddable":true,"href":"https:\/\/uj.adatbank.ro\/lexikon\/wp-json\/wp\/v2\/product_cat?post=13823"},{"taxonomy":"product_tag","embeddable":true,"href":"https:\/\/uj.adatbank.ro\/lexikon\/wp-json\/wp\/v2\/product_tag?post=13823"}],"curies":[{"name":"wp","href":"https:\/\/api.w.org\/{rel}","templated":true}]}}