{"id":13824,"date":"2025-07-15T12:41:14","date_gmt":"2025-07-15T10:41:14","guid":{"rendered":"https:\/\/uj.adatbank.ro\/lexikon\/termek\/lazar-tibor-%c2%a7\/"},"modified":"2025-07-15T12:41:14","modified_gmt":"2025-07-15T10:41:14","slug":"lazar-tibor-%c2%a7","status":"publish","type":"product","link":"https:\/\/uj.adatbank.ro\/lexikon\/termek\/lazar-tibor-%c2%a7\/","title":{"rendered":"L\u00c1Z\u00c1R Tibor, \u00a7"},"content":{"rendered":"<p>Sz\u00e9kelyd\u00e1lya, 1929. \u00e1pr. 3., \u2020 Mv.,1993. jan. 6.: g\u00e9p\u00e9szm\u00e9rn\u00f6k \u2013 Feles\u00e9ge:\u00d6llerer Erika (Mv.,1938. szept. 11.\u2013). gy\u00f3gyszer\u00e9sz. Gyermekeik: Tibor (1967\u2013), Erik (1968\u2013), Rita (1973\u2013). \u2013 K\u0151z\u00e9piskolai tanulm\u00e1nyait Sz\u00e9kelyudvarhelyen v\u00e9gezte (1948); g\u00e9p\u00e9szm\u00e9rn\u00f6ki oklevelet Temesv\u00e1ron szerzett (1952). M\u00e9rn\u00f6kk\u00e9nt dolgozott a Medgidiai F\u00e9mipari V\u00e1llalatn\u00e1l (1953), majd a mv.-i F\u00e9mipari \u00c9p\u00edtkez\u00e9si Tr\u00f6sztn\u00e9l (1953\u201357) \u00e9s az Electro-Maros v\u00e1llalatn\u00e1l, mint f\u0151m\u00e9rn\u00f6k, a tervez\u0151 oszt\u00e1ly f\u0151n\u00f6ke (1961\u201389). Kutat\u00e1si ter\u00fclete: a villamos h\u00e1ztart\u00e1si k\u00e9sz\u00fcl\u00e9kek, cs\u0151f\u0171t\u0151testek elemeinek tervez\u00e9se, gy\u00e1rt\u00e1sa \u00e9s jav\u00edt\u00e1sa. A Munka\u00e9rdemrend III. Oszt\u00e1ly\u00e1nak kit\u0171ntetetteje (1966). Hobbyszinten foglalkozott a fest\u00e9szettel \u00e9s sz\u00f6v\u00e9szettel. \u2013 <strong>F. m.:<\/strong> <strong>t\u00e1rssz.:<\/strong> Repararea aparatelor electrocasnice (Buc., 1967); Elemente \u00eenc\u0103lzitoare electrice \u00een tuburi metalice (Buc., 1982); Villamoss\u00e1g a h\u00e1ztart\u00e1sban (M\u00e1th\u00e9 Bal\u00e1zs, J\u00f3zsa Imr\u00e9vel; Buk., 1983). <br \/><strong>Irod.:<\/strong> B\u00e9rczes Judit; Makkai J\u00e1nos: Mi foglalkoztatja? A kutat\u00f3m\u00e9rn\u00f6k\u00f6t (V. Z., 1985. febr. 28.); [Nekrol\u00f3g] (N\u00fa., 1993. jan. 8.); RMIL<\/br><\/p>\n","protected":false},"excerpt":{"rendered":"<p>Sz\u00e9kelyd\u00e1lya, 1929. \u00e1pr. 3., \u2020 Mv.,1993. jan. 6.: g\u00e9p\u00e9szm\u00e9rn\u00f6k \u2013 Feles\u00e9ge:\u00d6llerer Erika (Mv.,1938. szept. 11.\u2013). gy\u00f3gyszer\u00e9sz. Gyermekeik: Tibor (1967\u2013), Erik (1968\u2013), Rita (1973\u2013). \u2013 K\u0151z\u00e9piskolai tanulm\u00e1nyait Sz\u00e9kelyudvarhelyen v\u00e9gezte (1948); g\u00e9p\u00e9szm\u00e9rn\u00f6ki oklevelet Temesv\u00e1ron szerzett (1952). M\u00e9rn\u00f6kk\u00e9nt dolgozott a Medgidiai F\u00e9mipari V\u00e1llalatn\u00e1l (1953), majd a mv.-i F\u00e9mipari \u00c9p\u00edtkez\u00e9si Tr\u00f6sztn\u00e9l (1953\u201357) \u00e9s az Electro-Maros v\u00e1llalatn\u00e1l, mint f\u0151m\u00e9rn\u00f6k, a [&hellip;]<\/p>\n","protected":false},"featured_media":0,"comment_status":"open","ping_status":"closed","template":"","meta":[],"product_brand":[],"product_cat":[137],"product_tag":[],"class_list":{"0":"post-13824","1":"product","2":"type-product","3":"status-publish","5":"product_cat-maros-megyei-eletrajzi-lexikon","7":"first","8":"instock","9":"shipping-taxable","10":"product-type-simple"},"_links":{"self":[{"href":"https:\/\/uj.adatbank.ro\/lexikon\/wp-json\/wp\/v2\/product\/13824","targetHints":{"allow":["GET"]}}],"collection":[{"href":"https:\/\/uj.adatbank.ro\/lexikon\/wp-json\/wp\/v2\/product"}],"about":[{"href":"https:\/\/uj.adatbank.ro\/lexikon\/wp-json\/wp\/v2\/types\/product"}],"replies":[{"embeddable":true,"href":"https:\/\/uj.adatbank.ro\/lexikon\/wp-json\/wp\/v2\/comments?post=13824"}],"wp:attachment":[{"href":"https:\/\/uj.adatbank.ro\/lexikon\/wp-json\/wp\/v2\/media?parent=13824"}],"wp:term":[{"taxonomy":"product_brand","embeddable":true,"href":"https:\/\/uj.adatbank.ro\/lexikon\/wp-json\/wp\/v2\/product_brand?post=13824"},{"taxonomy":"product_cat","embeddable":true,"href":"https:\/\/uj.adatbank.ro\/lexikon\/wp-json\/wp\/v2\/product_cat?post=13824"},{"taxonomy":"product_tag","embeddable":true,"href":"https:\/\/uj.adatbank.ro\/lexikon\/wp-json\/wp\/v2\/product_tag?post=13824"}],"curies":[{"name":"wp","href":"https:\/\/api.w.org\/{rel}","templated":true}]}}

LÁZÁR Tibor, §

<p>Székelydálya, 1929. ápr. 3., † Mv.,1993. jan. 6.: gépészmérnök – Felesége:Öllerer Erika (Mv.,1938. szept. 11.–). gyógyszerész. Gyermekeik: Tibor (1967–), Erik (1968–), Rita (1973–). – Kőzépiskolai tanulmányait Székelyudvarhelyen végezte (1948); gépészmérnöki oklevelet Temesváron szerzett (1952). Mérnökként dolgozott a Medgidiai Fémipari Vállalatnál (1953), majd a mv.-i Fémipari Építkezési Trösztnél (1953–57) és az Electro-Maros vállalatnál, mint főmérnök, a tervező osztály főnöke (1961–89). Kutatási területe: a villamos háztartási készülékek, csőfűtőtestek elemeinek tervezése, gyártása és javítása. A Munkaérdemrend III. Osztályának kitűntetetteje (1966). Hobbyszinten foglalkozott a festészettel és szövészettel. – <strong>F. m.:</strong> <strong>társsz.:</strong> Repararea aparatelor electrocasnice (Buc., 1967); Elemente încălzitoare electrice în tuburi metalice (Buc., 1982); Villamosság a háztartásban (Máthé Balázs, Józsa Imrével; Buk., 1983). <br /><strong>Irod.:</strong> Bérczes Judit; Makkai János: Mi foglalkoztatja? A kutatómérnököt (V. Z., 1985. febr. 28.); [Nekrológ] (Nú., 1993. jan. 8.); RMIL</br></p>

<p>Székelydálya, 1929. ápr. 3., † Mv.,1993. jan. 6.: gépészmérnök – Felesége:Öllerer Erika (Mv.,1938. szept. 11.–). gyógyszerész. Gyermekeik: Tibor (1967–), Erik (1968–), Rita (1973–). – Kőzépiskolai tanulmányait Székelyudvarhelyen végezte (1948); gépészmérnöki oklevelet Temesváron szerzett (1952). Mérnökként dolgozott a Medgidiai Fémipari Vállalatnál (1953), majd a mv.-i Fémipari Építkezési Trösztnél (1953–57) és az Electro-Maros vállalatnál, mint főmérnök, a [&hellip;]</p>
