{"id":13827,"date":"2025-07-15T12:41:20","date_gmt":"2025-07-15T10:41:20","guid":{"rendered":"https:\/\/uj.adatbank.ro\/lexikon\/termek\/lazar-victor\/"},"modified":"2025-07-15T12:41:20","modified_gmt":"2025-07-15T10:41:20","slug":"lazar-victor","status":"publish","type":"product","link":"https:\/\/uj.adatbank.ro\/lexikon\/termek\/lazar-victor\/","title":{"rendered":"LAZ\u0102R Victor"},"content":{"rendered":"<p>? \u2020\u00a0?\u00a0: tan\u00e1r. \u2013 A mv.-i tan\u00edt\u00f3k\u00e9pz\u0151ben tan\u00edtott. N\u00e9pi \u00edr\u00f3 \u00e9s folklorista, aki n\u00e9pk\u00f6lt\u00e9szeti gy\u0171jt\u0151-munk\u00e1j\u00e1nak eredm\u00e9nyeit a kv.-i Foaia noastr\u0103 c.lapban tette k\u00f6zz\u00e9. <br \/><strong>Irod.:<\/strong> Netea: Folclorul<\/br><\/p>\n","protected":false},"excerpt":{"rendered":"<p>? \u2020\u00a0?\u00a0: tan\u00e1r. \u2013 A mv.-i tan\u00edt\u00f3k\u00e9pz\u0151ben tan\u00edtott. N\u00e9pi \u00edr\u00f3 \u00e9s folklorista, aki n\u00e9pk\u00f6lt\u00e9szeti gy\u0171jt\u0151-munk\u00e1j\u00e1nak eredm\u00e9nyeit a kv.-i Foaia noastr\u0103 c.lapban tette k\u00f6zz\u00e9. Irod.: Netea: Folclorul<\/p>\n","protected":false},"featured_media":0,"comment_status":"open","ping_status":"closed","template":"","meta":[],"product_brand":[],"product_cat":[137],"product_tag":[],"class_list":{"0":"post-13827","1":"product","2":"type-product","3":"status-publish","5":"product_cat-maros-megyei-eletrajzi-lexikon","7":"first","8":"instock","9":"shipping-taxable","10":"product-type-simple"},"_links":{"self":[{"href":"https:\/\/uj.adatbank.ro\/lexikon\/wp-json\/wp\/v2\/product\/13827","targetHints":{"allow":["GET"]}}],"collection":[{"href":"https:\/\/uj.adatbank.ro\/lexikon\/wp-json\/wp\/v2\/product"}],"about":[{"href":"https:\/\/uj.adatbank.ro\/lexikon\/wp-json\/wp\/v2\/types\/product"}],"replies":[{"embeddable":true,"href":"https:\/\/uj.adatbank.ro\/lexikon\/wp-json\/wp\/v2\/comments?post=13827"}],"wp:attachment":[{"href":"https:\/\/uj.adatbank.ro\/lexikon\/wp-json\/wp\/v2\/media?parent=13827"}],"wp:term":[{"taxonomy":"product_brand","embeddable":true,"href":"https:\/\/uj.adatbank.ro\/lexikon\/wp-json\/wp\/v2\/product_brand?post=13827"},{"taxonomy":"product_cat","embeddable":true,"href":"https:\/\/uj.adatbank.ro\/lexikon\/wp-json\/wp\/v2\/product_cat?post=13827"},{"taxonomy":"product_tag","embeddable":true,"href":"https:\/\/uj.adatbank.ro\/lexikon\/wp-json\/wp\/v2\/product_tag?post=13827"}],"curies":[{"name":"wp","href":"https:\/\/api.w.org\/{rel}","templated":true}]}}