{"id":13829,"date":"2025-07-15T12:41:25","date_gmt":"2025-07-15T10:41:25","guid":{"rendered":"https:\/\/uj.adatbank.ro\/lexikon\/termek\/lazar-zoltan-csiktapolcai\/"},"modified":"2025-07-15T12:41:25","modified_gmt":"2025-07-15T10:41:25","slug":"lazar-zoltan-csiktapolcai","status":"publish","type":"product","link":"https:\/\/uj.adatbank.ro\/lexikon\/termek\/lazar-zoltan-csiktapolcai\/","title":{"rendered":"L\u00c1Z\u00c1R Zolt\u00e1n, cs\u00edktapolcai"},"content":{"rendered":"<p>Sz\u0151kefalva, 1863. m\u00e1j. 4., \u2020 Pesthidegk\u00fat, 1934. febr. 5.: m\u00e9rn\u00f6k. \u2013 Apja:: L. Farkas 1848\u201349. h. kapit\u00e1ny; a Rimamur\u00e1ny-Salgotarj\u00e1ni Rt m\u0171szki igazgat\u00f3ja. <strong>Cikkei:<\/strong> B\u00e1ny\u00e1szti \u00e9s Koh\u00e1szati Lapok, M. M\u00e9rn\u00f6k \u00e9s \u00c9p\u00edt\u00e9szeti Egylet Heti \u00c9rtes\u00edt\u0151je, P. Napl\u00f3, M. Ipar. \u2013 <strong>F. m.:<\/strong> A v\u00e9rv\u00e1d \u00e1tka alatt (1915). <br \/><strong>Irod.:<\/strong> Guly\u00e1s<\/br><\/p>\n","protected":false},"excerpt":{"rendered":"<p>Sz\u0151kefalva, 1863. m\u00e1j. 4., \u2020 Pesthidegk\u00fat, 1934. febr. 5.: m\u00e9rn\u00f6k. \u2013 Apja:: L. Farkas 1848\u201349. h. kapit\u00e1ny; a Rimamur\u00e1ny-Salgotarj\u00e1ni Rt m\u0171szki igazgat\u00f3ja. Cikkei: B\u00e1ny\u00e1szti \u00e9s Koh\u00e1szati Lapok, M. M\u00e9rn\u00f6k \u00e9s \u00c9p\u00edt\u00e9szeti Egylet Heti \u00c9rtes\u00edt\u0151je, P. Napl\u00f3, M. Ipar. \u2013 F. m.: A v\u00e9rv\u00e1d \u00e1tka alatt (1915). Irod.: Guly\u00e1s<\/p>\n","protected":false},"featured_media":0,"comment_status":"open","ping_status":"closed","template":"","meta":[],"product_brand":[],"product_cat":[137],"product_tag":[],"class_list":{"0":"post-13829","1":"product","2":"type-product","3":"status-publish","5":"product_cat-maros-megyei-eletrajzi-lexikon","7":"first","8":"instock","9":"shipping-taxable","10":"product-type-simple"},"_links":{"self":[{"href":"https:\/\/uj.adatbank.ro\/lexikon\/wp-json\/wp\/v2\/product\/13829","targetHints":{"allow":["GET"]}}],"collection":[{"href":"https:\/\/uj.adatbank.ro\/lexikon\/wp-json\/wp\/v2\/product"}],"about":[{"href":"https:\/\/uj.adatbank.ro\/lexikon\/wp-json\/wp\/v2\/types\/product"}],"replies":[{"embeddable":true,"href":"https:\/\/uj.adatbank.ro\/lexikon\/wp-json\/wp\/v2\/comments?post=13829"}],"wp:attachment":[{"href":"https:\/\/uj.adatbank.ro\/lexikon\/wp-json\/wp\/v2\/media?parent=13829"}],"wp:term":[{"taxonomy":"product_brand","embeddable":true,"href":"https:\/\/uj.adatbank.ro\/lexikon\/wp-json\/wp\/v2\/product_brand?post=13829"},{"taxonomy":"product_cat","embeddable":true,"href":"https:\/\/uj.adatbank.ro\/lexikon\/wp-json\/wp\/v2\/product_cat?post=13829"},{"taxonomy":"product_tag","embeddable":true,"href":"https:\/\/uj.adatbank.ro\/lexikon\/wp-json\/wp\/v2\/product_tag?post=13829"}],"curies":[{"name":"wp","href":"https:\/\/api.w.org\/{rel}","templated":true}]}}