{"id":13833,"date":"2025-07-15T12:41:31","date_gmt":"2025-07-15T10:41:31","guid":{"rendered":"https:\/\/uj.adatbank.ro\/lexikon\/termek\/lazarescu-vasile\/"},"modified":"2025-07-15T12:41:31","modified_gmt":"2025-07-15T10:41:31","slug":"lazarescu-vasile","status":"publish","type":"product","link":"https:\/\/uj.adatbank.ro\/lexikon\/termek\/lazarescu-vasile\/","title":{"rendered":"L\u0102Z\u0102RESCU, Vasile"},"content":{"rendered":"<p>Tupila\u0163i, 1924. szept. 25., \u2020 Marosludas, 1993.: politikus, polg\u00e1rmester. \u2013 Kv.-on ipari szakiskol\u00e1t, Nagys\u00e1rm\u00e1son l\u00edc.-ot \u00e9s Buk.-ben a \u201e\u015etefan Gheorghiu\u201d Akad\u00e9mi\u00e1t v\u00e9gezte. El\u0151bb p\u00e1rtaktivista, azut\u00e1n Nagys\u00e1rm\u00e1s N\u00e9ptan\u00e1cs\u00e1nak eln\u00f6ke, Ludas rajon N\u00e9ptan\u00e1cs\u00e1nak eln\u00f6ke, Ludas v\u00e1ros N\u00e9ptan\u00e1csa V. B. eln\u00f6ke, Maros megye P\u00e1rtgazdas\u00e1g\u00e1nak f\u0151n\u00f6ke, Ludas v\u00e1ros polg\u00e1rmestere (1968\u20131974). Polg\u00e1rmesters\u00e9ge ideje alatt a v\u00e1ros k\u00f3rh\u00e1z\u00e1ban fizi\u00f3ter\u00e1pia l\u00e9tes\u00fclt (1968); megkezdte m\u0171k\u0151d\u00e9s\u00e9t a tejporgy\u00e1r (1969); asztalos- \u00e9s fafeldolgoz\u00f3 m\u0171helyek l\u00e9tes\u00fcltek (1969); k\u00e9t \u00faj kereskedelmi egys\u00e9g ny\u00edlt (1969); 30000 f\u0151s diszn\u00f3hizlalda l\u00e9tes\u00fclt; 470 \u00faj lakr\u00e9szt adtak \u00e1t; Gezs\u00e9ben pszichi\u00e1triai kezel\u0151t avattak fel (1972); k\u00f6t\u00e9lsodr\u00f3 gy\u00e1r \u00e9p\u00fclt (1973); pion\u00edr h\u00e1zat \u00e9s gyermekek h\u00e1z\u00e1t avattak fel, ahol 300 r\u00e1szorul\u00f3 gyermeket gondoztak (1973); a v\u00e1ros \u00faj negyed\u00e9ben fel\u00e9p\u00fclt a \u201eBig\u201d \u00e1ruh\u00e1z (1974). <br \/><strong>Irod.:<\/strong> Ludu\u015f<\/br><\/p>\n","protected":false},"excerpt":{"rendered":"<p>Tupila\u0163i, 1924. szept. 25., \u2020 Marosludas, 1993.: politikus, polg\u00e1rmester. \u2013 Kv.-on ipari szakiskol\u00e1t, Nagys\u00e1rm\u00e1son l\u00edc.-ot \u00e9s Buk.-ben a \u201e\u015etefan Gheorghiu\u201d Akad\u00e9mi\u00e1t v\u00e9gezte. El\u0151bb p\u00e1rtaktivista, azut\u00e1n Nagys\u00e1rm\u00e1s N\u00e9ptan\u00e1cs\u00e1nak eln\u00f6ke, Ludas rajon N\u00e9ptan\u00e1cs\u00e1nak eln\u00f6ke, Ludas v\u00e1ros N\u00e9ptan\u00e1csa V. B. eln\u00f6ke, Maros megye P\u00e1rtgazdas\u00e1g\u00e1nak f\u0151n\u00f6ke, Ludas v\u00e1ros polg\u00e1rmestere (1968\u20131974). Polg\u00e1rmesters\u00e9ge ideje alatt a v\u00e1ros k\u00f3rh\u00e1z\u00e1ban fizi\u00f3ter\u00e1pia l\u00e9tes\u00fclt (1968); [&hellip;]<\/p>\n","protected":false},"featured_media":0,"comment_status":"open","ping_status":"closed","template":"","meta":[],"product_brand":[],"product_cat":[137],"product_tag":[],"class_list":{"0":"post-13833","1":"product","2":"type-product","3":"status-publish","5":"product_cat-maros-megyei-eletrajzi-lexikon","7":"first","8":"instock","9":"shipping-taxable","10":"product-type-simple"},"_links":{"self":[{"href":"https:\/\/uj.adatbank.ro\/lexikon\/wp-json\/wp\/v2\/product\/13833","targetHints":{"allow":["GET"]}}],"collection":[{"href":"https:\/\/uj.adatbank.ro\/lexikon\/wp-json\/wp\/v2\/product"}],"about":[{"href":"https:\/\/uj.adatbank.ro\/lexikon\/wp-json\/wp\/v2\/types\/product"}],"replies":[{"embeddable":true,"href":"https:\/\/uj.adatbank.ro\/lexikon\/wp-json\/wp\/v2\/comments?post=13833"}],"wp:attachment":[{"href":"https:\/\/uj.adatbank.ro\/lexikon\/wp-json\/wp\/v2\/media?parent=13833"}],"wp:term":[{"taxonomy":"product_brand","embeddable":true,"href":"https:\/\/uj.adatbank.ro\/lexikon\/wp-json\/wp\/v2\/product_brand?post=13833"},{"taxonomy":"product_cat","embeddable":true,"href":"https:\/\/uj.adatbank.ro\/lexikon\/wp-json\/wp\/v2\/product_cat?post=13833"},{"taxonomy":"product_tag","embeddable":true,"href":"https:\/\/uj.adatbank.ro\/lexikon\/wp-json\/wp\/v2\/product_tag?post=13833"}],"curies":[{"name":"wp","href":"https:\/\/api.w.org\/{rel}","templated":true}]}}