{"id":13834,"date":"2025-07-15T12:41:34","date_gmt":"2025-07-15T10:41:34","guid":{"rendered":"https:\/\/uj.adatbank.ro\/lexikon\/termek\/lazok-janos\/"},"modified":"2025-07-15T12:41:34","modified_gmt":"2025-07-15T10:41:34","slug":"lazok-janos","status":"publish","type":"product","link":"https:\/\/uj.adatbank.ro\/lexikon\/termek\/lazok-janos\/","title":{"rendered":"LAZOK J\u00e1nos"},"content":{"rendered":"<p>B\u00e1nffyhunyad, 1954.febr.18. \u2020\u00a0?\u00a0: tan\u00e1r, irodalomt\u00f6rt\u00e9n\u00e9sz. \u2013 L.Gy\u00f6rgy, orvos \u00e9s Gyurk\u00f3 Edit v\u00e9d\u0151n\u0151 fia. Feles\u00e9ge M\u00e1rkus Korn\u00e9lia,orvos..Gyermekeik:Kl\u00e1ra (1978\u2013), Gergely (1982\u2013). A Kv.-i BBTE, magyar-angol szak\u00e1n v\u00e9gzett. (1978). Disznaj\u00f3n az \u00e1ltal\u00e1nos iskol\u00e1ban tan\u00e1r (1978\u201389). Az Erd\u00e9lyi Figyel\u0151 szerkeszt\u0151je (1990\u2013), adjunktus a mv.-i Sz\u00ednm\u0171v. Egyetem magyar tagozat\u00e1n. \u2013 <strong>F. m.:<\/strong> Erd\u00e9ly magyar egyeteme (1944\u20131949), 1\u20132. k\u00f6t.(Mv.,1995, 1998),S\u00fct\u0151 Andr\u00e1s dr\u00e1matril\u00f3gia (Mv.,1997),<\/br><\/p>\n","protected":false},"excerpt":{"rendered":"<p>B\u00e1nffyhunyad, 1954.febr.18. \u2020\u00a0?\u00a0: tan\u00e1r, irodalomt\u00f6rt\u00e9n\u00e9sz. \u2013 L.Gy\u00f6rgy, orvos \u00e9s Gyurk\u00f3 Edit v\u00e9d\u0151n\u0151 fia. Feles\u00e9ge M\u00e1rkus Korn\u00e9lia,orvos..Gyermekeik:Kl\u00e1ra (1978\u2013), Gergely (1982\u2013). A Kv.-i BBTE, magyar-angol szak\u00e1n v\u00e9gzett. (1978). Disznaj\u00f3n az \u00e1ltal\u00e1nos iskol\u00e1ban tan\u00e1r (1978\u201389). Az Erd\u00e9lyi Figyel\u0151 szerkeszt\u0151je (1990\u2013), adjunktus a mv.-i Sz\u00ednm\u0171v. Egyetem magyar tagozat\u00e1n. \u2013 F. m.: Erd\u00e9ly magyar egyeteme (1944\u20131949), 1\u20132. k\u00f6t.(Mv.,1995, 1998),S\u00fct\u0151 Andr\u00e1s [&hellip;]<\/p>\n","protected":false},"featured_media":0,"comment_status":"open","ping_status":"closed","template":"","meta":[],"product_brand":[],"product_cat":[137],"product_tag":[],"class_list":{"0":"post-13834","1":"product","2":"type-product","3":"status-publish","5":"product_cat-maros-megyei-eletrajzi-lexikon","7":"first","8":"instock","9":"shipping-taxable","10":"product-type-simple"},"_links":{"self":[{"href":"https:\/\/uj.adatbank.ro\/lexikon\/wp-json\/wp\/v2\/product\/13834","targetHints":{"allow":["GET"]}}],"collection":[{"href":"https:\/\/uj.adatbank.ro\/lexikon\/wp-json\/wp\/v2\/product"}],"about":[{"href":"https:\/\/uj.adatbank.ro\/lexikon\/wp-json\/wp\/v2\/types\/product"}],"replies":[{"embeddable":true,"href":"https:\/\/uj.adatbank.ro\/lexikon\/wp-json\/wp\/v2\/comments?post=13834"}],"wp:attachment":[{"href":"https:\/\/uj.adatbank.ro\/lexikon\/wp-json\/wp\/v2\/media?parent=13834"}],"wp:term":[{"taxonomy":"product_brand","embeddable":true,"href":"https:\/\/uj.adatbank.ro\/lexikon\/wp-json\/wp\/v2\/product_brand?post=13834"},{"taxonomy":"product_cat","embeddable":true,"href":"https:\/\/uj.adatbank.ro\/lexikon\/wp-json\/wp\/v2\/product_cat?post=13834"},{"taxonomy":"product_tag","embeddable":true,"href":"https:\/\/uj.adatbank.ro\/lexikon\/wp-json\/wp\/v2\/product_tag?post=13834"}],"curies":[{"name":"wp","href":"https:\/\/api.w.org\/{rel}","templated":true}]}}

LAZOK János

<p>Bánffyhunyad, 1954.febr.18. † ? : tanár, irodalomtörténész. – L.György, orvos és Gyurkó Edit védőnő fia. Felesége Márkus Kornélia,orvos..Gyermekeik:Klára (1978–), Gergely (1982–). A Kv.-i BBTE, magyar-angol szakán végzett. (1978). Disznajón az általános iskolában tanár (1978–89). Az Erdélyi Figyelő szerkesztője (1990–), adjunktus a mv.-i Színműv. Egyetem magyar tagozatán. – <strong>F. m.:</strong> Erdély magyar egyeteme (1944–1949), 1–2. köt.(Mv.,1995, 1998),Sütő András drámatrilógia (Mv.,1997),</br></p>

<p>Bánffyhunyad, 1954.febr.18. † ? : tanár, irodalomtörténész. – L.György, orvos és Gyurkó Edit védőnő fia. Felesége Márkus Kornélia,orvos..Gyermekeik:Klára (1978–), Gergely (1982–). A Kv.-i BBTE, magyar-angol szakán végzett. (1978). Disznajón az általános iskolában tanár (1978–89). Az Erdélyi Figyelő szerkesztője (1990–), adjunktus a mv.-i Színműv. Egyetem magyar tagozatán. – F. m.: Erdély magyar egyeteme (1944–1949), 1–2. köt.(Mv.,1995, 1998),Sütő András [&hellip;]</p>
