{"id":13845,"date":"2025-07-15T12:41:56","date_gmt":"2025-07-15T10:41:56","guid":{"rendered":"https:\/\/uj.adatbank.ro\/lexikon\/termek\/lechintan-grigore\/"},"modified":"2025-07-15T12:41:56","modified_gmt":"2025-07-15T10:41:56","slug":"lechintan-grigore","status":"publish","type":"product","link":"https:\/\/uj.adatbank.ro\/lexikon\/termek\/lechintan-grigore\/","title":{"rendered":"LECHIN\u0162AN, Grigore"},"content":{"rendered":"<p>Ol\u00e1hkocs\u00e1rd, 1913. okt. 27., \u2020 2006: jog\u00e1sz. b\u00edr\u00f3 k\u00f6lt\u0151. \u2013 Az elemi iskol\u00e1t sz\u00fcl\u0151faluj\u00e1ban, a k\u00f6z\u00e9ipiskol\u00e1t Dics\u0151szentm\u00e1rtonban \u00e9s Bal\u00e1zsfalv\u00e1n, az egyetemet a Kv.-on a Jogi Karon v\u00e9gezte (1937), ahol nacionalista di\u00e1kszervezetekhez csatlakozott, eln\u00f6ke volt a Di\u00e1ksz\u00f6vets\u00e9gnek, majd a Legion\u00e1rius Mozgalomhoz (1936); tisztiiskol\u00e1ba j\u00e1rt Buk.-ben. \u00c9lesdre nevezt\u00e9k ki b\u00edr\u00f3nak (1939), majd az erzs\u00e9betv\u00e1rosi t\u00f6rv\u00e9nysz\u00e9ken dolgozott (1940\u201342); bevonult katon\u00e1nak \u00e9s a frontra ker\u00fclt (1942), ahol megsebes\u00fclt. A h\u00e1bor\u00fa ut\u00e1n Szebenben dolgozott; letart\u00f3ztatt\u00e1k \u00e9s 12 \u00e9v b\u00f6rt\u00f6nt kapott (1948\u201364), amit Enyeden, Jilavan Galacon \u00e9s Peripravan t\u00f6lt\u00f6tt le; Kiszabadulva egy szebeni v\u00e1llalatn\u00e1l volt k\u00f6zgazd\u00e1sz. \u2013 <strong>F. m.:<\/strong>Table colorate: schi\u0163e de penitenciar.<br \/><strong>Irod.:<\/strong> F\u00fcl\u00f6p; Poe\u0163i dup\u0103 gratii vol. 3. (Buc., 1995)<\/br><\/p>\n","protected":false},"excerpt":{"rendered":"<p>Ol\u00e1hkocs\u00e1rd, 1913. okt. 27., \u2020 2006: jog\u00e1sz. b\u00edr\u00f3 k\u00f6lt\u0151. \u2013 Az elemi iskol\u00e1t sz\u00fcl\u0151faluj\u00e1ban, a k\u00f6z\u00e9ipiskol\u00e1t Dics\u0151szentm\u00e1rtonban \u00e9s Bal\u00e1zsfalv\u00e1n, az egyetemet a Kv.-on a Jogi Karon v\u00e9gezte (1937), ahol nacionalista di\u00e1kszervezetekhez csatlakozott, eln\u00f6ke volt a Di\u00e1ksz\u00f6vets\u00e9gnek, majd a Legion\u00e1rius Mozgalomhoz (1936); tisztiiskol\u00e1ba j\u00e1rt Buk.-ben. \u00c9lesdre nevezt\u00e9k ki b\u00edr\u00f3nak (1939), majd az erzs\u00e9betv\u00e1rosi t\u00f6rv\u00e9nysz\u00e9ken dolgozott (1940\u201342); [&hellip;]<\/p>\n","protected":false},"featured_media":0,"comment_status":"open","ping_status":"closed","template":"","meta":[],"product_brand":[],"product_cat":[137],"product_tag":[],"class_list":{"0":"post-13845","1":"product","2":"type-product","3":"status-publish","5":"product_cat-maros-megyei-eletrajzi-lexikon","7":"first","8":"instock","9":"shipping-taxable","10":"product-type-simple"},"_links":{"self":[{"href":"https:\/\/uj.adatbank.ro\/lexikon\/wp-json\/wp\/v2\/product\/13845","targetHints":{"allow":["GET"]}}],"collection":[{"href":"https:\/\/uj.adatbank.ro\/lexikon\/wp-json\/wp\/v2\/product"}],"about":[{"href":"https:\/\/uj.adatbank.ro\/lexikon\/wp-json\/wp\/v2\/types\/product"}],"replies":[{"embeddable":true,"href":"https:\/\/uj.adatbank.ro\/lexikon\/wp-json\/wp\/v2\/comments?post=13845"}],"wp:attachment":[{"href":"https:\/\/uj.adatbank.ro\/lexikon\/wp-json\/wp\/v2\/media?parent=13845"}],"wp:term":[{"taxonomy":"product_brand","embeddable":true,"href":"https:\/\/uj.adatbank.ro\/lexikon\/wp-json\/wp\/v2\/product_brand?post=13845"},{"taxonomy":"product_cat","embeddable":true,"href":"https:\/\/uj.adatbank.ro\/lexikon\/wp-json\/wp\/v2\/product_cat?post=13845"},{"taxonomy":"product_tag","embeddable":true,"href":"https:\/\/uj.adatbank.ro\/lexikon\/wp-json\/wp\/v2\/product_tag?post=13845"}],"curies":[{"name":"wp","href":"https:\/\/api.w.org\/{rel}","templated":true}]}}

LECHINŢAN, Grigore

<p>Oláhkocsárd, 1913. okt. 27., † 2006: jogász. bíró költő. – Az elemi iskolát szülőfalujában, a közéipiskolát Dicsőszentmártonban és Balázsfalván, az egyetemet a Kv.-on a Jogi Karon végezte (1937), ahol nacionalista diákszervezetekhez csatlakozott, elnöke volt a Diákszövetségnek, majd a Legionárius Mozgalomhoz (1936); tisztiiskolába járt Buk.-ben. Élesdre nevezték ki bírónak (1939), majd az erzsébetvárosi törvényszéken dolgozott (1940–42); bevonult katonának és a frontra került (1942), ahol megsebesült. A háború után Szebenben dolgozott; letartóztatták és 12 év börtönt kapott (1948–64), amit Enyeden, Jilavan Galacon és Peripravan töltött le; Kiszabadulva egy szebeni vállalatnál volt közgazdász. – <strong>F. m.:</strong>Table colorate: schiţe de penitenciar.<br /><strong>Irod.:</strong> Fülöp; Poeţi după gratii vol. 3. (Buc., 1995)</br></p>

<p>Oláhkocsárd, 1913. okt. 27., † 2006: jogász. bíró költő. – Az elemi iskolát szülőfalujában, a közéipiskolát Dicsőszentmártonban és Balázsfalván, az egyetemet a Kv.-on a Jogi Karon végezte (1937), ahol nacionalista diákszervezetekhez csatlakozott, elnöke volt a Diákszövetségnek, majd a Legionárius Mozgalomhoz (1936); tisztiiskolába járt Buk.-ben. Élesdre nevezték ki bírónak (1939), majd az erzsébetvárosi törvényszéken dolgozott (1940–42); [&hellip;]</p>
