{"id":13846,"date":"2025-07-15T12:41:57","date_gmt":"2025-07-15T10:41:57","guid":{"rendered":"https:\/\/uj.adatbank.ro\/lexikon\/termek\/lechner-odon-odon-von-der-lech\/"},"modified":"2025-07-15T12:41:57","modified_gmt":"2025-07-15T10:41:57","slug":"lechner-odon-odon-von-der-lech","status":"publish","type":"product","link":"https:\/\/uj.adatbank.ro\/lexikon\/termek\/lechner-odon-odon-von-der-lech\/","title":{"rendered":"LECHNER \u00d6d\u00f6n, \u00d6d\u00f6n von der Lech"},"content":{"rendered":"<p>Pest, 1845. aug. 27., \u2020 Bp., 1914. j\u00fan. 10.: m\u0171\u00e9p\u00edt\u00e9sz. \u2013 Kir. tan\u00e1csos (1900). A szecesszi\u00f3s \u00e9p\u00edt\u00e9szeti st\u00edlus idej\u00e9n (19\u201320. sz. fordul\u00f3j\u00e1n) a m. nemzeti st\u00edlus megteremt\u0151je volt. A k\u00fcls\u0151 \u00e9s bels\u0151 d\u00edsz\u00edt\u00e9shez \u00faj \u00e9p\u00edt\u0151anyagot, szerkezetet, n\u00e9pm\u0171v\u00e9szeti mot\u00edvumokat haszn\u00e1lt. M\u0171term\u00e9ben dolgozott Komor Marcell \u00e9s Jakab Dezs\u0151, akik megnyert\u00e9k a mv.-i Kult\u00farpalota \u00e9p\u00edt\u00e9s\u00e9re ki\u00edrt p\u00e1ly\u00e1zatot (1905). <br \/><strong>Irod.:<\/strong> Bede; \u00c9ber; Guly\u00e1s; Kismarty: Lechner Jen\u0151, Lechner \u00d6d\u00f6n (Bp, 1961); L\u00e1z\u00e1r B\u00e9la: A magyar m\u0171v\u00e9szet j\u00f6v\u0151je (Bp., 1906); Lyka K\u00e1roly: Magyar mesterek (Bp., s.a.); K\u00f3s; M\u00c9L; MMK; Mv., V\u00e1rosh\u00e1za; N\u00e1dai P\u00e1l: Az iparm\u0171v\u00e9szet Magyaro.-on (Bp., 1920) Szathm\u00e1ri Edina: M\u00e9ret\u00e9ben hallgatag, st\u00edlus\u00e1ban hars\u00e1ny: A marosv\u00e1s\u00e1rhelyi Marthy-h\u00e1z = Dolgozatok; ; \u00daM\u00c9L<\/br><\/p>\n","protected":false},"excerpt":{"rendered":"<p>Pest, 1845. aug. 27., \u2020 Bp., 1914. j\u00fan. 10.: m\u0171\u00e9p\u00edt\u00e9sz. \u2013 Kir. tan\u00e1csos (1900). A szecesszi\u00f3s \u00e9p\u00edt\u00e9szeti st\u00edlus idej\u00e9n (19\u201320. sz. fordul\u00f3j\u00e1n) a m. nemzeti st\u00edlus megteremt\u0151je volt. A k\u00fcls\u0151 \u00e9s bels\u0151 d\u00edsz\u00edt\u00e9shez \u00faj \u00e9p\u00edt\u0151anyagot, szerkezetet, n\u00e9pm\u0171v\u00e9szeti mot\u00edvumokat haszn\u00e1lt. M\u0171term\u00e9ben dolgozott Komor Marcell \u00e9s Jakab Dezs\u0151, akik megnyert\u00e9k a mv.-i Kult\u00farpalota \u00e9p\u00edt\u00e9s\u00e9re ki\u00edrt p\u00e1ly\u00e1zatot (1905). [&hellip;]<\/p>\n","protected":false},"featured_media":0,"comment_status":"open","ping_status":"closed","template":"","meta":[],"product_brand":[],"product_cat":[137],"product_tag":[],"class_list":{"0":"post-13846","1":"product","2":"type-product","3":"status-publish","5":"product_cat-maros-megyei-eletrajzi-lexikon","7":"first","8":"instock","9":"shipping-taxable","10":"product-type-simple"},"_links":{"self":[{"href":"https:\/\/uj.adatbank.ro\/lexikon\/wp-json\/wp\/v2\/product\/13846","targetHints":{"allow":["GET"]}}],"collection":[{"href":"https:\/\/uj.adatbank.ro\/lexikon\/wp-json\/wp\/v2\/product"}],"about":[{"href":"https:\/\/uj.adatbank.ro\/lexikon\/wp-json\/wp\/v2\/types\/product"}],"replies":[{"embeddable":true,"href":"https:\/\/uj.adatbank.ro\/lexikon\/wp-json\/wp\/v2\/comments?post=13846"}],"wp:attachment":[{"href":"https:\/\/uj.adatbank.ro\/lexikon\/wp-json\/wp\/v2\/media?parent=13846"}],"wp:term":[{"taxonomy":"product_brand","embeddable":true,"href":"https:\/\/uj.adatbank.ro\/lexikon\/wp-json\/wp\/v2\/product_brand?post=13846"},{"taxonomy":"product_cat","embeddable":true,"href":"https:\/\/uj.adatbank.ro\/lexikon\/wp-json\/wp\/v2\/product_cat?post=13846"},{"taxonomy":"product_tag","embeddable":true,"href":"https:\/\/uj.adatbank.ro\/lexikon\/wp-json\/wp\/v2\/product_tag?post=13846"}],"curies":[{"name":"wp","href":"https:\/\/api.w.org\/{rel}","templated":true}]}}

LECHNER Ödön, Ödön von der Lech

<p>Pest, 1845. aug. 27., † Bp., 1914. jún. 10.: műépítész. – Kir. tanácsos (1900). A szecessziós építészeti stílus idején (19–20. sz. fordulóján) a m. nemzeti stílus megteremtője volt. A külső és belső díszítéshez új építőanyagot, szerkezetet, népművészeti motívumokat használt. Műtermében dolgozott Komor Marcell és Jakab Dezső, akik megnyerték a mv.-i Kultúrpalota építésére kiírt pályázatot (1905). <br /><strong>Irod.:</strong> Bede; Éber; Gulyás; Kismarty: Lechner Jenő, Lechner Ödön (Bp, 1961); Lázár Béla: A magyar művészet jövője (Bp., 1906); Lyka Károly: Magyar mesterek (Bp., s.a.); Kós; MÉL; MMK; Mv., Városháza; Nádai Pál: Az iparművészet Magyaro.-on (Bp., 1920) Szathmári Edina: Méretében hallgatag, stílusában harsány: A marosvásárhelyi Marthy-ház = Dolgozatok; ; ÚMÉL</br></p>

<p>Pest, 1845. aug. 27., † Bp., 1914. jún. 10.: műépítész. – Kir. tanácsos (1900). A szecessziós építészeti stílus idején (19–20. sz. fordulóján) a m. nemzeti stílus megteremtője volt. A külső és belső díszítéshez új építőanyagot, szerkezetet, népművészeti motívumokat használt. Műtermében dolgozott Komor Marcell és Jakab Dezső, akik megnyerték a mv.-i Kultúrpalota építésére kiírt pályázatot (1905). [&hellip;]</p>
