{"id":13858,"date":"2025-07-15T12:42:23","date_gmt":"2025-07-15T10:42:23","guid":{"rendered":"https:\/\/uj.adatbank.ro\/lexikon\/termek\/leitman-zsolt\/"},"modified":"2025-07-15T12:42:23","modified_gmt":"2025-07-15T10:42:23","slug":"leitman-zsolt","status":"publish","type":"product","link":"https:\/\/uj.adatbank.ro\/lexikon\/termek\/leitman-zsolt\/","title":{"rendered":"LEITMAN Zsolt"},"content":{"rendered":"<p>Sz\u00e9kelydvarhely,1980.\u2020\u00a0Mv., 2007. \u00e1pr. 11.: heged\u0171m\u0171v\u00e9sz. \u2013 Sz\u00e9kelyudvarhelyen a Pall\u00f3 Imre Zene- \u00e9s K\u00e9pz\u0151m\u0171v\u00e9szeti Szakk\u00f6z\u00e9piskola elv\u00e9gz\u00e9se ut\u00e1n, a kv.-i Gheorghe Dima Zeneakad\u00e9mi\u00e1n folytatta tanulm\u00e1nyait. A mv.-i Filharm\u00f3nia keret\u00e9ben m\u0171k\u00f6d\u0151 Tiberius kvartett alap\u00edt\u00f3 tagja volt, amellyel fell\u00e9pett itthon \u00e9s Eur\u00f3pa sok orsz\u00e1g\u00e1ban, valamint Jap\u00e1nban is. <br \/><strong>Irod.:<\/strong> Koncert prospektus ( Mv., 2003. \u00e1pr. 1.)<\/br><\/p>\n","protected":false},"excerpt":{"rendered":"<p>Sz\u00e9kelydvarhely,1980.\u2020\u00a0Mv., 2007. \u00e1pr. 11.: heged\u0171m\u0171v\u00e9sz. \u2013 Sz\u00e9kelyudvarhelyen a Pall\u00f3 Imre Zene- \u00e9s K\u00e9pz\u0151m\u0171v\u00e9szeti Szakk\u00f6z\u00e9piskola elv\u00e9gz\u00e9se ut\u00e1n, a kv.-i Gheorghe Dima Zeneakad\u00e9mi\u00e1n folytatta tanulm\u00e1nyait. A mv.-i Filharm\u00f3nia keret\u00e9ben m\u0171k\u00f6d\u0151 Tiberius kvartett alap\u00edt\u00f3 tagja volt, amellyel fell\u00e9pett itthon \u00e9s Eur\u00f3pa sok orsz\u00e1g\u00e1ban, valamint Jap\u00e1nban is. Irod.: Koncert prospektus ( Mv., 2003. \u00e1pr. 1.)<\/p>\n","protected":false},"featured_media":0,"comment_status":"open","ping_status":"closed","template":"","meta":[],"product_brand":[],"product_cat":[137],"product_tag":[],"class_list":{"0":"post-13858","1":"product","2":"type-product","3":"status-publish","5":"product_cat-maros-megyei-eletrajzi-lexikon","7":"first","8":"instock","9":"shipping-taxable","10":"product-type-simple"},"_links":{"self":[{"href":"https:\/\/uj.adatbank.ro\/lexikon\/wp-json\/wp\/v2\/product\/13858","targetHints":{"allow":["GET"]}}],"collection":[{"href":"https:\/\/uj.adatbank.ro\/lexikon\/wp-json\/wp\/v2\/product"}],"about":[{"href":"https:\/\/uj.adatbank.ro\/lexikon\/wp-json\/wp\/v2\/types\/product"}],"replies":[{"embeddable":true,"href":"https:\/\/uj.adatbank.ro\/lexikon\/wp-json\/wp\/v2\/comments?post=13858"}],"wp:attachment":[{"href":"https:\/\/uj.adatbank.ro\/lexikon\/wp-json\/wp\/v2\/media?parent=13858"}],"wp:term":[{"taxonomy":"product_brand","embeddable":true,"href":"https:\/\/uj.adatbank.ro\/lexikon\/wp-json\/wp\/v2\/product_brand?post=13858"},{"taxonomy":"product_cat","embeddable":true,"href":"https:\/\/uj.adatbank.ro\/lexikon\/wp-json\/wp\/v2\/product_cat?post=13858"},{"taxonomy":"product_tag","embeddable":true,"href":"https:\/\/uj.adatbank.ro\/lexikon\/wp-json\/wp\/v2\/product_tag?post=13858"}],"curies":[{"name":"wp","href":"https:\/\/api.w.org\/{rel}","templated":true}]}}