{"id":13864,"date":"2025-07-15T12:42:35","date_gmt":"2025-07-15T10:42:35","guid":{"rendered":"https:\/\/uj.adatbank.ro\/lexikon\/termek\/leleszi-janos\/"},"modified":"2025-07-15T12:42:35","modified_gmt":"2025-07-15T10:42:35","slug":"leleszi-janos","status":"publish","type":"product","link":"https:\/\/uj.adatbank.ro\/lexikon\/termek\/leleszi-janos\/","title":{"rendered":"LELESZI J\u00e1nos"},"content":{"rendered":"<p>Beregsz\u00e1sz v Lelesz, 1548 \u2020 Loretto.1595. febr. 26: jezsuita. \u2013 Az els\u0151 jezsuita Erd\u00e9lyben (1579\u2013) Nagyv\u00e1radon, Kv.-on, majd Gyulafeh\u00e9rv\u00e1ron volt misszion\u00e1rius, B\u00e1thori Zsigmond nevel\u0151je. B\u00e1zhoti Krist\u00fcf gyontat\u00f3ja, szemtan\u00faja hal\u00e1l\u00e1nak, temet\u00e9s\u00e9n besz\u00e9det mondott. V\u00e1s\u00e1rhelyt a sz\u00e9kelyek f\u0151v\u00e1ros\u00e1nak nevezte (1581). <br \/><strong>Irod.:<\/strong> Id\u0151t\u00e1r 1; MKL<\/br><\/p>\n","protected":false},"excerpt":{"rendered":"<p>Beregsz\u00e1sz v Lelesz, 1548 \u2020 Loretto.1595. febr. 26: jezsuita. \u2013 Az els\u0151 jezsuita Erd\u00e9lyben (1579\u2013) Nagyv\u00e1radon, Kv.-on, majd Gyulafeh\u00e9rv\u00e1ron volt misszion\u00e1rius, B\u00e1thori Zsigmond nevel\u0151je. B\u00e1zhoti Krist\u00fcf gyontat\u00f3ja, szemtan\u00faja hal\u00e1l\u00e1nak, temet\u00e9s\u00e9n besz\u00e9det mondott. V\u00e1s\u00e1rhelyt a sz\u00e9kelyek f\u0151v\u00e1ros\u00e1nak nevezte (1581). Irod.: Id\u0151t\u00e1r 1; MKL<\/p>\n","protected":false},"featured_media":0,"comment_status":"open","ping_status":"closed","template":"","meta":[],"product_brand":[],"product_cat":[137],"product_tag":[],"class_list":{"0":"post-13864","1":"product","2":"type-product","3":"status-publish","5":"product_cat-maros-megyei-eletrajzi-lexikon","7":"first","8":"instock","9":"shipping-taxable","10":"product-type-simple"},"_links":{"self":[{"href":"https:\/\/uj.adatbank.ro\/lexikon\/wp-json\/wp\/v2\/product\/13864","targetHints":{"allow":["GET"]}}],"collection":[{"href":"https:\/\/uj.adatbank.ro\/lexikon\/wp-json\/wp\/v2\/product"}],"about":[{"href":"https:\/\/uj.adatbank.ro\/lexikon\/wp-json\/wp\/v2\/types\/product"}],"replies":[{"embeddable":true,"href":"https:\/\/uj.adatbank.ro\/lexikon\/wp-json\/wp\/v2\/comments?post=13864"}],"wp:attachment":[{"href":"https:\/\/uj.adatbank.ro\/lexikon\/wp-json\/wp\/v2\/media?parent=13864"}],"wp:term":[{"taxonomy":"product_brand","embeddable":true,"href":"https:\/\/uj.adatbank.ro\/lexikon\/wp-json\/wp\/v2\/product_brand?post=13864"},{"taxonomy":"product_cat","embeddable":true,"href":"https:\/\/uj.adatbank.ro\/lexikon\/wp-json\/wp\/v2\/product_cat?post=13864"},{"taxonomy":"product_tag","embeddable":true,"href":"https:\/\/uj.adatbank.ro\/lexikon\/wp-json\/wp\/v2\/product_tag?post=13864"}],"curies":[{"name":"wp","href":"https:\/\/api.w.org\/{rel}","templated":true}]}}