{"id":13869,"date":"2025-07-15T12:42:44","date_gmt":"2025-07-15T10:42:44","guid":{"rendered":"https:\/\/uj.adatbank.ro\/lexikon\/termek\/lenart-daniel-kaali\/"},"modified":"2025-07-15T12:42:44","modified_gmt":"2025-07-15T10:42:44","slug":"lenart-daniel-kaali","status":"publish","type":"product","link":"https:\/\/uj.adatbank.ro\/lexikon\/termek\/lenart-daniel-kaali\/","title":{"rendered":"L\u00c9N\u00c1RT D\u00e1niel, ka\u00e1li"},"content":{"rendered":"<p>1800, \u2020 Mv., 1864. aug. 8.: \u00fcgyv\u00e9d, v\u00e1rosi tan\u00e1csos. \u2013 Feles\u00e9ge: Kov\u00e1cs Roz\u00e1lia. Gyermekeik: Lilla Vass Tam\u00e1sn\u00e9; Lotti Vajna G\u00e1sp\u00e1rn\u00e9; J\u00f3zsef; Zefi \u00e9s Gizella (1863 \u2013 Mv., 1884. m\u00e1j. 6.). \u2013 \u00dcgyv\u00e9di vizsg\u00e1t tett (1825), a kir. t\u00e1bl\u00e1n szolg\u00e1lt (1838-ig), Mv. oratora (tan\u00e1csos, gazda), mint not\u00e1rius \u00e9rte a forradalom, a nemzet\u0151rs\u00e9g \u00e9s a honv\u00e9ds\u00e9g \u00e9lelmez\u00e9si biztosa vol. Amikor az orosz hadsereg megsz\u00e1llta Mv.-t, Gedeon \u0151t \u00e9s Petri \u00c1d\u00e1mot tartotta kezesk\u00e9nt, m\u00edg a sarcot a v\u00e1ros kifizette (1849. aug.). A szabads\u00e1gharc ut\u00e1ni \u00e9vek elnyomat\u00e1sban \u00e9s vagyonveszt\u00e9sben teltek. A Makk-f\u00e9le titkos forradalmi mozgalmat felfedezt\u00e9k, h\u00e1rom tagj\u00e1t (T\u00f6r\u00f6k J\u00e1nos, G\u00e1lfi, Horv\u00e1th) kiv\u00e9gezt\u00e9k (1854. m\u00e1rc. 10.), L. D. vizsg\u00e1lati fogs\u00e1gba vitt\u00e9k Gyulafeh\u00e9rv\u00e1rra, majd Nagyszebenbe (1853\u201354 m\u00e1rc. 10. ut\u00e1n szabadult), a Mv. v\u00e1ros ter\u00fclet\u00e9t el nem hagyhatta, hivatalt nem v\u00e1llalhatott. J\u00f3zsef fia nevel\u00e9s\u00e9vel foglalkozott, m., n\u00e9met \u00e9s latin nyelvre tan\u00edtotta. K\u00e9s\u0151bb v\u00e1rosi tan\u00e1csos volt hal\u00e1l\u00e1ig (1861\u201364). L. J\u00f3zsef apja. <br \/><strong>Irod.:<\/strong> B\u00f6jthe Andor: A G\u00f6rg\u00e9nyi ev. ref. egyh\u00e1zmegye t\u00f6rt\u00e9nete [k\u00e9zirat]; Gy\u00e1szjelent\u0151; Id\u0151t\u00e1r 2; P\u00e1lmay J\u00f3zsef<\/br><\/p>\n","protected":false},"excerpt":{"rendered":"<p>1800, \u2020 Mv., 1864. aug. 8.: \u00fcgyv\u00e9d, v\u00e1rosi tan\u00e1csos. \u2013 Feles\u00e9ge: Kov\u00e1cs Roz\u00e1lia. Gyermekeik: Lilla Vass Tam\u00e1sn\u00e9; Lotti Vajna G\u00e1sp\u00e1rn\u00e9; J\u00f3zsef; Zefi \u00e9s Gizella (1863 \u2013 Mv., 1884. m\u00e1j. 6.). \u2013 \u00dcgyv\u00e9di vizsg\u00e1t tett (1825), a kir. t\u00e1bl\u00e1n szolg\u00e1lt (1838-ig), Mv. oratora (tan\u00e1csos, gazda), mint not\u00e1rius \u00e9rte a forradalom, a nemzet\u0151rs\u00e9g \u00e9s a honv\u00e9ds\u00e9g \u00e9lelmez\u00e9si [&hellip;]<\/p>\n","protected":false},"featured_media":0,"comment_status":"open","ping_status":"closed","template":"","meta":[],"product_brand":[],"product_cat":[137],"product_tag":[],"class_list":{"0":"post-13869","1":"product","2":"type-product","3":"status-publish","5":"product_cat-maros-megyei-eletrajzi-lexikon","7":"first","8":"instock","9":"shipping-taxable","10":"product-type-simple"},"_links":{"self":[{"href":"https:\/\/uj.adatbank.ro\/lexikon\/wp-json\/wp\/v2\/product\/13869","targetHints":{"allow":["GET"]}}],"collection":[{"href":"https:\/\/uj.adatbank.ro\/lexikon\/wp-json\/wp\/v2\/product"}],"about":[{"href":"https:\/\/uj.adatbank.ro\/lexikon\/wp-json\/wp\/v2\/types\/product"}],"replies":[{"embeddable":true,"href":"https:\/\/uj.adatbank.ro\/lexikon\/wp-json\/wp\/v2\/comments?post=13869"}],"wp:attachment":[{"href":"https:\/\/uj.adatbank.ro\/lexikon\/wp-json\/wp\/v2\/media?parent=13869"}],"wp:term":[{"taxonomy":"product_brand","embeddable":true,"href":"https:\/\/uj.adatbank.ro\/lexikon\/wp-json\/wp\/v2\/product_brand?post=13869"},{"taxonomy":"product_cat","embeddable":true,"href":"https:\/\/uj.adatbank.ro\/lexikon\/wp-json\/wp\/v2\/product_cat?post=13869"},{"taxonomy":"product_tag","embeddable":true,"href":"https:\/\/uj.adatbank.ro\/lexikon\/wp-json\/wp\/v2\/product_tag?post=13869"}],"curies":[{"name":"wp","href":"https:\/\/api.w.org\/{rel}","templated":true}]}}

LÉNÁRT Dániel, kaáli

<p>1800, † Mv., 1864. aug. 8.: ügyvéd, városi tanácsos. – Felesége: Kovács Rozália. Gyermekeik: Lilla Vass Tamásné; Lotti Vajna Gáspárné; József; Zefi és Gizella (1863 – Mv., 1884. máj. 6.). – Ügyvédi vizsgát tett (1825), a kir. táblán szolgált (1838-ig), Mv. oratora (tanácsos, gazda), mint notárius érte a forradalom, a nemzetőrség és a honvédség élelmezési biztosa vol. Amikor az orosz hadsereg megszállta Mv.-t, Gedeon őt és Petri Ádámot tartotta kezesként, míg a sarcot a város kifizette (1849. aug.). A szabadságharc utáni évek elnyomatásban és vagyonvesztésben teltek. A Makk-féle titkos forradalmi mozgalmat felfedezték, három tagját (Török János, Gálfi, Horváth) kivégezték (1854. márc. 10.), L. D. vizsgálati fogságba vitték Gyulafehérvárra, majd Nagyszebenbe (1853–54 márc. 10. után szabadult), a Mv. város területét el nem hagyhatta, hivatalt nem vállalhatott. József fia nevelésével foglalkozott, m., német és latin nyelvre tanította. Később városi tanácsos volt haláláig (1861–64). L. József apja. <br /><strong>Irod.:</strong> Böjthe Andor: A Görgényi ev. ref. egyházmegye története [kézirat]; Gyászjelentő; Időtár 2; Pálmay József</br></p>

<p>1800, † Mv., 1864. aug. 8.: ügyvéd, városi tanácsos. – Felesége: Kovács Rozália. Gyermekeik: Lilla Vass Tamásné; Lotti Vajna Gáspárné; József; Zefi és Gizella (1863 – Mv., 1884. máj. 6.). – Ügyvédi vizsgát tett (1825), a kir. táblán szolgált (1838-ig), Mv. oratora (tanácsos, gazda), mint notárius érte a forradalom, a nemzetőrség és a honvédség élelmezési [&hellip;]</p>
