{"id":13874,"date":"2025-07-15T12:42:54","date_gmt":"2025-07-15T10:42:54","guid":{"rendered":"https:\/\/uj.adatbank.ro\/lexikon\/termek\/lenart-jozsef-kaali\/"},"modified":"2025-07-15T12:42:54","modified_gmt":"2025-07-15T10:42:54","slug":"lenart-jozsef-kaali","status":"publish","type":"product","link":"https:\/\/uj.adatbank.ro\/lexikon\/termek\/lenart-jozsef-kaali\/","title":{"rendered":"L\u00c9N\u00c1RT J\u00f3zsef, ka\u00e1li"},"content":{"rendered":"<p>Mv., 1849. j\u00fal. 25., \u2020 Kv., 1917. jan. 16.: ref. lelk\u00e9sz, tan\u00e1r. \u2013  L. D\u00e1niel, \u00fcgyv\u00e9d, v\u00e1rosi tan\u00e1csos \u00e9s Kov\u00e1cs Roz\u00e1lia fia, komolyan foglalkozott a fia nevel\u00e9s\u00e9vel: m., n\u00e9met \u00e9s latin nyelvre tan\u00edtotta, olyan sikeresen hogy egyenesen a n\u00e9met gimn.&#8211;ba vett\u00e9k, Mv.-en v\u00e9gezett, itt \u00e9retts\u00e9gizett (1866), 2 \u00e9vet jogot, 2 \u00e9vet teol\u00f3gi\u00e1t tanult Nagyenyeden, tan\u00edt\u00f3i vizsg\u00e1t tett (1870. j\u00fan.). Tan\u00edtott Sepsiszentgy\u00f6rgy\u00f6n (1870\u201372), papi vizsg\u00e1t tett \u00e9s oklevelet kapott (1872. nov.). Mv.-en k\u00f6ztan\u00edt\u00f3 (juratus) s br. Rottenthal k\u00e9t fi\u00e1nak nevel\u0151je volt (1872\u201373); majd a marburgi egyetemen t\u00f6lt\u00f6tt egy \u00e9v ut\u00e1n, a mv.-i Ref. Koll.-ba h\u00edvt\u00e1k meg, hol mint az iskola gazd\u00e1ja (senior) (1874. szept.\u20131886) \u00e9s seg\u00e9dtan\u00e1r (1876), mint egyetemi oklevelet szerzett szaktan\u00e1r (1880), a t\u00f6rt\u00e9nelmet \u00e9s f\u00f6ldrajzot, egyh\u00e1zt\u00f6rt\u00e9nelmet \u00e9s erk\u00f6lcstant (\u20131886) tan\u00edtotta. Ez id\u0151 alatt kiv\u00e1l\u00f3 gondot ford\u00edtott a koll.-ban az ifjus\u00e1g \u00f6nk\u00e9pz\u00e9s\u00e9re, a zene, \u00e9nek, rajz, \u00edr\u00e1s \u00e9s torna tan\u00edt\u00e1s\u00e1ra, s az el\u0151bbiek fejleszt\u00e9s\u00e9re alak\u00edtott test\u00fcletek eln\u00f6s\u00e9g\u00e9t, az ut\u00f3bbiak fel\u00fcgyelet\u00e9t 12 \u00e9vig folytatta. A KMTT tagja (1877). A Ref. Koll. el\u0151lj\u00e1r\u00f3s\u00e1g\u00e1nak tagja (1905\u201310). Az egyh\u00e1zk\u00f6zs\u00e9g nev\u00e9ben v\u00e1dat emelt Tolnai Lajos ellen (1884). R\u00e9szt vett a Tev\u00e9kenykedett a V\u00e1rosi Torna Egyletben, a kultur\u00e1lis Casino-T\u00e1rsalg\u00f3 Egyletben. A Koll. papja c\u00edmet is megkapta. R\u00e9szt vett Mv. t\u00e1rsadalmi \u00e9let\u00e9ben, a Sz\u00e9kely V\u00e9rtanuk eml\u00e9koszlop \u00e1ll\u00edt\u00e1sakor (1875. j\u00fan. 27.) Wass Tam\u00e1s lelkip\u00e1sztor, L\u00e1z\u00e1r \u00c1d\u00e1m, br. Orb\u00e1n Bal\u00e1zs, Bereczki S\u00e1ndor eml\u00e9kbesz\u00e9det mondtak \u00e9s L..J. mint papjel\u0151lt elszavalta J\u00f3kai M\u00f3r: A v\u00e9rtan\u00fak eml\u00e9ke c k\u00f6ltem\u00e9ny\u00e9t. A Pet\u0151fi \u00fcnneps\u00e9g rendez\u0151 bizotts\u00e1g\u00e1nak tagja, az eml\u00e9kt\u00e1bla avat\u00e1s\u00e1n \u00fcnnepi besz\u00e9det mondott (1884. szept, 24.-n). A mv.-i t\u0171zv\u00e9sz ut\u00e1n (1876. \u00e1pr. 12.) megalakult az \u00d6nk\u00e9ntes T\u0171zolt\u00f3 Egylet, amelyben oszt\u00e1lyparancsnokk\u00e9nt m\u0171k\u00f6d\u00f6tt (1876\u20131886). A Torda vm.-i \u00c1ltal\u00e1nos Tantest\u00fcletnek eln\u00f6ke (1880. okt.- 1886. nov.). \u00dajra\u00e9lesztett\u00e9k a Dalk\u00f6rt V\u00e9gler Gyula majd Geiger Albert \u00e9s Nemes J\u00f3zsef karnagyok vezet\u00e9s\u00e9vel. Mint egyh\u00e1zi tan\u00e1csos az egyh\u00e1zi \u00fcgyek vezet\u00e9s\u00e9ben \u00e9s mint a v\u00e1rosban, mint vid\u00e9ken lelk\u00e9szi teend\u0151ket v\u00e9gzett. Lelk\u00e9sznek szentelt\u00e9k (1885); a magyar\u00f3i egyh\u00e1z v\u00e1lasztotta meg papj\u00e1nak (1886. \u00e1pr., szept. 12. bek\u00f6sz\u00f6nt\u00f6tt), majd a g\u00f6rg\u00e9nyi egyh\u00e1zmegye esperese volt (1886. szept.\u20131897. jan.). R\u00e9szt vett az 1891. zsinaton; tagja az orsz\u00e1gos konventnek; nyug. esperesk\u00e9nt mint az egyh\u00e1zmegyei papi \u00e9rtekezlet eln\u00f6ke Magyar\u00f3n \u00e9lt. Nyugd\u00edjba ment (1914. \u00e1pr.1) \u00e9s Kv.-ra k\u00f6lt\u00f6z\u00f6tt. Nyugd\u00edjba vonul\u00e1sakor ekkor \u00e9rt\u00e9kes k\u00f6nyveib\u0151l a mv.-i Ref. Koll.-nak adom\u00e1nyozott, t\u00f6bbek k\u00f6z\u00f6tt: K\u00f6teles S\u00e1muel: Logika; Orb\u00e1n Bal\u00e1zs: Orsz\u00e1ggy\u0171l\u00e9si besz\u00e9dei; R\u00e9v\u00e9sz Imre K\u00e1lvin \u00e9lete, stb. Az Erd\u00e9lyi M\u00fazeum, Kal\u00e1szok, Erd\u00e9lyi Prot. K\u00f6zl\u00f6ny, az Erd\u00e9lyi Hirad\u00f3, a Maros-Vid\u00e9k, a T\u00f6rt\u00e9nelmi T\u00e1r; a kv.-i Ellenz\u00e9k \u00e9s m\u00e9g m\u00e1s egyh\u00e1zi \u00e9s sz\u00e9pirodalmi lap \u00e9s f\u00fczet is k\u00f6z\u00f6lte vegyes tartalm\u00fa cikkeit, egyh\u00e1zi s alkalmi besz\u00e9deit. Ferenc J\u00f3zsef lovagrend \u00e9rdemjelet kapott (1914. okt.). \u2013 <strong>F. m.:<\/strong> Az utols\u00f3 Istenhozz\u00e1d. Halotti besz\u00e9d. Mentovich Ferenc tan\u00e1r ravatal\u00e1n\u00e1l 1879. dec. h\u00f3 17. F\u00fcggel\u00e9k\u00fcl \u00e9letrajzi adatok. (Mv., 1880); B\u00f6jti levelek. Felolvas\u00e1s. (Mv., 1880); B\u00e1thory Zsigmond erd\u00e9lyi fejedelem \u00e9lete, jelleme \u00e9s politk\u00e1ja. (Kv, 1880); A tan\u00edt\u00f3 test\u00fcletek hivat\u00e1sa. Eln\u00f6ki megnyit\u00f3 a Maros-Tord megyei \u00c1ltal\u00e1nos Tan\u00edt\u00f3test\u00fclet k\u00f6zgy\u0171l\u00e9s\u00e9n. (Mv., 1883); Pet\u0151fi eml\u00e9kezete: \u00dcnnepi besz\u00e9d az eml\u00e9kt\u00e1bla leleplez\u00e9se orsz\u00e1gos \u00fcnnep\u00e9ly\u00e9n 1884. szept. 28. (Mv., 1884); Eml\u00e9klap Nagy Antal mv.-i rv. ref. tan\u00edt\u00f3nak arany \u00e9rdemkereszttel kit\u00fcntet\u00e9se alkalm\u00e1b\u00f3l 1887. m\u00e1rc. 27. (Mv., 1887); Szemerjai Sz\u00e1sz Domokos erd\u00e9lyi ev. ref. p\u00fcsp\u00f6k eml\u00e9kezete&#8230; Eml\u00e9kbesz\u00e9d. Elmondta a g\u00f6rg\u00e9nyi ref. egyh\u00e1zmegye k\u00f6zgy\u0171l\u00e9se alkalm\u00e1b\u00f3l tartott gy\u00e1sz-eml\u00e9k\u00fcnnep\u00e9lyen Sz\u00e1sz-R\u00e9genben, 1899. j\u00fan. 30. (Sz\u00e1szr\u00e9gen, 1899); Eml\u00e9kek a r\u00e9gi koll\u00e9giumi \u00e9letb\u0151l (Mv., 1914); <strong>szerk.:<\/strong> A Maros-Torda megyei Tan\u00edt\u00f3 Test\u00fclet els\u0151 \u00c9vk\u00f6nyve 1878\u20131886. \u00e9vr\u0151l. (Mv.,1886). <br \/><strong>Irod.:<\/strong> \u00c1goston Albert: Alkot\u00e1sainkra, \u00e9rt\u00e9keinkre eml\u00e9kezve (N\u00fa., 1993. dec. 14.); B\u00f6jthe Andor: A G\u00f6rg\u00e9nyi ev. ref. egyh\u00e1zmegye t\u00f6rt\u00e9nete [k\u00e9zirat]; Eml\u00e9kk\u00f6nyv; F\u00fcl\u00f6p\u2013Ferencz; Halotti besz\u00e9dek; Id\u0151t\u00e1r 2; KMTT; Marosi-KZST; Mv.-i Ev. Ref. Koll. \u00e9rtes\u00edt\u0151je (1885\u201386); P\u00e1lmai; Sebesty\u00e9n; Szinnyei; Szinnyei J.; Vaday; Zov\u00e1nyi<\/br><\/p>\n","protected":false},"excerpt":{"rendered":"<p>Mv., 1849. j\u00fal. 25., \u2020 Kv., 1917. jan. 16.: ref. lelk\u00e9sz, tan\u00e1r. \u2013 L. D\u00e1niel, \u00fcgyv\u00e9d, v\u00e1rosi tan\u00e1csos \u00e9s Kov\u00e1cs Roz\u00e1lia fia, komolyan foglalkozott a fia nevel\u00e9s\u00e9vel: m., n\u00e9met \u00e9s latin nyelvre tan\u00edtotta, olyan sikeresen hogy egyenesen a n\u00e9met gimn.&#8211;ba vett\u00e9k, Mv.-en v\u00e9gezett, itt \u00e9retts\u00e9gizett (1866), 2 \u00e9vet jogot, 2 \u00e9vet teol\u00f3gi\u00e1t tanult Nagyenyeden, tan\u00edt\u00f3i [&hellip;]<\/p>\n","protected":false},"featured_media":0,"comment_status":"open","ping_status":"closed","template":"","meta":[],"product_brand":[],"product_cat":[137],"product_tag":[],"class_list":{"0":"post-13874","1":"product","2":"type-product","3":"status-publish","5":"product_cat-maros-megyei-eletrajzi-lexikon","7":"first","8":"instock","9":"shipping-taxable","10":"product-type-simple"},"_links":{"self":[{"href":"https:\/\/uj.adatbank.ro\/lexikon\/wp-json\/wp\/v2\/product\/13874","targetHints":{"allow":["GET"]}}],"collection":[{"href":"https:\/\/uj.adatbank.ro\/lexikon\/wp-json\/wp\/v2\/product"}],"about":[{"href":"https:\/\/uj.adatbank.ro\/lexikon\/wp-json\/wp\/v2\/types\/product"}],"replies":[{"embeddable":true,"href":"https:\/\/uj.adatbank.ro\/lexikon\/wp-json\/wp\/v2\/comments?post=13874"}],"wp:attachment":[{"href":"https:\/\/uj.adatbank.ro\/lexikon\/wp-json\/wp\/v2\/media?parent=13874"}],"wp:term":[{"taxonomy":"product_brand","embeddable":true,"href":"https:\/\/uj.adatbank.ro\/lexikon\/wp-json\/wp\/v2\/product_brand?post=13874"},{"taxonomy":"product_cat","embeddable":true,"href":"https:\/\/uj.adatbank.ro\/lexikon\/wp-json\/wp\/v2\/product_cat?post=13874"},{"taxonomy":"product_tag","embeddable":true,"href":"https:\/\/uj.adatbank.ro\/lexikon\/wp-json\/wp\/v2\/product_tag?post=13874"}],"curies":[{"name":"wp","href":"https:\/\/api.w.org\/{rel}","templated":true}]}}

LÉNÁRT József, kaáli

<p>Mv., 1849. júl. 25., † Kv., 1917. jan. 16.: ref. lelkész, tanár. –  L. Dániel, ügyvéd, városi tanácsos és Kovács Rozália fia, komolyan foglalkozott a fia nevelésével: m., német és latin nyelvre tanította, olyan sikeresen hogy egyenesen a német gimn.&#8211;ba vették, Mv.-en végezett, itt érettségizett (1866), 2 évet jogot, 2 évet teológiát tanult Nagyenyeden, tanítói vizsgát tett (1870. jún.). Tanított Sepsiszentgyörgyön (1870–72), papi vizsgát tett és oklevelet kapott (1872. nov.). Mv.-en köztanító (juratus) s br. Rottenthal két fiának nevelője volt (1872–73); majd a marburgi egyetemen töltött egy év után, a mv.-i Ref. Koll.-ba hívták meg, hol mint az iskola gazdája (senior) (1874. szept.–1886) és segédtanár (1876), mint egyetemi oklevelet szerzett szaktanár (1880), a történelmet és földrajzot, egyháztörténelmet és erkölcstant (–1886) tanította. Ez idő alatt kiváló gondot fordított a koll.-ban az ifjuság önképzésére, a zene, ének, rajz, írás és torna tanítására, s az előbbiek fejlesztésére alakított testületek elnöségét, az utóbbiak felügyeletét 12 évig folytatta. A KMTT tagja (1877). A Ref. Koll. előljáróságának tagja (1905–10). Az egyházközség nevében vádat emelt Tolnai Lajos ellen (1884). Részt vett a Tevékenykedett a Városi Torna Egyletben, a kulturális Casino-Társalgó Egyletben. A Koll. papja címet is megkapta. Részt vett Mv. társadalmi életében, a Székely Vértanuk emlékoszlop állításakor (1875. jún. 27.) Wass Tamás lelkipásztor, Lázár Ádám, br. Orbán Balázs, Bereczki Sándor emlékbeszédet mondtak és L..J. mint papjelőlt elszavalta Jókai Mór: A vértanúk emléke c költeményét. A Petőfi ünnepség rendező bizottságának tagja, az emléktábla avatásán ünnepi beszédet mondott (1884. szept, 24.-n). A mv.-i tűzvész után (1876. ápr. 12.) megalakult az Önkéntes Tűzoltó Egylet, amelyben osztályparancsnokként működött (1876–1886). A Torda vm.-i Általános Tantestületnek elnöke (1880. okt.- 1886. nov.). Újraélesztették a Dalkört Végler Gyula majd Geiger Albert és Nemes József karnagyok vezetésével. Mint egyházi tanácsos az egyházi ügyek vezetésében és mint a városban, mint vidéken lelkészi teendőket végzett. Lelkésznek szentelték (1885); a magyarói egyház választotta meg papjának (1886. ápr., szept. 12. beköszöntött), majd a görgényi egyházmegye esperese volt (1886. szept.–1897. jan.). Részt vett az 1891. zsinaton; tagja az országos konventnek; nyug. esperesként mint az egyházmegyei papi értekezlet elnöke Magyarón élt. Nyugdíjba ment (1914. ápr.1) és Kv.-ra költözött. Nyugdíjba vonulásakor ekkor értékes könyveiből a mv.-i Ref. Koll.-nak adományozott, többek között: Köteles Sámuel: Logika; Orbán Balázs: Országgyűlési beszédei; Révész Imre Kálvin élete, stb. Az Erdélyi Múzeum, Kalászok, Erdélyi Prot. Közlöny, az Erdélyi Hiradó, a Maros-Vidék, a Történelmi Tár; a kv.-i Ellenzék és még más egyházi és szépirodalmi lap és füzet is közölte vegyes tartalmú cikkeit, egyházi s alkalmi beszédeit. Ferenc József lovagrend érdemjelet kapott (1914. okt.). – <strong>F. m.:</strong> Az utolsó Istenhozzád. Halotti beszéd. Mentovich Ferenc tanár ravatalánál 1879. dec. hó 17. Függelékül életrajzi adatok. (Mv., 1880); Böjti levelek. Felolvasás. (Mv., 1880); Báthory Zsigmond erdélyi fejedelem élete, jelleme és politkája. (Kv, 1880); A tanító testületek hivatása. Elnöki megnyitó a Maros-Tord megyei Általános Tanítótestület közgyűlésén. (Mv., 1883); Petőfi emlékezete: Ünnepi beszéd az emléktábla leleplezése országos ünnepélyén 1884. szept. 28. (Mv., 1884); Emléklap Nagy Antal mv.-i rv. ref. tanítónak arany érdemkereszttel kitüntetése alkalmából 1887. márc. 27. (Mv., 1887); Szemerjai Szász Domokos erdélyi ev. ref. püspök emlékezete&#8230; Emlékbeszéd. Elmondta a görgényi ref. egyházmegye közgyűlése alkalmából tartott gyász-emlékünnepélyen Szász-Régenben, 1899. jún. 30. (Szászrégen, 1899); Emlékek a régi kollégiumi életből (Mv., 1914); <strong>szerk.:</strong> A Maros-Torda megyei Tanító Testület első Évkönyve 1878–1886. évről. (Mv.,1886). <br /><strong>Irod.:</strong> Ágoston Albert: Alkotásainkra, értékeinkre emlékezve (Nú., 1993. dec. 14.); Böjthe Andor: A Görgényi ev. ref. egyházmegye története [kézirat]; Emlékkönyv; Fülöp–Ferencz; Halotti beszédek; Időtár 2; KMTT; Marosi-KZST; Mv.-i Ev. Ref. Koll. értesítője (1885–86); Pálmai; Sebestyén; Szinnyei; Szinnyei J.; Vaday; Zoványi</br></p>

<p>Mv., 1849. júl. 25., † Kv., 1917. jan. 16.: ref. lelkész, tanár. – L. Dániel, ügyvéd, városi tanácsos és Kovács Rozália fia, komolyan foglalkozott a fia nevelésével: m., német és latin nyelvre tanította, olyan sikeresen hogy egyenesen a német gimn.&#8211;ba vették, Mv.-en végezett, itt érettségizett (1866), 2 évet jogot, 2 évet teológiát tanult Nagyenyeden, tanítói [&hellip;]</p>
