{"id":13875,"date":"2025-07-15T12:42:57","date_gmt":"2025-07-15T10:42:57","guid":{"rendered":"https:\/\/uj.adatbank.ro\/lexikon\/termek\/lenart-jozsef-lenard-josephus\/"},"modified":"2025-07-15T12:42:57","modified_gmt":"2025-07-15T10:42:57","slug":"lenart-jozsef-lenard-josephus","status":"publish","type":"product","link":"https:\/\/uj.adatbank.ro\/lexikon\/termek\/lenart-jozsef-lenard-josephus\/","title":{"rendered":"L\u00c9N\u00c1RT J\u00f3zsef; Lenard Josephus"},"content":{"rendered":"<p>Mv., 1796. \u2020 ?: seb\u00e9sz. \u2013 Apja, Istv\u00e1n \/Stephanus csizmadia Mv.-en. Neje G\u00f6r\u00f6g Karolina (meghalt 28 \u00e9ves kor\u00e1ban, t\u00edz \u00e9s f\u00e9l\u00e9vi h\u00e1zass\u00e1g ut\u00e1n, n\u00e9gy gyermeket eltemettek, egy fi\u00fa maradt ut\u00e1na). Pesten volt seb\u00e9szhallgat\u00f3 (1816\u201318). <br \/><strong>Irod.:<\/strong> Csekme; P\u00e1lmay J\u00f3zsef; Szab\u00f3 Mikl\u00f3s 2005<\/br><\/p>\n","protected":false},"excerpt":{"rendered":"<p>Mv., 1796. \u2020 ?: seb\u00e9sz. \u2013 Apja, Istv\u00e1n \/Stephanus csizmadia Mv.-en. Neje G\u00f6r\u00f6g Karolina (meghalt 28 \u00e9ves kor\u00e1ban, t\u00edz \u00e9s f\u00e9l\u00e9vi h\u00e1zass\u00e1g ut\u00e1n, n\u00e9gy gyermeket eltemettek, egy fi\u00fa maradt ut\u00e1na). Pesten volt seb\u00e9szhallgat\u00f3 (1816\u201318). Irod.: Csekme; P\u00e1lmay J\u00f3zsef; Szab\u00f3 Mikl\u00f3s 2005<\/p>\n","protected":false},"featured_media":0,"comment_status":"open","ping_status":"closed","template":"","meta":[],"product_brand":[],"product_cat":[137],"product_tag":[],"class_list":{"0":"post-13875","1":"product","2":"type-product","3":"status-publish","5":"product_cat-maros-megyei-eletrajzi-lexikon","7":"first","8":"instock","9":"shipping-taxable","10":"product-type-simple"},"_links":{"self":[{"href":"https:\/\/uj.adatbank.ro\/lexikon\/wp-json\/wp\/v2\/product\/13875","targetHints":{"allow":["GET"]}}],"collection":[{"href":"https:\/\/uj.adatbank.ro\/lexikon\/wp-json\/wp\/v2\/product"}],"about":[{"href":"https:\/\/uj.adatbank.ro\/lexikon\/wp-json\/wp\/v2\/types\/product"}],"replies":[{"embeddable":true,"href":"https:\/\/uj.adatbank.ro\/lexikon\/wp-json\/wp\/v2\/comments?post=13875"}],"wp:attachment":[{"href":"https:\/\/uj.adatbank.ro\/lexikon\/wp-json\/wp\/v2\/media?parent=13875"}],"wp:term":[{"taxonomy":"product_brand","embeddable":true,"href":"https:\/\/uj.adatbank.ro\/lexikon\/wp-json\/wp\/v2\/product_brand?post=13875"},{"taxonomy":"product_cat","embeddable":true,"href":"https:\/\/uj.adatbank.ro\/lexikon\/wp-json\/wp\/v2\/product_cat?post=13875"},{"taxonomy":"product_tag","embeddable":true,"href":"https:\/\/uj.adatbank.ro\/lexikon\/wp-json\/wp\/v2\/product_tag?post=13875"}],"curies":[{"name":"wp","href":"https:\/\/api.w.org\/{rel}","templated":true}]}}