{"id":13876,"date":"2025-07-15T12:42:59","date_gmt":"2025-07-15T10:42:59","guid":{"rendered":"https:\/\/uj.adatbank.ro\/lexikon\/termek\/lenart-karoly\/"},"modified":"2025-07-15T12:42:59","modified_gmt":"2025-07-15T10:42:59","slug":"lenart-karoly","status":"publish","type":"product","link":"https:\/\/uj.adatbank.ro\/lexikon\/termek\/lenart-karoly\/","title":{"rendered":"L\u00c9N\u00c1RT K\u00e1roly"},"content":{"rendered":"<p>?, \u2020 1869\u201370 dec.k.: bor\u00e1rus, vend\u00e9gl\u0151s. \u2013 Mv.-en volt vend\u00e9gl\u0151je (1869\u2013), a \u201dF\u00fcrd\u0151 utca \u00e9s a V\u00e1r t\u00e9r sark\u00e1n\u201d (ahol a fizet\u00e9ses poliklina m\u0171k\u00f6d\u00f6tt 1990 el\u0151tt). Voltak eb\u00e9dl\u0151 \u00e9s vacsora szob\u00e1i, b\u00e1lterme \u00e9s ny\u00e1ri mulat\u00f3kertje. Term\u00e9ben sz\u00edniel\u0151ad\u00e1sokat is tartott az udvaron \u00e9p\u00fclt ny\u00e1ri sz\u00ednk\u00f6rben: a Feh\u00e9rv\u00e1ry Antal t\u00e1rsulata; majd feles\u00e9ge \u00f6zv. L. K.-n\u00e9 term\u00e9ben j\u00e1tszott a Gy\u0151rffy Antal (1870. dec. 6.\u20131871. m\u00e1rc. 27.); a Homokai L\u00e1szl\u00f3 (1871. nov. 21\u201372. \u00e1pr. 7.), a Kuthi Krimszki B\u00e9la (1879. j\u00fal. 20.-szept. 10) t\u00e1rsulat. A Mv.-en m\u00e9g csak fel\u00e1ll\u00edtand\u00f3 polg\u00e1ri olvas\u00f3- \u00e9s t\u00e1rsalg\u00f3 egylet \u00e9rdek\u00e9ben al\u00e1\u00edr\u00e1sokat gy\u0171jt\u0151k sor\u00e1ban szerepel a neve <br \/><strong>Irod.:<\/strong> Kusz\u00e1lik\u2013Zal\u00e1nyi<\/br><\/p>\n","protected":false},"excerpt":{"rendered":"<p>?, \u2020 1869\u201370 dec.k.: bor\u00e1rus, vend\u00e9gl\u0151s. \u2013 Mv.-en volt vend\u00e9gl\u0151je (1869\u2013), a \u201dF\u00fcrd\u0151 utca \u00e9s a V\u00e1r t\u00e9r sark\u00e1n\u201d (ahol a fizet\u00e9ses poliklina m\u0171k\u00f6d\u00f6tt 1990 el\u0151tt). Voltak eb\u00e9dl\u0151 \u00e9s vacsora szob\u00e1i, b\u00e1lterme \u00e9s ny\u00e1ri mulat\u00f3kertje. Term\u00e9ben sz\u00edniel\u0151ad\u00e1sokat is tartott az udvaron \u00e9p\u00fclt ny\u00e1ri sz\u00ednk\u00f6rben: a Feh\u00e9rv\u00e1ry Antal t\u00e1rsulata; majd feles\u00e9ge \u00f6zv. L. K.-n\u00e9 term\u00e9ben j\u00e1tszott [&hellip;]<\/p>\n","protected":false},"featured_media":0,"comment_status":"open","ping_status":"closed","template":"","meta":[],"product_brand":[],"product_cat":[137],"product_tag":[],"class_list":{"0":"post-13876","1":"product","2":"type-product","3":"status-publish","5":"product_cat-maros-megyei-eletrajzi-lexikon","7":"first","8":"instock","9":"shipping-taxable","10":"product-type-simple"},"_links":{"self":[{"href":"https:\/\/uj.adatbank.ro\/lexikon\/wp-json\/wp\/v2\/product\/13876","targetHints":{"allow":["GET"]}}],"collection":[{"href":"https:\/\/uj.adatbank.ro\/lexikon\/wp-json\/wp\/v2\/product"}],"about":[{"href":"https:\/\/uj.adatbank.ro\/lexikon\/wp-json\/wp\/v2\/types\/product"}],"replies":[{"embeddable":true,"href":"https:\/\/uj.adatbank.ro\/lexikon\/wp-json\/wp\/v2\/comments?post=13876"}],"wp:attachment":[{"href":"https:\/\/uj.adatbank.ro\/lexikon\/wp-json\/wp\/v2\/media?parent=13876"}],"wp:term":[{"taxonomy":"product_brand","embeddable":true,"href":"https:\/\/uj.adatbank.ro\/lexikon\/wp-json\/wp\/v2\/product_brand?post=13876"},{"taxonomy":"product_cat","embeddable":true,"href":"https:\/\/uj.adatbank.ro\/lexikon\/wp-json\/wp\/v2\/product_cat?post=13876"},{"taxonomy":"product_tag","embeddable":true,"href":"https:\/\/uj.adatbank.ro\/lexikon\/wp-json\/wp\/v2\/product_tag?post=13876"}],"curies":[{"name":"wp","href":"https:\/\/api.w.org\/{rel}","templated":true}]}}

LÉNÁRT Károly

<p>?, † 1869–70 dec.k.: borárus, vendéglős. – Mv.-en volt vendéglője (1869–), a ”Fürdő utca és a Vár tér sarkán” (ahol a fizetéses poliklina működött 1990 előtt). Voltak ebédlő és vacsora szobái, bálterme és nyári mulatókertje. Termében színielőadásokat is tartott az udvaron épült nyári színkörben: a Fehérváry Antal társulata; majd felesége özv. L. K.-né termében játszott a Győrffy Antal (1870. dec. 6.–1871. márc. 27.); a Homokai László (1871. nov. 21–72. ápr. 7.), a Kuthi Krimszki Béla (1879. júl. 20.-szept. 10) társulat. A Mv.-en még csak felállítandó polgári olvasó- és társalgó egylet érdekében aláírásokat gyűjtők sorában szerepel a neve <br /><strong>Irod.:</strong> Kuszálik–Zalányi</br></p>

<p>?, † 1869–70 dec.k.: borárus, vendéglős. – Mv.-en volt vendéglője (1869–), a ”Fürdő utca és a Vár tér sarkán” (ahol a fizetéses poliklina működött 1990 előtt). Voltak ebédlő és vacsora szobái, bálterme és nyári mulatókertje. Termében színielőadásokat is tartott az udvaron épült nyári színkörben: a Fehérváry Antal társulata; majd felesége özv. L. K.-né termében játszott [&hellip;]</p>
