{"id":13877,"date":"2025-07-15T12:43:00","date_gmt":"2025-07-15T10:43:00","guid":{"rendered":"https:\/\/uj.adatbank.ro\/lexikon\/termek\/lencses-gyorgy-varadi\/"},"modified":"2025-07-15T12:43:00","modified_gmt":"2025-07-15T10:43:00","slug":"lencses-gyorgy-varadi","status":"publish","type":"product","link":"https:\/\/uj.adatbank.ro\/lexikon\/termek\/lencses-gyorgy-varadi\/","title":{"rendered":"LENCS\u00c9S Gy\u00f6rgy, v\u00e1radi"},"content":{"rendered":"<p>1530., \u2020 Gyualfef\u00e9rv\u00e1r (?), 1593. m\u00e1j. 6.: orvos. \u2013 Gyulafeh\u00e9rv\u00e1rt B\u00e1thory Krist\u00f3f \u00e9s Zsigmond udvari embere, majd erd\u00e9lyi kincst\u00e1ri sz\u00e1mvev\u0151 volt. A neve alatt maradt fenn az els\u0151 m. nyelv\u0171 orvosi k\u00f6nyv, a tal\u00e1n \u00e1ltala \u00f6ssze\u00e1ll\u00edtott Ars medica k\u00e9zirata, amelyet Guly\u00e1s K\u00e1roly fedezett fel \u00e9s ismertetett (1913) majd Varjas B\u00e9la adott k\u00f6zre (1943); A 16. sz. k\u00e9ziratot a Teleki T\u00e9ka \u0151rzi. T\u00f6bb mint 300 oldalas, c\u00edmlapja hi\u00e1nyzik. Az els\u0151 r\u00e9sz c\u00edme: Az emberi testnek betegs\u00e9geir\u0151l val\u00f3 orvoss\u00e1gok. A k\u00f6vetkez\u0151 fejezetek a kozmetikumokr\u00f3l, forr\u00f3s\u00e1gokr\u00f3l,\u00e9s hideglel\u00e9sr\u0151l, dagad\u00e1sokr\u00f3l,, l\u0151tt sebekr\u0151l, \u00e9s csontbetegs\u00e9gekr\u0151l, m\u00e9rgekr\u0151l \u00e9s m\u00e9rges \u00e1llatok mar\u00e1s\u00e1r\u00f3l sz\u00f3lnak. Az 1757 \u2013es keltez\u00e9s\u0171 u.n. ers\u0151szentgy\u00f6rgyi v\u00e1ltozat\u00e1t Alf\u00f6ldi Rezs\u0151 \u00e9s K\u00f3nya Imre (1956) mutatta be. A harmadik sz\u00f6vegv\u00e1ltozat 1610-b\u0151l sz\u00e1rmazik. Az Ars medica els\u0151sorban a m. orvosi terminol\u00f3gia t\u00f6rt\u00e9nete szempontj\u00e1b\u00f3l rendkiv\u00fcl fontos forr\u00e1s. A L. Gy. \u2013 Ars Medica \u2013 1577 eml\u00e9kplakett a kimagasl\u00f3 tudom\u00e1nyos eredm\u00e9nyek jutalmaz\u00e1s\u00e1ra k\u00e9sz\u00fclt az EME Orvostudom\u00e1nyi Szakoszt\u00e1ly\u00e1nak kezdem\u00e9nyez\u00e9s\u00e9re \u00e9s az els\u0151 kioszt\u00e1s\u00e1ra Mv.-en ker\u00fclt sor a XV. V\u00e1ndorgy\u0171l\u00e9sen (2005. \u00e1pr. 14\u201316.), Vizi E. Szilveszternek, az MTA eln\u00f6k\u00e9nek it\u00e9lte a kurat\u00f3rium. \u2013 <strong>F. m.:<\/strong> XVI. sz\u00e1zadi magyar orvosi k\u00f6nyv = Ars medica (Kv., 1943); Minden doktors\u00e1got csak ebb\u0151l k\u00e9s\u00e9rek&#8230; Szemelv\u00e9nyek a 16\u201317 sz. magyar orvosi k\u00e9zik\u00f6nyveib\u0151l. V\u00e1l. \u00e9s ut\u00f3sz\u00f3 Szlatky M\u00e1ria (Bp., 1983, Waczulik, 1984); Szab\u00f3 T. Attila: Ars medica electronica (Bp.,-Kv.-Szombathely-Veszpr\u00e9m, 2000). <br \/><strong>Irod.:<\/strong> F\u00fcl\u00f6p\u2013Ferencz, Magyary-Kossa 3 k.; MAM\u0170L, P\u00e1pai P\u00e1riz; P\u00e9ter 2006<\/br><\/p>\n","protected":false},"excerpt":{"rendered":"<p>1530., \u2020 Gyualfef\u00e9rv\u00e1r (?), 1593. m\u00e1j. 6.: orvos. \u2013 Gyulafeh\u00e9rv\u00e1rt B\u00e1thory Krist\u00f3f \u00e9s Zsigmond udvari embere, majd erd\u00e9lyi kincst\u00e1ri sz\u00e1mvev\u0151 volt. A neve alatt maradt fenn az els\u0151 m. nyelv\u0171 orvosi k\u00f6nyv, a tal\u00e1n \u00e1ltala \u00f6ssze\u00e1ll\u00edtott Ars medica k\u00e9zirata, amelyet Guly\u00e1s K\u00e1roly fedezett fel \u00e9s ismertetett (1913) majd Varjas B\u00e9la adott k\u00f6zre (1943); A 16. [&hellip;]<\/p>\n","protected":false},"featured_media":0,"comment_status":"open","ping_status":"closed","template":"","meta":[],"product_brand":[],"product_cat":[137],"product_tag":[],"class_list":{"0":"post-13877","1":"product","2":"type-product","3":"status-publish","5":"product_cat-maros-megyei-eletrajzi-lexikon","7":"first","8":"instock","9":"shipping-taxable","10":"product-type-simple"},"_links":{"self":[{"href":"https:\/\/uj.adatbank.ro\/lexikon\/wp-json\/wp\/v2\/product\/13877","targetHints":{"allow":["GET"]}}],"collection":[{"href":"https:\/\/uj.adatbank.ro\/lexikon\/wp-json\/wp\/v2\/product"}],"about":[{"href":"https:\/\/uj.adatbank.ro\/lexikon\/wp-json\/wp\/v2\/types\/product"}],"replies":[{"embeddable":true,"href":"https:\/\/uj.adatbank.ro\/lexikon\/wp-json\/wp\/v2\/comments?post=13877"}],"wp:attachment":[{"href":"https:\/\/uj.adatbank.ro\/lexikon\/wp-json\/wp\/v2\/media?parent=13877"}],"wp:term":[{"taxonomy":"product_brand","embeddable":true,"href":"https:\/\/uj.adatbank.ro\/lexikon\/wp-json\/wp\/v2\/product_brand?post=13877"},{"taxonomy":"product_cat","embeddable":true,"href":"https:\/\/uj.adatbank.ro\/lexikon\/wp-json\/wp\/v2\/product_cat?post=13877"},{"taxonomy":"product_tag","embeddable":true,"href":"https:\/\/uj.adatbank.ro\/lexikon\/wp-json\/wp\/v2\/product_tag?post=13877"}],"curies":[{"name":"wp","href":"https:\/\/api.w.org\/{rel}","templated":true}]}}