{"id":13880,"date":"2025-07-15T12:43:06","date_gmt":"2025-07-15T10:43:06","guid":{"rendered":"https:\/\/uj.adatbank.ro\/lexikon\/termek\/lendvay-rezso-alsolendvai\/"},"modified":"2025-07-15T12:43:06","modified_gmt":"2025-07-15T10:43:06","slug":"lendvay-rezso-alsolendvai","status":"publish","type":"product","link":"https:\/\/uj.adatbank.ro\/lexikon\/termek\/lendvay-rezso-alsolendvai\/","title":{"rendered":"LENDVAY Rezs\u0151, als\u00f3lendvai"},"content":{"rendered":"<p>Algy\u00f3gy, 1819, \u2020 Segesv\u00e1r, 1892: test\u0151r, katonatiszt. \u2013 A hadseregben (1834\u201341), majd a test\u0151rs\u00e9gben szolg\u00e1lt (1841\u201346). A szabads\u00e1gharcban el\u0151bb kapit\u00e1nyi, majd \u0151rnagyi rangban vett r\u00e9szt. A vil\u00e1gosi fegyverlet\u00e9tel ut\u00e1n fogs\u00e1gba esett, hal\u00e1lra, majd v\u00e1rfogs\u00e1gra \u00edt\u00e9lt\u00e9k, kiszabadult (1852). Az \u00fajonnan fel\u00e1ll\u00edtott honv\u00e9ds\u00e9gben \u0151rnagy, alezredes, ezredes (1869\u20131892). A mv.-i m.k. honv\u00e9d husz\u00e1rezred vez\u00e9nyl\u00f3 parancsnoka mint alezredes (\u20131878) <br \/><strong>Irod.:<\/strong> MTN<\/br><\/p>\n","protected":false},"excerpt":{"rendered":"<p>Algy\u00f3gy, 1819, \u2020 Segesv\u00e1r, 1892: test\u0151r, katonatiszt. \u2013 A hadseregben (1834\u201341), majd a test\u0151rs\u00e9gben szolg\u00e1lt (1841\u201346). A szabads\u00e1gharcban el\u0151bb kapit\u00e1nyi, majd \u0151rnagyi rangban vett r\u00e9szt. A vil\u00e1gosi fegyverlet\u00e9tel ut\u00e1n fogs\u00e1gba esett, hal\u00e1lra, majd v\u00e1rfogs\u00e1gra \u00edt\u00e9lt\u00e9k, kiszabadult (1852). Az \u00fajonnan fel\u00e1ll\u00edtott honv\u00e9ds\u00e9gben \u0151rnagy, alezredes, ezredes (1869\u20131892). A mv.-i m.k. honv\u00e9d husz\u00e1rezred vez\u00e9nyl\u00f3 parancsnoka mint alezredes (\u20131878) [&hellip;]<\/p>\n","protected":false},"featured_media":0,"comment_status":"open","ping_status":"closed","template":"","meta":[],"product_brand":[],"product_cat":[137],"product_tag":[],"class_list":{"0":"post-13880","1":"product","2":"type-product","3":"status-publish","5":"product_cat-maros-megyei-eletrajzi-lexikon","7":"first","8":"instock","9":"shipping-taxable","10":"product-type-simple"},"_links":{"self":[{"href":"https:\/\/uj.adatbank.ro\/lexikon\/wp-json\/wp\/v2\/product\/13880","targetHints":{"allow":["GET"]}}],"collection":[{"href":"https:\/\/uj.adatbank.ro\/lexikon\/wp-json\/wp\/v2\/product"}],"about":[{"href":"https:\/\/uj.adatbank.ro\/lexikon\/wp-json\/wp\/v2\/types\/product"}],"replies":[{"embeddable":true,"href":"https:\/\/uj.adatbank.ro\/lexikon\/wp-json\/wp\/v2\/comments?post=13880"}],"wp:attachment":[{"href":"https:\/\/uj.adatbank.ro\/lexikon\/wp-json\/wp\/v2\/media?parent=13880"}],"wp:term":[{"taxonomy":"product_brand","embeddable":true,"href":"https:\/\/uj.adatbank.ro\/lexikon\/wp-json\/wp\/v2\/product_brand?post=13880"},{"taxonomy":"product_cat","embeddable":true,"href":"https:\/\/uj.adatbank.ro\/lexikon\/wp-json\/wp\/v2\/product_cat?post=13880"},{"taxonomy":"product_tag","embeddable":true,"href":"https:\/\/uj.adatbank.ro\/lexikon\/wp-json\/wp\/v2\/product_tag?post=13880"}],"curies":[{"name":"wp","href":"https:\/\/api.w.org\/{rel}","templated":true}]}}

LENDVAY Rezső, alsólendvai

<p>Algyógy, 1819, † Segesvár, 1892: testőr, katonatiszt. – A hadseregben (1834–41), majd a testőrségben szolgált (1841–46). A szabadságharcban előbb kapitányi, majd őrnagyi rangban vett részt. A világosi fegyverletétel után fogságba esett, halálra, majd várfogságra ítélték, kiszabadult (1852). Az újonnan felállított honvédségben őrnagy, alezredes, ezredes (1869–1892). A mv.-i m.k. honvéd huszárezred vezényló parancsnoka mint alezredes (–1878) <br /><strong>Irod.:</strong> MTN</br></p>

<p>Algyógy, 1819, † Segesvár, 1892: testőr, katonatiszt. – A hadseregben (1834–41), majd a testőrségben szolgált (1841–46). A szabadságharcban előbb kapitányi, majd őrnagyi rangban vett részt. A világosi fegyverletétel után fogságba esett, halálra, majd várfogságra ítélték, kiszabadult (1852). Az újonnan felállított honvédségben őrnagy, alezredes, ezredes (1869–1892). A mv.-i m.k. honvéd huszárezred vezényló parancsnoka mint alezredes (–1878) [&hellip;]</p>
