{"id":13882,"date":"2025-07-15T12:43:10","date_gmt":"2025-07-15T10:43:10","guid":{"rendered":"https:\/\/uj.adatbank.ro\/lexikon\/termek\/lengyel-alfred-%c2%a7\/"},"modified":"2025-07-15T12:43:10","modified_gmt":"2025-07-15T10:43:10","slug":"lengyel-alfred-%c2%a7","status":"publish","type":"product","link":"https:\/\/uj.adatbank.ro\/lexikon\/termek\/lengyel-alfred-%c2%a7\/","title":{"rendered":"LENGYEL Alfr\u00e9d, \u00a7"},"content":{"rendered":"<p>Turnu Severin, 1895, \u2020\u00a0Auschwitz, 1944: textil keresked\u0151, inggy\u00e1ros \u2013 R\u00e9szt vett az I. vh.-ban (1915. jan.\u201318. nov.), az olasz \u00e9s orosz fronton harcolt, megsebes\u00fclt, \u00e1thelyezt\u00e9k a had\u00fcgyminiszt\u00e9riumba, mint hadnagy szerelt le. <strong>Kit\u00fcntet\u00e9sei:<\/strong> az Arany \u00e9rdemkereszt a v. \u00e9. sz., \u00e9s a K\u00e1roly cs. k. ig. a. Tanulm\u00e1nyai elv\u00e9gz\u00e9se ut\u00e1n B\u00e9csben a h\u00edres Singer gy\u00e1rban kezdett dolgozni, azut\u00e1n Brass\u00f3ban (1923\u2013), majd Mv.-en tev\u00e9kenykedett, \u00e1tlagosan 25 embert foglalkoztatott. Mv.-r\u0151l deport\u00e1lt\u00e1k (1944. m\u00e1j. 29.). <br \/><strong>Irod.:<\/strong> Erd\u00e9lyi ezredek; M. hadviselt zsid\u00f3k; Mv. zsid\u00f3s\u00e1ga; Sz\u00e9kelyf\u00f6ld \u00ed.k.<\/br><\/p>\n","protected":false},"excerpt":{"rendered":"<p>Turnu Severin, 1895, \u2020\u00a0Auschwitz, 1944: textil keresked\u0151, inggy\u00e1ros \u2013 R\u00e9szt vett az I. vh.-ban (1915. jan.\u201318. nov.), az olasz \u00e9s orosz fronton harcolt, megsebes\u00fclt, \u00e1thelyezt\u00e9k a had\u00fcgyminiszt\u00e9riumba, mint hadnagy szerelt le. Kit\u00fcntet\u00e9sei: az Arany \u00e9rdemkereszt a v. \u00e9. sz., \u00e9s a K\u00e1roly cs. k. ig. a. Tanulm\u00e1nyai elv\u00e9gz\u00e9se ut\u00e1n B\u00e9csben a h\u00edres Singer gy\u00e1rban kezdett [&hellip;]<\/p>\n","protected":false},"featured_media":0,"comment_status":"open","ping_status":"closed","template":"","meta":[],"product_brand":[],"product_cat":[137],"product_tag":[],"class_list":{"0":"post-13882","1":"product","2":"type-product","3":"status-publish","5":"product_cat-maros-megyei-eletrajzi-lexikon","7":"first","8":"instock","9":"shipping-taxable","10":"product-type-simple"},"_links":{"self":[{"href":"https:\/\/uj.adatbank.ro\/lexikon\/wp-json\/wp\/v2\/product\/13882","targetHints":{"allow":["GET"]}}],"collection":[{"href":"https:\/\/uj.adatbank.ro\/lexikon\/wp-json\/wp\/v2\/product"}],"about":[{"href":"https:\/\/uj.adatbank.ro\/lexikon\/wp-json\/wp\/v2\/types\/product"}],"replies":[{"embeddable":true,"href":"https:\/\/uj.adatbank.ro\/lexikon\/wp-json\/wp\/v2\/comments?post=13882"}],"wp:attachment":[{"href":"https:\/\/uj.adatbank.ro\/lexikon\/wp-json\/wp\/v2\/media?parent=13882"}],"wp:term":[{"taxonomy":"product_brand","embeddable":true,"href":"https:\/\/uj.adatbank.ro\/lexikon\/wp-json\/wp\/v2\/product_brand?post=13882"},{"taxonomy":"product_cat","embeddable":true,"href":"https:\/\/uj.adatbank.ro\/lexikon\/wp-json\/wp\/v2\/product_cat?post=13882"},{"taxonomy":"product_tag","embeddable":true,"href":"https:\/\/uj.adatbank.ro\/lexikon\/wp-json\/wp\/v2\/product_tag?post=13882"}],"curies":[{"name":"wp","href":"https:\/\/api.w.org\/{rel}","templated":true}]}}

LENGYEL Alfréd, §

<p>Turnu Severin, 1895, † Auschwitz, 1944: textil kereskedő, inggyáros – Részt vett az I. vh.-ban (1915. jan.–18. nov.), az olasz és orosz fronton harcolt, megsebesült, áthelyezték a hadügyminisztériumba, mint hadnagy szerelt le. <strong>Kitüntetései:</strong> az Arany érdemkereszt a v. é. sz., és a Károly cs. k. ig. a. Tanulmányai elvégzése után Bécsben a híres Singer gyárban kezdett dolgozni, azután Brassóban (1923–), majd Mv.-en tevékenykedett, átlagosan 25 embert foglalkoztatott. Mv.-ről deportálták (1944. máj. 29.). <br /><strong>Irod.:</strong> Erdélyi ezredek; M. hadviselt zsidók; Mv. zsidósága; Székelyföld í.k.</br></p>

<p>Turnu Severin, 1895, † Auschwitz, 1944: textil kereskedő, inggyáros – Részt vett az I. vh.-ban (1915. jan.–18. nov.), az olasz és orosz fronton harcolt, megsebesült, áthelyezték a hadügyminisztériumba, mint hadnagy szerelt le. Kitüntetései: az Arany érdemkereszt a v. é. sz., és a Károly cs. k. ig. a. Tanulmányai elvégzése után Bécsben a híres Singer gyárban kezdett [&hellip;]</p>
