{"id":13887,"date":"2025-07-15T12:43:20","date_gmt":"2025-07-15T10:43:20","guid":{"rendered":"https:\/\/uj.adatbank.ro\/lexikon\/termek\/lengyel-istvan-%c2%a7-przemyslei\/"},"modified":"2025-07-15T12:43:20","modified_gmt":"2025-07-15T10:43:20","slug":"lengyel-istvan-%c2%a7-przemyslei","status":"publish","type":"product","link":"https:\/\/uj.adatbank.ro\/lexikon\/termek\/lengyel-istvan-%c2%a7-przemyslei\/","title":{"rendered":"LENGYEL Istv\u00e1n, \u00a7 przemyslei"},"content":{"rendered":"<p>Malomv\u00edz (Bels\u0151 Szolnok vm., ma Hunyad), 1776. nov. 28. \u2020\u00a0Kv., 1833. szept. 5.: tan\u00e1r. \u2013 Lengyel eredet\u0171, I. R\u00e1k\u00f3czi Gy\u00f6rgyt\u0151l nemess\u00e9get kapott ref. papi csal\u00e1dban sz\u00fcletett. L. Istv\u00e1n ref. pap \u00e9s T\u00e1lyai R\u00e1chel fia. Feles\u00e9ge: Nagybaconi Intze Krisztina, Incze Mih\u00e1ly orvos le\u00e1nya. Fia D\u00e1niel orvos.- A kv.-i \u00e9s nagyenyedi koll.-ban tanult, majd k\u00fclf\u00f6ldi akad.-\u00e1kra ment: J\u00e9n\u00e1ban, Lipcs\u00e9ben, H\u00e1g\u00e1ban, G\u00f6ttingenben az egyetemen teol\u00f3giai, filoz\u00f3fiai \u00e9s term\u00e9szettudom\u00e1nyi tanulm\u00e1nyokat folytatott (1801\u20131803). Kendeffy \u00c1d\u00e1m h\u00e1zitan\u00edt\u00f3ja (1799\u2013), majd a mv.-i koll.-i tanulm\u00e1nyait ir\u00e1nyitotta\u00a0(1804. szept. 8.\u2013), itt professzorok voltak Antal J\u00e1nos, Bolyai Farkas \u00e9s K\u00f6teles S\u00e1muel. Tan\u00edtv\u00e1ny\u00e1val ment B\u00e9csbe is a katonai akad.-ra (1812), ott is hallgat\u00f3ja volt az egyetemnek. Befejezte tan\u00edt\u00f3i hivatal\u00e1t (1813), p\u00e9nzbeli v\u00e9gkiel\u00e9g\u00edt\u00e9st kapott (1914. m\u00e1j. 1.\u2013) \u00e9s a gr. birtokai egy r\u00e9sz\u00e9nek j\u00f3sz\u00e1gfel\u00fcgyel\u0151je lett \u00e9s megn\u0151s\u00fclt. A kv.-i Ref. Koll. filoz\u00f3fia, f\u00f6ldrajz \u00e9s n\u00e9met nyelv tan\u00e1ra hal\u00e1l\u00e1ig (1816\u201333). <br \/><strong>Irod.:<\/strong> H\u00e1zsong\u00e1rd; Ol\u00e1h-G\u00e1l 2013; Ol\u00e1h-G\u00e1l R\u00f3bert: Bolyai Farkas egyik j\u00f3 ember\u00e9r\u0151l, a der\u00e9k L. I.-r\u00f3l (N\u00fa., Sz\u00ednes Vil\u00e1g, 2014. szept. 26.; 2014. okt. 3.); Ol\u00e1h-G\u00e1l 2016<\/br><\/p>\n","protected":false},"excerpt":{"rendered":"<p>Malomv\u00edz (Bels\u0151 Szolnok vm., ma Hunyad), 1776. nov. 28. \u2020\u00a0Kv., 1833. szept. 5.: tan\u00e1r. \u2013 Lengyel eredet\u0171, I. R\u00e1k\u00f3czi Gy\u00f6rgyt\u0151l nemess\u00e9get kapott ref. papi csal\u00e1dban sz\u00fcletett. L. Istv\u00e1n ref. pap \u00e9s T\u00e1lyai R\u00e1chel fia. Feles\u00e9ge: Nagybaconi Intze Krisztina, Incze Mih\u00e1ly orvos le\u00e1nya. Fia D\u00e1niel orvos.- A kv.-i \u00e9s nagyenyedi koll.-ban tanult, majd k\u00fclf\u00f6ldi akad.-\u00e1kra ment: [&hellip;]<\/p>\n","protected":false},"featured_media":0,"comment_status":"open","ping_status":"closed","template":"","meta":[],"product_brand":[],"product_cat":[137],"product_tag":[],"class_list":{"0":"post-13887","1":"product","2":"type-product","3":"status-publish","5":"product_cat-maros-megyei-eletrajzi-lexikon","7":"first","8":"instock","9":"shipping-taxable","10":"product-type-simple"},"_links":{"self":[{"href":"https:\/\/uj.adatbank.ro\/lexikon\/wp-json\/wp\/v2\/product\/13887","targetHints":{"allow":["GET"]}}],"collection":[{"href":"https:\/\/uj.adatbank.ro\/lexikon\/wp-json\/wp\/v2\/product"}],"about":[{"href":"https:\/\/uj.adatbank.ro\/lexikon\/wp-json\/wp\/v2\/types\/product"}],"replies":[{"embeddable":true,"href":"https:\/\/uj.adatbank.ro\/lexikon\/wp-json\/wp\/v2\/comments?post=13887"}],"wp:attachment":[{"href":"https:\/\/uj.adatbank.ro\/lexikon\/wp-json\/wp\/v2\/media?parent=13887"}],"wp:term":[{"taxonomy":"product_brand","embeddable":true,"href":"https:\/\/uj.adatbank.ro\/lexikon\/wp-json\/wp\/v2\/product_brand?post=13887"},{"taxonomy":"product_cat","embeddable":true,"href":"https:\/\/uj.adatbank.ro\/lexikon\/wp-json\/wp\/v2\/product_cat?post=13887"},{"taxonomy":"product_tag","embeddable":true,"href":"https:\/\/uj.adatbank.ro\/lexikon\/wp-json\/wp\/v2\/product_tag?post=13887"}],"curies":[{"name":"wp","href":"https:\/\/api.w.org\/{rel}","templated":true}]}}

LENGYEL István, § przemyslei

<p>Malomvíz (Belső Szolnok vm., ma Hunyad), 1776. nov. 28. † Kv., 1833. szept. 5.: tanár. – Lengyel eredetű, I. Rákóczi Györgytől nemességet kapott ref. papi családban született. L. István ref. pap és Tályai Ráchel fia. Felesége: Nagybaconi Intze Krisztina, Incze Mihály orvos leánya. Fia Dániel orvos.- A kv.-i és nagyenyedi koll.-ban tanult, majd külföldi akad.-ákra ment: Jénában, Lipcsében, Hágában, Göttingenben az egyetemen teológiai, filozófiai és természettudományi tanulmányokat folytatott (1801–1803). Kendeffy Ádám házitanítója (1799–), majd a mv.-i koll.-i tanulmányait irányitotta (1804. szept. 8.–), itt professzorok voltak Antal János, Bolyai Farkas és Köteles Sámuel. Tanítványával ment Bécsbe is a katonai akad.-ra (1812), ott is hallgatója volt az egyetemnek. Befejezte tanítói hivatalát (1813), pénzbeli végkielégítést kapott (1914. máj. 1.–) és a gr. birtokai egy részének jószágfelügyelője lett és megnősült. A kv.-i Ref. Koll. filozófia, földrajz és német nyelv tanára haláláig (1816–33). <br /><strong>Irod.:</strong> Házsongárd; Oláh-Gál 2013; Oláh-Gál Róbert: Bolyai Farkas egyik jó emberéről, a derék L. I.-ról (Nú., Színes Világ, 2014. szept. 26.; 2014. okt. 3.); Oláh-Gál 2016</br></p>

<p>Malomvíz (Belső Szolnok vm., ma Hunyad), 1776. nov. 28. † Kv., 1833. szept. 5.: tanár. – Lengyel eredetű, I. Rákóczi Györgytől nemességet kapott ref. papi családban született. L. István ref. pap és Tályai Ráchel fia. Felesége: Nagybaconi Intze Krisztina, Incze Mihály orvos leánya. Fia Dániel orvos.- A kv.-i és nagyenyedi koll.-ban tanult, majd külföldi akad.-ákra ment: [&hellip;]</p>
