{"id":13897,"date":"2025-07-15T12:43:40","date_gmt":"2025-07-15T10:43:40","guid":{"rendered":"https:\/\/uj.adatbank.ro\/lexikon\/termek\/lengyel-laszlo-bela\/"},"modified":"2025-07-15T12:43:40","modified_gmt":"2025-07-15T10:43:40","slug":"lengyel-laszlo-bela","status":"publish","type":"product","link":"https:\/\/uj.adatbank.ro\/lexikon\/termek\/lengyel-laszlo-bela\/","title":{"rendered":"LENGYEL L\u00e1szl\u00f3 B\u00e9la"},"content":{"rendered":"<p>P\u00e9cs, 1891. feb. 6., \u2020 Mv., 1957. dec. 12.: zeneszerz\u0151, n\u00e9pzenekutat\u00f3, pedag\u00f3gus. \u2013 P\u00e1ly\u00e1j\u00e1t tan\u00edt\u00f3k\u00e9nt kezdte, felj\u00e1r\u00f3 hallgat\u00f3k\u00e9nt Kacs\u00f3h Pongr\u00e1c tan\u00edtv\u00e1nya volt a bp-i Zeneakad\u00e9mi\u00e1n. Mint hadifogoly ker\u00fclt Brass\u00f3ba (1919), ahol a M. Dal\u00e1rda (1925) a T\u00f6rekv\u00e9s Munk\u00e1sdal\u00e1rda (1926) karnagya lett, majd a mv.-i M. N\u00e9pi Egy\u00fcttes k\u00f3rus\u00e1t vezette. Dalokat \u00edrt Pet\u0151fi, G\u00e1rdonyi, Ady, Sz\u00e9p Ern\u0151, Kosztol\u00e1nyi, Rem\u00e9nyik, Nikod\u00e9musz K\u00e1roly verseire, megzen\u00e9s\u00edtette Zajzoni Rab Istv\u00e1n Le\u00e1nymez\u0151 c. vers\u00e9t, lejegyezte a legeredetibb h\u00e9tfalusi cs\u00e1ng\u00f3 guzsalyast \u00e9s borica-t\u00e1nc eredeti dallam\u00e1t. <br \/><strong>Irod.:<\/strong> RMIL<\/br><\/p>\n","protected":false},"excerpt":{"rendered":"<p>P\u00e9cs, 1891. feb. 6., \u2020 Mv., 1957. dec. 12.: zeneszerz\u0151, n\u00e9pzenekutat\u00f3, pedag\u00f3gus. \u2013 P\u00e1ly\u00e1j\u00e1t tan\u00edt\u00f3k\u00e9nt kezdte, felj\u00e1r\u00f3 hallgat\u00f3k\u00e9nt Kacs\u00f3h Pongr\u00e1c tan\u00edtv\u00e1nya volt a bp-i Zeneakad\u00e9mi\u00e1n. Mint hadifogoly ker\u00fclt Brass\u00f3ba (1919), ahol a M. Dal\u00e1rda (1925) a T\u00f6rekv\u00e9s Munk\u00e1sdal\u00e1rda (1926) karnagya lett, majd a mv.-i M. N\u00e9pi Egy\u00fcttes k\u00f3rus\u00e1t vezette. Dalokat \u00edrt Pet\u0151fi, G\u00e1rdonyi, Ady, Sz\u00e9p [&hellip;]<\/p>\n","protected":false},"featured_media":0,"comment_status":"open","ping_status":"closed","template":"","meta":[],"product_brand":[],"product_cat":[137],"product_tag":[],"class_list":{"0":"post-13897","1":"product","2":"type-product","3":"status-publish","5":"product_cat-maros-megyei-eletrajzi-lexikon","7":"first","8":"instock","9":"shipping-taxable","10":"product-type-simple"},"_links":{"self":[{"href":"https:\/\/uj.adatbank.ro\/lexikon\/wp-json\/wp\/v2\/product\/13897","targetHints":{"allow":["GET"]}}],"collection":[{"href":"https:\/\/uj.adatbank.ro\/lexikon\/wp-json\/wp\/v2\/product"}],"about":[{"href":"https:\/\/uj.adatbank.ro\/lexikon\/wp-json\/wp\/v2\/types\/product"}],"replies":[{"embeddable":true,"href":"https:\/\/uj.adatbank.ro\/lexikon\/wp-json\/wp\/v2\/comments?post=13897"}],"wp:attachment":[{"href":"https:\/\/uj.adatbank.ro\/lexikon\/wp-json\/wp\/v2\/media?parent=13897"}],"wp:term":[{"taxonomy":"product_brand","embeddable":true,"href":"https:\/\/uj.adatbank.ro\/lexikon\/wp-json\/wp\/v2\/product_brand?post=13897"},{"taxonomy":"product_cat","embeddable":true,"href":"https:\/\/uj.adatbank.ro\/lexikon\/wp-json\/wp\/v2\/product_cat?post=13897"},{"taxonomy":"product_tag","embeddable":true,"href":"https:\/\/uj.adatbank.ro\/lexikon\/wp-json\/wp\/v2\/product_tag?post=13897"}],"curies":[{"name":"wp","href":"https:\/\/api.w.org\/{rel}","templated":true}]}}

LENGYEL László Béla

<p>Pécs, 1891. feb. 6., † Mv., 1957. dec. 12.: zeneszerző, népzenekutató, pedagógus. – Pályáját tanítóként kezdte, feljáró hallgatóként Kacsóh Pongrác tanítványa volt a bp-i Zeneakadémián. Mint hadifogoly került Brassóba (1919), ahol a M. Dalárda (1925) a Törekvés Munkásdalárda (1926) karnagya lett, majd a mv.-i M. Népi Együttes kórusát vezette. Dalokat írt Petőfi, Gárdonyi, Ady, Szép Ernő, Kosztolányi, Reményik, Nikodémusz Károly verseire, megzenésítette Zajzoni Rab István Leánymező c. versét, lejegyezte a legeredetibb hétfalusi csángó guzsalyast és borica-tánc eredeti dallamát. <br /><strong>Irod.:</strong> RMIL</br></p>

<p>Pécs, 1891. feb. 6., † Mv., 1957. dec. 12.: zeneszerző, népzenekutató, pedagógus. – Pályáját tanítóként kezdte, feljáró hallgatóként Kacsóh Pongrác tanítványa volt a bp-i Zeneakadémián. Mint hadifogoly került Brassóba (1919), ahol a M. Dalárda (1925) a Törekvés Munkásdalárda (1926) karnagya lett, majd a mv.-i M. Népi Együttes kórusát vezette. Dalokat írt Petőfi, Gárdonyi, Ady, Szép [&hellip;]</p>
