{"id":13904,"date":"2025-07-15T12:43:56","date_gmt":"2025-07-15T10:43:56","guid":{"rendered":"https:\/\/uj.adatbank.ro\/lexikon\/termek\/leonhardt-johann-leonhardt-janos\/"},"modified":"2025-07-15T12:43:56","modified_gmt":"2025-07-15T10:43:56","slug":"leonhardt-johann-leonhardt-janos","status":"publish","type":"product","link":"https:\/\/uj.adatbank.ro\/lexikon\/termek\/leonhardt-johann-leonhardt-janos\/","title":{"rendered":"LEONHARDT, Johann, Leonh\u00e1rdt J\u00e1nos"},"content":{"rendered":"<p>Segesv\u00e1r, 1859. j\u00fal. 29., \u2020 ?: ev. lelk\u00e9sz. \u2013 A gimn.-ot Segesv\u00e1ron (1878-ban), a teol\u00f3gi\u00e1t Lipcs\u00e9ben, Heidelbergben \u00e9s Berlinben (1878\u201382) v\u00e9gezte. Lelk\u00e9sz volt Sz\u00e1szszentl\u00e1szl\u00f3n (Gross-Lasslen) (1890. febr. 4.\u2013), majd Dar\u00f3czon \u00e9s Feketehalmon. T\u00f6bb \u00e9vig szerkesztette a Grosskokler Bote-t, elbesz\u00e9l\u00e9sei \u00e9s cikkei k\u00f6z\u00f6lte a: Deutsche Zeitag, S\u00e4chsische Hausfreund, Kalender d. Siebenb\u00fcrger Volksfreundes, Hermannst\u00e4dter Neuer u. Alter Kalender, Siebenb\u00fcrgische Volkskalender. \u2013 <strong>F. m.:<\/strong> Geschichten aus Siebenb\u00fcrgen. (Wien, 1890, Hermannstadt, 1895.); Die Bienenzucht. Orientirende Anregungen f\u00fcr Anf\u00e4nger. (Wien, 1897); Frau Balk Dr (Segesv\u00e1r, 1896, bemutatt\u00e1k Medgyesen 1896. m\u00e1rc. 17); Die Werberin (Nagyszeben, 1899, bemutatt\u00e1k Segesv\u00e1ron 1899); Die Silbergulden (1902); Siebenb\u00fcrger Kleinleben (1912); Zeiden (1912). <br \/><strong>Irod.:<\/strong> Guly\u00e1s; Szinnyei<\/br><\/p>\n","protected":false},"excerpt":{"rendered":"<p>Segesv\u00e1r, 1859. j\u00fal. 29., \u2020 ?: ev. lelk\u00e9sz. \u2013 A gimn.-ot Segesv\u00e1ron (1878-ban), a teol\u00f3gi\u00e1t Lipcs\u00e9ben, Heidelbergben \u00e9s Berlinben (1878\u201382) v\u00e9gezte. Lelk\u00e9sz volt Sz\u00e1szszentl\u00e1szl\u00f3n (Gross-Lasslen) (1890. febr. 4.\u2013), majd Dar\u00f3czon \u00e9s Feketehalmon. T\u00f6bb \u00e9vig szerkesztette a Grosskokler Bote-t, elbesz\u00e9l\u00e9sei \u00e9s cikkei k\u00f6z\u00f6lte a: Deutsche Zeitag, S\u00e4chsische Hausfreund, Kalender d. Siebenb\u00fcrger Volksfreundes, Hermannst\u00e4dter Neuer u. Alter [&hellip;]<\/p>\n","protected":false},"featured_media":0,"comment_status":"open","ping_status":"closed","template":"","meta":[],"product_brand":[],"product_cat":[137],"product_tag":[],"class_list":{"0":"post-13904","1":"product","2":"type-product","3":"status-publish","5":"product_cat-maros-megyei-eletrajzi-lexikon","7":"first","8":"instock","9":"shipping-taxable","10":"product-type-simple"},"_links":{"self":[{"href":"https:\/\/uj.adatbank.ro\/lexikon\/wp-json\/wp\/v2\/product\/13904","targetHints":{"allow":["GET"]}}],"collection":[{"href":"https:\/\/uj.adatbank.ro\/lexikon\/wp-json\/wp\/v2\/product"}],"about":[{"href":"https:\/\/uj.adatbank.ro\/lexikon\/wp-json\/wp\/v2\/types\/product"}],"replies":[{"embeddable":true,"href":"https:\/\/uj.adatbank.ro\/lexikon\/wp-json\/wp\/v2\/comments?post=13904"}],"wp:attachment":[{"href":"https:\/\/uj.adatbank.ro\/lexikon\/wp-json\/wp\/v2\/media?parent=13904"}],"wp:term":[{"taxonomy":"product_brand","embeddable":true,"href":"https:\/\/uj.adatbank.ro\/lexikon\/wp-json\/wp\/v2\/product_brand?post=13904"},{"taxonomy":"product_cat","embeddable":true,"href":"https:\/\/uj.adatbank.ro\/lexikon\/wp-json\/wp\/v2\/product_cat?post=13904"},{"taxonomy":"product_tag","embeddable":true,"href":"https:\/\/uj.adatbank.ro\/lexikon\/wp-json\/wp\/v2\/product_tag?post=13904"}],"curies":[{"name":"wp","href":"https:\/\/api.w.org\/{rel}","templated":true}]}}

LEONHARDT, Johann, Leonhárdt János

<p>Segesvár, 1859. júl. 29., † ?: ev. lelkész. – A gimn.-ot Segesváron (1878-ban), a teológiát Lipcsében, Heidelbergben és Berlinben (1878–82) végezte. Lelkész volt Szászszentlászlón (Gross-Lasslen) (1890. febr. 4.–), majd Daróczon és Feketehalmon. Több évig szerkesztette a Grosskokler Bote-t, elbeszélései és cikkei közölte a: Deutsche Zeitag, Sächsische Hausfreund, Kalender d. Siebenbürger Volksfreundes, Hermannstädter Neuer u. Alter Kalender, Siebenbürgische Volkskalender. – <strong>F. m.:</strong> Geschichten aus Siebenbürgen. (Wien, 1890, Hermannstadt, 1895.); Die Bienenzucht. Orientirende Anregungen für Anfänger. (Wien, 1897); Frau Balk Dr (Segesvár, 1896, bemutatták Medgyesen 1896. márc. 17); Die Werberin (Nagyszeben, 1899, bemutatták Segesváron 1899); Die Silbergulden (1902); Siebenbürger Kleinleben (1912); Zeiden (1912). <br /><strong>Irod.:</strong> Gulyás; Szinnyei</br></p>

<p>Segesvár, 1859. júl. 29., † ?: ev. lelkész. – A gimn.-ot Segesváron (1878-ban), a teológiát Lipcsében, Heidelbergben és Berlinben (1878–82) végezte. Lelkész volt Szászszentlászlón (Gross-Lasslen) (1890. febr. 4.–), majd Daróczon és Feketehalmon. Több évig szerkesztette a Grosskokler Bote-t, elbeszélései és cikkei közölte a: Deutsche Zeitag, Sächsische Hausfreund, Kalender d. Siebenbürger Volksfreundes, Hermannstädter Neuer u. Alter [&hellip;]</p>
