{"id":13906,"date":"2025-07-15T12:44:00","date_gmt":"2025-07-15T10:44:00","guid":{"rendered":"https:\/\/uj.adatbank.ro\/lexikon\/termek\/leonhardt-wilhelm\/"},"modified":"2025-07-15T12:44:00","modified_gmt":"2025-07-15T10:44:00","slug":"leonhardt-wilhelm","status":"publish","type":"product","link":"https:\/\/uj.adatbank.ro\/lexikon\/termek\/leonhardt-wilhelm\/","title":{"rendered":"LEONHARDT, Wilhelm"},"content":{"rendered":"<p>Segesv\u00e1r, 1865. aug. 6., \u2020 Segesv\u00e1r, 1935. m\u00e1j. 22.: k\u00e9mikus, gy\u00e1ros. \u2013 Vad\u00e1sz \u00e9s term\u00e9szetkutat\u00f3s. Mad\u00e1rtani megfigyel\u00e9seit, f\u0151leg a madarak v\u00e1ndorl\u00e1s\u00e1val kapcsolatos \u00e9szrev\u00e9teleit r\u00f6gz\u00edtette napl\u00f3j\u00e1ban (1899\u20131935), megalapozta Segesv\u00e1r \u00e9s k\u00f6rny\u00e9ke mad\u00e1rfajainak jegyz\u00e9k\u00e9t. Mad\u00e1rgy\u0171jtem\u00e9ny\u00e9t \u00e9s k\u00f6nyvt\u00e1r\u00e1t a segesv\u00e1ri Bischof-Teutsch Gimn.-ra hagyta. Tanulm\u00e1nya Verzeichnis der V\u00f6gel Sch\u00e4schburgs nebst biologischen Skizzen a Verhandlungen und Mitteilungen des Siebenb\u00fcrgischen Vereins f\u00fcr Naturwissenschaften in Hermannstadt lapokban jelent meg. A gy\u0171jtem\u00e9nyt H. H\u00f6hr \u00e9rt\u00e9kes\u00edtette a Verhandlungen und Mitteilungen-ban megjelent tanulm\u00e1ny\u00e1ban:Vogelwelt der beiden Kokelt\u00e4ler in Siebenb\u00fcrgen (1939\/40) \u00e9s H. Salmen a Die Ornis Siebenb\u00fcrgens c. k\u00f6tet\u00e9ben (K\u00f6ln-Wien, 1980\u201382). <br \/><strong>Irod.:<\/strong> LSS<\/br><\/p>\n","protected":false},"excerpt":{"rendered":"<p>Segesv\u00e1r, 1865. aug. 6., \u2020 Segesv\u00e1r, 1935. m\u00e1j. 22.: k\u00e9mikus, gy\u00e1ros. \u2013 Vad\u00e1sz \u00e9s term\u00e9szetkutat\u00f3s. Mad\u00e1rtani megfigyel\u00e9seit, f\u0151leg a madarak v\u00e1ndorl\u00e1s\u00e1val kapcsolatos \u00e9szrev\u00e9teleit r\u00f6gz\u00edtette napl\u00f3j\u00e1ban (1899\u20131935), megalapozta Segesv\u00e1r \u00e9s k\u00f6rny\u00e9ke mad\u00e1rfajainak jegyz\u00e9k\u00e9t. Mad\u00e1rgy\u0171jtem\u00e9ny\u00e9t \u00e9s k\u00f6nyvt\u00e1r\u00e1t a segesv\u00e1ri Bischof-Teutsch Gimn.-ra hagyta. Tanulm\u00e1nya Verzeichnis der V\u00f6gel Sch\u00e4schburgs nebst biologischen Skizzen a Verhandlungen und Mitteilungen des Siebenb\u00fcrgischen Vereins [&hellip;]<\/p>\n","protected":false},"featured_media":0,"comment_status":"open","ping_status":"closed","template":"","meta":[],"product_brand":[],"product_cat":[137],"product_tag":[],"class_list":{"0":"post-13906","1":"product","2":"type-product","3":"status-publish","5":"product_cat-maros-megyei-eletrajzi-lexikon","7":"first","8":"instock","9":"shipping-taxable","10":"product-type-simple"},"_links":{"self":[{"href":"https:\/\/uj.adatbank.ro\/lexikon\/wp-json\/wp\/v2\/product\/13906","targetHints":{"allow":["GET"]}}],"collection":[{"href":"https:\/\/uj.adatbank.ro\/lexikon\/wp-json\/wp\/v2\/product"}],"about":[{"href":"https:\/\/uj.adatbank.ro\/lexikon\/wp-json\/wp\/v2\/types\/product"}],"replies":[{"embeddable":true,"href":"https:\/\/uj.adatbank.ro\/lexikon\/wp-json\/wp\/v2\/comments?post=13906"}],"wp:attachment":[{"href":"https:\/\/uj.adatbank.ro\/lexikon\/wp-json\/wp\/v2\/media?parent=13906"}],"wp:term":[{"taxonomy":"product_brand","embeddable":true,"href":"https:\/\/uj.adatbank.ro\/lexikon\/wp-json\/wp\/v2\/product_brand?post=13906"},{"taxonomy":"product_cat","embeddable":true,"href":"https:\/\/uj.adatbank.ro\/lexikon\/wp-json\/wp\/v2\/product_cat?post=13906"},{"taxonomy":"product_tag","embeddable":true,"href":"https:\/\/uj.adatbank.ro\/lexikon\/wp-json\/wp\/v2\/product_tag?post=13906"}],"curies":[{"name":"wp","href":"https:\/\/api.w.org\/{rel}","templated":true}]}}

<p>Segesvár, 1865. aug. 6., † Segesvár, 1935. máj. 22.: kémikus, gyáros. – Vadász és természetkutatós. Madártani megfigyeléseit, főleg a madarak vándorlásával kapcsolatos észrevételeit rögzítette naplójában (1899–1935), megalapozta Segesvár és környéke madárfajainak jegyzékét. Madárgyűjteményét és könyvtárát a segesvári Bischof-Teutsch Gimn.-ra hagyta. Tanulmánya Verzeichnis der Vögel Schäschburgs nebst biologischen Skizzen a Verhandlungen und Mitteilungen des Siebenbürgischen Vereins für Naturwissenschaften in Hermannstadt lapokban jelent meg. A gyűjteményt H. Höhr értékesítette a Verhandlungen und Mitteilungen-ban megjelent tanulmányában:Vogelwelt der beiden Kokeltäler in Siebenbürgen (1939/40) és H. Salmen a Die Ornis Siebenbürgens c. kötetében (Köln-Wien, 1980–82). <br /><strong>Irod.:</strong> LSS</br></p>

<p>Segesvár, 1865. aug. 6., † Segesvár, 1935. máj. 22.: kémikus, gyáros. – Vadász és természetkutatós. Madártani megfigyeléseit, főleg a madarak vándorlásával kapcsolatos észrevételeit rögzítette naplójában (1899–1935), megalapozta Segesvár és környéke madárfajainak jegyzékét. Madárgyűjteményét és könyvtárát a segesvári Bischof-Teutsch Gimn.-ra hagyta. Tanulmánya Verzeichnis der Vögel Schäschburgs nebst biologischen Skizzen a Verhandlungen und Mitteilungen des Siebenbürgischen Vereins [&hellip;]</p>
