{"id":13910,"date":"2025-07-15T12:44:05","date_gmt":"2025-07-15T10:44:05","guid":{"rendered":"https:\/\/uj.adatbank.ro\/lexikon\/termek\/lesenyi-ferenc\/"},"modified":"2025-07-15T12:44:05","modified_gmt":"2025-07-15T10:44:05","slug":"lesenyi-ferenc","status":"publish","type":"product","link":"https:\/\/uj.adatbank.ro\/lexikon\/termek\/lesenyi-ferenc\/","title":{"rendered":"LESENYI Ferenc"},"content":{"rendered":"<p>Geletnek, 1887. \u00e1pr. 28.,\u2020 Sopron, 1962. szept. 6.: erd\u0151m\u00e9rn\u00f6k, egyetemi tan\u00e1r. \u2013 A selmecb\u00e1nyai B\u00e1ny\u00e1szati \u00e9s Erd\u00e9szeti F\u0151iskol\u00e1n tanult (1905\u201309), Selmecb\u00e1nya k\u00f6rny\u00e9k\u00e9n (1909\u2013), Kv. \u2013on erd\u00e9sz gyakornok (1911\u2013), majd elv\u00e9gezte a bp.-i m\u0171egyetem. k\u00f6zgazd\u00e1szm\u00e9rn\u00f6ki szak\u00e1t. Selmecb\u00e1ny\u00e1n erd\u0151m\u00e9rn\u00f6ki oklevelet szerzett (1912). A g\u00f6rg\u00e9nyszentimrei \u00e1llami erd\u00e9szet alkalmazottja (1912\u2013), seg\u00e9dm\u00e9rn\u00f6ke (1913\u2013). A besztercei erd\u0151igazgat\u00f3s\u00e1gon az Aranyos-v\u00f6lgyi vas\u00fat \u00e9p\u00edt\u00e9si munk\u00e1lataiban vett r\u00e9szt (1914\u2013); erd\u0151m\u00e9rn\u00f6kk\u00e9 nevezt\u00e9k ki (1917\u2013), f\u0151erd\u0151m\u00e9rn\u00f6k lett (1923\u2013). A soproni b\u00e1nyam\u00e9rn\u00f6ki \u00e9s erd\u0151m\u00e9rn\u00f6ki f\u0151iskola rk. tan\u00e1ra (1923\u2013), az erd\u0151gazdas\u00e1gi politika, az erd\u00e9szeti adminisztr\u00e1ci\u00f3 \u00e9s a nemzetgazdas\u00e1gtan (1926\u2013), az erd\u00e9szeti jog el\u0151ad\u00f3ja (1927\u201359-ig). \u2013 F.m. A magyar erd\u0151gazdas\u00e1g t\u00f6rt\u00e9nete \u00e9s mai helyzete (Bp., 1936).-<br \/><strong>Irod.:<\/strong> \u00daM\u00c9L<\/br><\/p>\n","protected":false},"excerpt":{"rendered":"<p>Geletnek, 1887. \u00e1pr. 28.,\u2020 Sopron, 1962. szept. 6.: erd\u0151m\u00e9rn\u00f6k, egyetemi tan\u00e1r. \u2013 A selmecb\u00e1nyai B\u00e1ny\u00e1szati \u00e9s Erd\u00e9szeti F\u0151iskol\u00e1n tanult (1905\u201309), Selmecb\u00e1nya k\u00f6rny\u00e9k\u00e9n (1909\u2013), Kv. \u2013on erd\u00e9sz gyakornok (1911\u2013), majd elv\u00e9gezte a bp.-i m\u0171egyetem. k\u00f6zgazd\u00e1szm\u00e9rn\u00f6ki szak\u00e1t. Selmecb\u00e1ny\u00e1n erd\u0151m\u00e9rn\u00f6ki oklevelet szerzett (1912). A g\u00f6rg\u00e9nyszentimrei \u00e1llami erd\u00e9szet alkalmazottja (1912\u2013), seg\u00e9dm\u00e9rn\u00f6ke (1913\u2013). A besztercei erd\u0151igazgat\u00f3s\u00e1gon az Aranyos-v\u00f6lgyi vas\u00fat \u00e9p\u00edt\u00e9si [&hellip;]<\/p>\n","protected":false},"featured_media":0,"comment_status":"open","ping_status":"closed","template":"","meta":[],"product_brand":[],"product_cat":[137],"product_tag":[],"class_list":{"0":"post-13910","1":"product","2":"type-product","3":"status-publish","5":"product_cat-maros-megyei-eletrajzi-lexikon","7":"first","8":"instock","9":"shipping-taxable","10":"product-type-simple"},"_links":{"self":[{"href":"https:\/\/uj.adatbank.ro\/lexikon\/wp-json\/wp\/v2\/product\/13910","targetHints":{"allow":["GET"]}}],"collection":[{"href":"https:\/\/uj.adatbank.ro\/lexikon\/wp-json\/wp\/v2\/product"}],"about":[{"href":"https:\/\/uj.adatbank.ro\/lexikon\/wp-json\/wp\/v2\/types\/product"}],"replies":[{"embeddable":true,"href":"https:\/\/uj.adatbank.ro\/lexikon\/wp-json\/wp\/v2\/comments?post=13910"}],"wp:attachment":[{"href":"https:\/\/uj.adatbank.ro\/lexikon\/wp-json\/wp\/v2\/media?parent=13910"}],"wp:term":[{"taxonomy":"product_brand","embeddable":true,"href":"https:\/\/uj.adatbank.ro\/lexikon\/wp-json\/wp\/v2\/product_brand?post=13910"},{"taxonomy":"product_cat","embeddable":true,"href":"https:\/\/uj.adatbank.ro\/lexikon\/wp-json\/wp\/v2\/product_cat?post=13910"},{"taxonomy":"product_tag","embeddable":true,"href":"https:\/\/uj.adatbank.ro\/lexikon\/wp-json\/wp\/v2\/product_tag?post=13910"}],"curies":[{"name":"wp","href":"https:\/\/api.w.org\/{rel}","templated":true}]}}

<p>Geletnek, 1887. ápr. 28.,† Sopron, 1962. szept. 6.: erdőmérnök, egyetemi tanár. – A selmecbányai Bányászati és Erdészeti Főiskolán tanult (1905–09), Selmecbánya környékén (1909–), Kv. –on erdész gyakornok (1911–), majd elvégezte a bp.-i műegyetem. közgazdászmérnöki szakát. Selmecbányán erdőmérnöki oklevelet szerzett (1912). A görgényszentimrei állami erdészet alkalmazottja (1912–), segédmérnöke (1913–). A besztercei erdőigazgatóságon az Aranyos-völgyi vasút építési munkálataiban vett részt (1914–); erdőmérnökké nevezték ki (1917–), főerdőmérnök lett (1923–). A soproni bányamérnöki és erdőmérnöki főiskola rk. tanára (1923–), az erdőgazdasági politika, az erdészeti adminisztráció és a nemzetgazdaságtan (1926–), az erdészeti jog előadója (1927–59-ig). – F.m. A magyar erdőgazdaság története és mai helyzete (Bp., 1936).-<br /><strong>Irod.:</strong> ÚMÉL</br></p>

<p>Geletnek, 1887. ápr. 28.,† Sopron, 1962. szept. 6.: erdőmérnök, egyetemi tanár. – A selmecbányai Bányászati és Erdészeti Főiskolán tanult (1905–09), Selmecbánya környékén (1909–), Kv. –on erdész gyakornok (1911–), majd elvégezte a bp.-i műegyetem. közgazdászmérnöki szakát. Selmecbányán erdőmérnöki oklevelet szerzett (1912). A görgényszentimrei állami erdészet alkalmazottja (1912–), segédmérnöke (1913–). A besztercei erdőigazgatóságon az Aranyos-völgyi vasút építési [&hellip;]</p>
