{"id":13912,"date":"2025-07-15T12:44:11","date_gmt":"2025-07-15T10:44:11","guid":{"rendered":"https:\/\/uj.adatbank.ro\/lexikon\/termek\/lestyan-jozsef\/"},"modified":"2025-07-15T12:44:11","modified_gmt":"2025-07-15T10:44:11","slug":"lestyan-jozsef","status":"publish","type":"product","link":"https:\/\/uj.adatbank.ro\/lexikon\/termek\/lestyan-jozsef\/","title":{"rendered":"LESTY\u00c1N J\u00f3zsef"},"content":{"rendered":"<p>Szov\u00e1ta, 1886. szept. 21., \u2020 Beszterce, 1952. j\u00fan. 27.: r. k. pap, m\u0171v\u00e9szett\u00f6rt\u00e9n\u00e9sz. \u2013 Gyulafeh\u00e9rv\u00e1ron a r. kat. f\u0151gimn.-ban \u00e9retts\u00e9gizett (1904), majd elv\u00e9gezte a hittudom\u00e1nyi f\u0151iskol\u00e1t (1906), papp\u00e1 szentelt\u00e9k (1909. jan. 26.). D\u00e9sen a Hatfaludi csal\u00e1dn\u00e1l nevel\u0151, Nagyszebenben k\u00e1pl\u00e1n; Gyulafeh\u00e9rv\u00e1rt p\u00fcsp\u00f6ki udavari k\u00e1pl\u00e1n, lev\u00e9lt\u00e1ros, vall\u00e1stan\u00e1r, k\u00e1pl\u00e1n majd a Batth\u00e1ny k\u00f6nyvt\u00e1r \u00e9s a R\u00e9g\u00e9szeti M\u00fazeum igazgat\u00f3ja (1917), a Batthyanum igazgat\u00f3ja (1920\u201331), szentsz\u00e9ki b\u00edr\u00f3, a teol\u00f3giai f\u0151iskol\u00e1n a m\u0171v\u00e9szett\u00f6rt\u00e9net tan\u00e1ra volt (1923). Pl\u00e9b\u00e1nos Borb\u00e1ndon (1928\u201330), itt \u00faj iskol\u00e1t \u00e9p\u00edtett, majd f\u0151esperes-pl\u00e9b\u00e1nos Beszterc\u00e9n (1931\u2013). A besztercei Magyar H\u00e1z k\u00f6nyvt\u00e1ra a nev\u00e9t viseli (2014) T\u00f6bb kisebb munk\u00e1ja, tank\u00f6nyve jelent meg. M\u0171v\u00e9szett\u00f6rt\u00e9neti tanulm\u00e1nyai, cikkei, egyh\u00e1zm\u0171v\u00e9szeti dolgozatai az Olt\u00e1r \u00e9s Erd\u00e9lyi Tud\u00f3s\u00edt\u00f3 c. katolikus foly\u00f3iratokban jelentek meg. \u2013 <strong>F. m.:<\/strong> R\u00f6vid \u00fatmutat\u00f3 a gyulafeh\u00e9rv\u00e1ri sz\u00e9kesegyh\u00e1z megtekint\u00e9s\u00e9re: magyar, rom\u00e1n, n\u00e9met, francia nyelven; Gyulafeh\u00e9rv\u00e1ron Katolikus szertart\u00e1stan (Gyulafeh\u00e9rv\u00e1r, 1921,); Beszterce m\u0171eml\u00e9kei (Kv., 1944). <br \/><strong>Irod.:<\/strong> EM; Ferenczi 1928; Ferenczi S\u00e1ndor 2009; Moln\u00e1r; RMIL<\/br><\/p>\n","protected":false},"excerpt":{"rendered":"<p>Szov\u00e1ta, 1886. szept. 21., \u2020 Beszterce, 1952. j\u00fan. 27.: r. k. pap, m\u0171v\u00e9szett\u00f6rt\u00e9n\u00e9sz. \u2013 Gyulafeh\u00e9rv\u00e1ron a r. kat. f\u0151gimn.-ban \u00e9retts\u00e9gizett (1904), majd elv\u00e9gezte a hittudom\u00e1nyi f\u0151iskol\u00e1t (1906), papp\u00e1 szentelt\u00e9k (1909. jan. 26.). D\u00e9sen a Hatfaludi csal\u00e1dn\u00e1l nevel\u0151, Nagyszebenben k\u00e1pl\u00e1n; Gyulafeh\u00e9rv\u00e1rt p\u00fcsp\u00f6ki udavari k\u00e1pl\u00e1n, lev\u00e9lt\u00e1ros, vall\u00e1stan\u00e1r, k\u00e1pl\u00e1n majd a Batth\u00e1ny k\u00f6nyvt\u00e1r \u00e9s a R\u00e9g\u00e9szeti M\u00fazeum igazgat\u00f3ja [&hellip;]<\/p>\n","protected":false},"featured_media":0,"comment_status":"open","ping_status":"closed","template":"","meta":[],"product_brand":[],"product_cat":[137],"product_tag":[],"class_list":{"0":"post-13912","1":"product","2":"type-product","3":"status-publish","5":"product_cat-maros-megyei-eletrajzi-lexikon","7":"first","8":"instock","9":"shipping-taxable","10":"product-type-simple"},"_links":{"self":[{"href":"https:\/\/uj.adatbank.ro\/lexikon\/wp-json\/wp\/v2\/product\/13912","targetHints":{"allow":["GET"]}}],"collection":[{"href":"https:\/\/uj.adatbank.ro\/lexikon\/wp-json\/wp\/v2\/product"}],"about":[{"href":"https:\/\/uj.adatbank.ro\/lexikon\/wp-json\/wp\/v2\/types\/product"}],"replies":[{"embeddable":true,"href":"https:\/\/uj.adatbank.ro\/lexikon\/wp-json\/wp\/v2\/comments?post=13912"}],"wp:attachment":[{"href":"https:\/\/uj.adatbank.ro\/lexikon\/wp-json\/wp\/v2\/media?parent=13912"}],"wp:term":[{"taxonomy":"product_brand","embeddable":true,"href":"https:\/\/uj.adatbank.ro\/lexikon\/wp-json\/wp\/v2\/product_brand?post=13912"},{"taxonomy":"product_cat","embeddable":true,"href":"https:\/\/uj.adatbank.ro\/lexikon\/wp-json\/wp\/v2\/product_cat?post=13912"},{"taxonomy":"product_tag","embeddable":true,"href":"https:\/\/uj.adatbank.ro\/lexikon\/wp-json\/wp\/v2\/product_tag?post=13912"}],"curies":[{"name":"wp","href":"https:\/\/api.w.org\/{rel}","templated":true}]}}

LESTYÁN József

<p>Szováta, 1886. szept. 21., † Beszterce, 1952. jún. 27.: r. k. pap, művészettörténész. – Gyulafehérváron a r. kat. főgimn.-ban érettségizett (1904), majd elvégezte a hittudományi főiskolát (1906), pappá szentelték (1909. jan. 26.). Désen a Hatfaludi családnál nevelő, Nagyszebenben káplán; Gyulafehérvárt püspöki udavari káplán, levéltáros, vallástanár, káplán majd a Batthány könyvtár és a Régészeti Múzeum igazgatója (1917), a Batthyanum igazgatója (1920–31), szentszéki bíró, a teológiai főiskolán a művészettörténet tanára volt (1923). Plébános Borbándon (1928–30), itt új iskolát épített, majd főesperes-plébános Besztercén (1931–). A besztercei Magyar Ház könyvtára a nevét viseli (2014) Több kisebb munkája, tankönyve jelent meg. Művészettörténeti tanulmányai, cikkei, egyházművészeti dolgozatai az Oltár és Erdélyi Tudósító c. katolikus folyóiratokban jelentek meg. – <strong>F. m.:</strong> Rövid útmutató a gyulafehérvári székesegyház megtekintésére: magyar, román, német, francia nyelven; Gyulafehérváron Katolikus szertartástan (Gyulafehérvár, 1921,); Beszterce műemlékei (Kv., 1944). <br /><strong>Irod.:</strong> EM; Ferenczi 1928; Ferenczi Sándor 2009; Molnár; RMIL</br></p>

<p>Szováta, 1886. szept. 21., † Beszterce, 1952. jún. 27.: r. k. pap, művészettörténész. – Gyulafehérváron a r. kat. főgimn.-ban érettségizett (1904), majd elvégezte a hittudományi főiskolát (1906), pappá szentelték (1909. jan. 26.). Désen a Hatfaludi családnál nevelő, Nagyszebenben káplán; Gyulafehérvárt püspöki udavari káplán, levéltáros, vallástanár, káplán majd a Batthány könyvtár és a Régészeti Múzeum igazgatója [&hellip;]</p>
