{"id":13914,"date":"2025-07-15T12:44:15","date_gmt":"2025-07-15T10:44:15","guid":{"rendered":"https:\/\/uj.adatbank.ro\/lexikon\/termek\/leta-aron\/"},"modified":"2025-07-15T12:44:15","modified_gmt":"2025-07-15T10:44:15","slug":"leta-aron","status":"publish","type":"product","link":"https:\/\/uj.adatbank.ro\/lexikon\/termek\/leta-aron\/","title":{"rendered":"L\u00c9TA \u00c1ron"},"content":{"rendered":"<p>B\u00f6l\u00f6n,1931. jan 26.,\u2020\u00a0Havadt\u0151, 2009. j\u00fal.15.,eltemet\u00e9k B\u00f6l\u00f6nben: unit. lelk\u00e9sz. \u2013 Zolt\u00e1nban szolg\u00e1lt. A magyaro.-i forradalom ut\u00e1n elrettent\u0151 p\u00e9ldak\u00e9nt meghurcolt\u00e1k, b\u00edr\u00f3s\u00e1g el\u00e9 \u00e1ll\u00edtott\u00e1k, 10 \u00e9vre it\u00e9lt\u00e9k (1956 ut\u00e1n). A petrozs\u00e9nyi egyh\u00e1zk\u00f6zs\u00e9gb\u0151l Pip\u00e9n lelk\u00e9sz (1994\u201395), innen ment nyugd\u00edjba. <br \/><strong>Irod.:<\/strong> [Nekrol\u00f3g] (N\u00fa., 2009 j\u00fal. 17.); P\u00e1l-Antal 2013; A Pipei Egyh\u00e1zk\u00f6zs\u00e9g t\u00f6rt\u00e9net\u00e9b\u0151l<\/br><\/p>\n","protected":false},"excerpt":{"rendered":"<p>B\u00f6l\u00f6n,1931. jan 26.,\u2020\u00a0Havadt\u0151, 2009. j\u00fal.15.,eltemet\u00e9k B\u00f6l\u00f6nben: unit. lelk\u00e9sz. \u2013 Zolt\u00e1nban szolg\u00e1lt. A magyaro.-i forradalom ut\u00e1n elrettent\u0151 p\u00e9ldak\u00e9nt meghurcolt\u00e1k, b\u00edr\u00f3s\u00e1g el\u00e9 \u00e1ll\u00edtott\u00e1k, 10 \u00e9vre it\u00e9lt\u00e9k (1956 ut\u00e1n). A petrozs\u00e9nyi egyh\u00e1zk\u00f6zs\u00e9gb\u0151l Pip\u00e9n lelk\u00e9sz (1994\u201395), innen ment nyugd\u00edjba. Irod.: [Nekrol\u00f3g] (N\u00fa., 2009 j\u00fal. 17.); P\u00e1l-Antal 2013; A Pipei Egyh\u00e1zk\u00f6zs\u00e9g t\u00f6rt\u00e9net\u00e9b\u0151l<\/p>\n","protected":false},"featured_media":0,"comment_status":"open","ping_status":"closed","template":"","meta":[],"product_brand":[],"product_cat":[137],"product_tag":[],"class_list":{"0":"post-13914","1":"product","2":"type-product","3":"status-publish","5":"product_cat-maros-megyei-eletrajzi-lexikon","7":"first","8":"instock","9":"shipping-taxable","10":"product-type-simple"},"_links":{"self":[{"href":"https:\/\/uj.adatbank.ro\/lexikon\/wp-json\/wp\/v2\/product\/13914","targetHints":{"allow":["GET"]}}],"collection":[{"href":"https:\/\/uj.adatbank.ro\/lexikon\/wp-json\/wp\/v2\/product"}],"about":[{"href":"https:\/\/uj.adatbank.ro\/lexikon\/wp-json\/wp\/v2\/types\/product"}],"replies":[{"embeddable":true,"href":"https:\/\/uj.adatbank.ro\/lexikon\/wp-json\/wp\/v2\/comments?post=13914"}],"wp:attachment":[{"href":"https:\/\/uj.adatbank.ro\/lexikon\/wp-json\/wp\/v2\/media?parent=13914"}],"wp:term":[{"taxonomy":"product_brand","embeddable":true,"href":"https:\/\/uj.adatbank.ro\/lexikon\/wp-json\/wp\/v2\/product_brand?post=13914"},{"taxonomy":"product_cat","embeddable":true,"href":"https:\/\/uj.adatbank.ro\/lexikon\/wp-json\/wp\/v2\/product_cat?post=13914"},{"taxonomy":"product_tag","embeddable":true,"href":"https:\/\/uj.adatbank.ro\/lexikon\/wp-json\/wp\/v2\/product_tag?post=13914"}],"curies":[{"name":"wp","href":"https:\/\/api.w.org\/{rel}","templated":true}]}}