{"id":13917,"date":"2025-07-15T12:44:22","date_gmt":"2025-07-15T10:44:22","guid":{"rendered":"https:\/\/uj.adatbank.ro\/lexikon\/termek\/letay-ferenc-%c2%a7-letai-ferenc\/"},"modified":"2025-07-15T12:44:22","modified_gmt":"2025-07-15T10:44:22","slug":"letay-ferenc-%c2%a7-letai-ferenc","status":"publish","type":"product","link":"https:\/\/uj.adatbank.ro\/lexikon\/termek\/letay-ferenc-%c2%a7-letai-ferenc\/","title":{"rendered":"L\u00c9TAY Ferenc, \u00a7 L\u00e9tai Ferenc"},"content":{"rendered":"<p>1907, \u2020\u00a0Mv., 1973. jan. 8.: k\u0151m\u0171ves, iskola igazgat\u00f3. \u2013 Fiatal kora \u00f3ta akt\u00edv tagja volt az \u00e9p\u00edt\u0151k szakszervezet\u00e9nek, a felszabadul\u00e1s a h\u00e1bor\u00fa ut\u00e1n bekapcsol\u00f3dott az orsz\u00e1g \u00fajj\u00e1\u00e9p\u00edt\u00e9s\u00e9be, t\u00f6bb felel\u0151s beoszt\u00e1st kapott, a mv.-i \u00c9p\u00edt\u00e9szeti Iskolak\u00f6zpont igazgat\u00f3ja volt. <br \/><strong>Irod.:<\/strong> Fodor S\u00e1ndor (S): Constantin Br\u00e2ncu\u015fi \u00c9p\u00edt\u00e9szeti Iskolak\u00f6zpont (K\u00f6zpont, 9. sz., 2010. m\u00e1rc. 3\u20139.); L. F. [Nekrol\u00f3g] (V. Z., 1973. jan. 10.); Szikszai<\/br><\/p>\n","protected":false},"excerpt":{"rendered":"<p>1907, \u2020\u00a0Mv., 1973. jan. 8.: k\u0151m\u0171ves, iskola igazgat\u00f3. \u2013 Fiatal kora \u00f3ta akt\u00edv tagja volt az \u00e9p\u00edt\u0151k szakszervezet\u00e9nek, a felszabadul\u00e1s a h\u00e1bor\u00fa ut\u00e1n bekapcsol\u00f3dott az orsz\u00e1g \u00fajj\u00e1\u00e9p\u00edt\u00e9s\u00e9be, t\u00f6bb felel\u0151s beoszt\u00e1st kapott, a mv.-i \u00c9p\u00edt\u00e9szeti Iskolak\u00f6zpont igazgat\u00f3ja volt. Irod.: Fodor S\u00e1ndor (S): Constantin Br\u00e2ncu\u015fi \u00c9p\u00edt\u00e9szeti Iskolak\u00f6zpont (K\u00f6zpont, 9. sz., 2010. m\u00e1rc. 3\u20139.); L. F. [Nekrol\u00f3g] (V. [&hellip;]<\/p>\n","protected":false},"featured_media":0,"comment_status":"open","ping_status":"closed","template":"","meta":[],"product_brand":[],"product_cat":[137],"product_tag":[],"class_list":{"0":"post-13917","1":"product","2":"type-product","3":"status-publish","5":"product_cat-maros-megyei-eletrajzi-lexikon","7":"first","8":"instock","9":"shipping-taxable","10":"product-type-simple"},"_links":{"self":[{"href":"https:\/\/uj.adatbank.ro\/lexikon\/wp-json\/wp\/v2\/product\/13917","targetHints":{"allow":["GET"]}}],"collection":[{"href":"https:\/\/uj.adatbank.ro\/lexikon\/wp-json\/wp\/v2\/product"}],"about":[{"href":"https:\/\/uj.adatbank.ro\/lexikon\/wp-json\/wp\/v2\/types\/product"}],"replies":[{"embeddable":true,"href":"https:\/\/uj.adatbank.ro\/lexikon\/wp-json\/wp\/v2\/comments?post=13917"}],"wp:attachment":[{"href":"https:\/\/uj.adatbank.ro\/lexikon\/wp-json\/wp\/v2\/media?parent=13917"}],"wp:term":[{"taxonomy":"product_brand","embeddable":true,"href":"https:\/\/uj.adatbank.ro\/lexikon\/wp-json\/wp\/v2\/product_brand?post=13917"},{"taxonomy":"product_cat","embeddable":true,"href":"https:\/\/uj.adatbank.ro\/lexikon\/wp-json\/wp\/v2\/product_cat?post=13917"},{"taxonomy":"product_tag","embeddable":true,"href":"https:\/\/uj.adatbank.ro\/lexikon\/wp-json\/wp\/v2\/product_tag?post=13917"}],"curies":[{"name":"wp","href":"https:\/\/api.w.org\/{rel}","templated":true}]}}

LÉTAY Ferenc, § Létai Ferenc

<p>1907, † Mv., 1973. jan. 8.: kőműves, iskola igazgató. – Fiatal kora óta aktív tagja volt az építők szakszervezetének, a felszabadulás a háború után bekapcsolódott az ország újjáépítésébe, több felelős beosztást kapott, a mv.-i Építészeti Iskolaközpont igazgatója volt. <br /><strong>Irod.:</strong> Fodor Sándor (S): Constantin Brâncuşi Építészeti Iskolaközpont (Központ, 9. sz., 2010. márc. 3–9.); L. F. [Nekrológ] (V. Z., 1973. jan. 10.); Szikszai</br></p>

<p>1907, † Mv., 1973. jan. 8.: kőműves, iskola igazgató. – Fiatal kora óta aktív tagja volt az építők szakszervezetének, a felszabadulás a háború után bekapcsolódott az ország újjáépítésébe, több felelős beosztást kapott, a mv.-i Építészeti Iskolaközpont igazgatója volt. Irod.: Fodor Sándor (S): Constantin Brâncuşi Építészeti Iskolaközpont (Központ, 9. sz., 2010. márc. 3–9.); L. F. [Nekrológ] (V. [&hellip;]</p>
