{"id":13918,"date":"2025-07-15T12:44:23","date_gmt":"2025-07-15T10:44:23","guid":{"rendered":"https:\/\/uj.adatbank.ro\/lexikon\/termek\/letz-franz\/"},"modified":"2025-07-15T12:44:23","modified_gmt":"2025-07-15T10:44:23","slug":"letz-franz","status":"publish","type":"product","link":"https:\/\/uj.adatbank.ro\/lexikon\/termek\/letz-franz\/","title":{"rendered":"LETZ, Franz"},"content":{"rendered":"<p>Segesv\u00e1r, 1900. \u00e1pr. 11.,\u2020 Solln, 1978. j\u00fan. 8.: m\u0171\u00e9p\u00edt\u00e9sz. \u2013 Jelent\u0151s a m\u0171eml\u00e9kv\u00e9delmi munk\u00e1ss\u00e1ga, t\u00f6bbek k\u00f6z\u00f6tt \u0151 restaur\u00e1lta a Bergkirche-t Segesv\u00e1ron. T\u00f6bb dokument\u00e1ci\u00f3s rajza jelent meg: Siebenb\u00fcrgens St\u00e4dte (M\u00fcnchen, 1972); Siebenb\u00fcrgens Kirchenburgen (M\u00fcnchen, 1973); Sch\u00e4ssburg: Monographie einer Stadtban (M\u00fcnchen, 1976). <br \/><strong>Irod.:<\/strong> LSS<\/br><\/p>\n","protected":false},"excerpt":{"rendered":"<p>Segesv\u00e1r, 1900. \u00e1pr. 11.,\u2020 Solln, 1978. j\u00fan. 8.: m\u0171\u00e9p\u00edt\u00e9sz. \u2013 Jelent\u0151s a m\u0171eml\u00e9kv\u00e9delmi munk\u00e1ss\u00e1ga, t\u00f6bbek k\u00f6z\u00f6tt \u0151 restaur\u00e1lta a Bergkirche-t Segesv\u00e1ron. T\u00f6bb dokument\u00e1ci\u00f3s rajza jelent meg: Siebenb\u00fcrgens St\u00e4dte (M\u00fcnchen, 1972); Siebenb\u00fcrgens Kirchenburgen (M\u00fcnchen, 1973); Sch\u00e4ssburg: Monographie einer Stadtban (M\u00fcnchen, 1976). Irod.: LSS<\/p>\n","protected":false},"featured_media":0,"comment_status":"open","ping_status":"closed","template":"","meta":[],"product_brand":[],"product_cat":[137],"product_tag":[],"class_list":{"0":"post-13918","1":"product","2":"type-product","3":"status-publish","5":"product_cat-maros-megyei-eletrajzi-lexikon","7":"first","8":"instock","9":"shipping-taxable","10":"product-type-simple"},"_links":{"self":[{"href":"https:\/\/uj.adatbank.ro\/lexikon\/wp-json\/wp\/v2\/product\/13918","targetHints":{"allow":["GET"]}}],"collection":[{"href":"https:\/\/uj.adatbank.ro\/lexikon\/wp-json\/wp\/v2\/product"}],"about":[{"href":"https:\/\/uj.adatbank.ro\/lexikon\/wp-json\/wp\/v2\/types\/product"}],"replies":[{"embeddable":true,"href":"https:\/\/uj.adatbank.ro\/lexikon\/wp-json\/wp\/v2\/comments?post=13918"}],"wp:attachment":[{"href":"https:\/\/uj.adatbank.ro\/lexikon\/wp-json\/wp\/v2\/media?parent=13918"}],"wp:term":[{"taxonomy":"product_brand","embeddable":true,"href":"https:\/\/uj.adatbank.ro\/lexikon\/wp-json\/wp\/v2\/product_brand?post=13918"},{"taxonomy":"product_cat","embeddable":true,"href":"https:\/\/uj.adatbank.ro\/lexikon\/wp-json\/wp\/v2\/product_cat?post=13918"},{"taxonomy":"product_tag","embeddable":true,"href":"https:\/\/uj.adatbank.ro\/lexikon\/wp-json\/wp\/v2\/product_tag?post=13918"}],"curies":[{"name":"wp","href":"https:\/\/api.w.org\/{rel}","templated":true}]}}