{"id":13931,"date":"2025-07-15T12:44:52","date_gmt":"2025-07-15T10:44:52","guid":{"rendered":"https:\/\/uj.adatbank.ro\/lexikon\/termek\/liedemann-marton-liedemann-herrn-martin\/"},"modified":"2025-07-15T12:44:52","modified_gmt":"2025-07-15T10:44:52","slug":"liedemann-marton-liedemann-herrn-martin","status":"publish","type":"product","link":"https:\/\/uj.adatbank.ro\/lexikon\/termek\/liedemann-marton-liedemann-herrn-martin\/","title":{"rendered":"LIEDEMANN M\u00e1rton, Liedemann Herrn Martin"},"content":{"rendered":"<p>Igl\u00f3, 1767. nov. 6., \u2020 Mv., 1837. \u00e1pr. 14. a ref. temet\u0151ben nyugszik: tan\u00e1r, ev. lelk\u00e9sz. \u2013 Apja S\u00e1muel igl\u00f3i nagykeresked\u0151, v\u00e1rosb\u00edr\u00f3.Tanult L\u0151cs\u00e9n \u00e9s Pozsonyban, a j\u00e9nai (1788\u2013), a g\u00f6ttingeni egyetemen (1791\u2013), ahol b\u00f6lcs\u00e9szdoktori oklevelet szerzett (1793). L\u0151cs\u00e9n ig.-tan\u00e1r (1793\u2013), itt mag\u00e1n-nevel\u0151int.-et is alap\u00edtott 12 nemesifj\u00fa r\u00e9sz\u00e9re (1803\u2013). A mez\u0151gazdas\u00e1gi, kereskedelmi \u00e9s a technol\u00f3giai ismeretek oktat\u00e1sa mellett a rajz oktat\u00e1s\u00e1t szorgalmazta a polg\u00e1ri iskol\u00e1kban.Kv.-on luther\u00e1nus evang\u00e9likus lelk\u00e9sz (1815\u2013); f\u0151k\u00e9nt az \u00faj templom \u00e9p\u00edt\u00e9se k\u00f6r\u00fcl szerzett \u00e9rdemeket. Basedow n\u00e9zeteit mag\u00e1\u00e9v\u00e1 t\u00e9ve harcolt a g\u00f6r\u00f6g nyelv tan\u00edt\u00e1sa ellen. Szabadk\u0151m\u0171ves, a pesti H\u00e9t csillaghoz p\u00e1holy tagja T\u00f6bb filoz\u00f3fiai m\u0171ve k\u00e9ziratban maradt. A j\u00e9nai zool\u00f3gi\u00e1i-botanikai \u00e9s a j\u00e9nai mineral\u00f3giai t\u00e1rs. tagja. \u2013 <strong>F. m.:<\/strong> Nachricht von dem in Leutschau befindlichen Erziehungs-Institut f\u00fcr protestantische J\u00fcnglinge (Zeitschrift von und f\u00fcr Ungern, 1803; latinul: L\u0151cse, 1803); Ueber einige M\u00e4ngel des \u00f6ffent-lichen Unterrichts, nebst Angabe der Mittel zu ihrer Beseitigung (L\u0151cse, 1823); Todtenfeier bei Gelegenheit der Beerdigung der weil. Wohlgeb. Frau Karoline v. M\u00e9hes&#8230; (Kv., 1828); \u00c1gnes, die standhafte Dulderin&#8230; (L\u0151cse, 1828); Briefe \u00fcber die Freiheit des menschlichen Willens (Neutstadt a. d. Orla, 1833). <br \/><strong>Irod.:<\/strong> Cs\u00e1ky; Hintz Georg Gottlieb: Ged\u00e4chtnisspredigt zur dankbaren Errinerung an den am 14. April 1837. in Maros-V\u00e1s\u00e1rhely verstorbener Phahrrer der Evang. Luther. Gemeinde in Klausenburg A. C. Herrn Martin Liedemann (Klausenburg, 1837); Ged\u00e4chtnisspredigt zur dankbaren Errinerung an den am 14. April 1837. in Maros-V\u00e1s\u00e1rhely verstorbener Phahrrer der Evang. Luther. Gemeinde in Klausenburg A. C. Herrn Martin Liedemann (Klausenburg, 1837); J\u00e1szay K\u00e1roly: Magyar lut. megmozdul\u00e1sok Kv.-ott 1798\u20131841 (Bp., 1934); Szel\u00e9nyi \u00d6d\u00f6n: Egy \u00e9rdemes r\u00e9gi magyarhoni pedago-teologus =A magyar tudom\u00e1nyos irodalom bibliogr\u00e1fi\u00e1ja, 1901\u20131925. (Bp., 1929\u201336); \u00daM\u00c9L<\/br><\/p>\n","protected":false},"excerpt":{"rendered":"<p>Igl\u00f3, 1767. nov. 6., \u2020 Mv., 1837. \u00e1pr. 14. a ref. temet\u0151ben nyugszik: tan\u00e1r, ev. lelk\u00e9sz. \u2013 Apja S\u00e1muel igl\u00f3i nagykeresked\u0151, v\u00e1rosb\u00edr\u00f3.Tanult L\u0151cs\u00e9n \u00e9s Pozsonyban, a j\u00e9nai (1788\u2013), a g\u00f6ttingeni egyetemen (1791\u2013), ahol b\u00f6lcs\u00e9szdoktori oklevelet szerzett (1793). L\u0151cs\u00e9n ig.-tan\u00e1r (1793\u2013), itt mag\u00e1n-nevel\u0151int.-et is alap\u00edtott 12 nemesifj\u00fa r\u00e9sz\u00e9re (1803\u2013). A mez\u0151gazdas\u00e1gi, kereskedelmi \u00e9s a technol\u00f3giai ismeretek [&hellip;]<\/p>\n","protected":false},"featured_media":0,"comment_status":"open","ping_status":"closed","template":"","meta":[],"product_brand":[],"product_cat":[137],"product_tag":[],"class_list":{"0":"post-13931","1":"product","2":"type-product","3":"status-publish","5":"product_cat-maros-megyei-eletrajzi-lexikon","7":"first","8":"instock","9":"shipping-taxable","10":"product-type-simple"},"_links":{"self":[{"href":"https:\/\/uj.adatbank.ro\/lexikon\/wp-json\/wp\/v2\/product\/13931","targetHints":{"allow":["GET"]}}],"collection":[{"href":"https:\/\/uj.adatbank.ro\/lexikon\/wp-json\/wp\/v2\/product"}],"about":[{"href":"https:\/\/uj.adatbank.ro\/lexikon\/wp-json\/wp\/v2\/types\/product"}],"replies":[{"embeddable":true,"href":"https:\/\/uj.adatbank.ro\/lexikon\/wp-json\/wp\/v2\/comments?post=13931"}],"wp:attachment":[{"href":"https:\/\/uj.adatbank.ro\/lexikon\/wp-json\/wp\/v2\/media?parent=13931"}],"wp:term":[{"taxonomy":"product_brand","embeddable":true,"href":"https:\/\/uj.adatbank.ro\/lexikon\/wp-json\/wp\/v2\/product_brand?post=13931"},{"taxonomy":"product_cat","embeddable":true,"href":"https:\/\/uj.adatbank.ro\/lexikon\/wp-json\/wp\/v2\/product_cat?post=13931"},{"taxonomy":"product_tag","embeddable":true,"href":"https:\/\/uj.adatbank.ro\/lexikon\/wp-json\/wp\/v2\/product_tag?post=13931"}],"curies":[{"name":"wp","href":"https:\/\/api.w.org\/{rel}","templated":true}]}}

LIEDEMANN Márton, Liedemann Herrn Martin

<p>Igló, 1767. nov. 6., † Mv., 1837. ápr. 14. a ref. temetőben nyugszik: tanár, ev. lelkész. – Apja Sámuel iglói nagykereskedő, városbíró.Tanult Lőcsén és Pozsonyban, a jénai (1788–), a göttingeni egyetemen (1791–), ahol bölcsészdoktori oklevelet szerzett (1793). Lőcsén ig.-tanár (1793–), itt magán-nevelőint.-et is alapított 12 nemesifjú részére (1803–). A mezőgazdasági, kereskedelmi és a technológiai ismeretek oktatása mellett a rajz oktatását szorgalmazta a polgári iskolákban.Kv.-on lutheránus evangélikus lelkész (1815–); főként az új templom építése körül szerzett érdemeket. Basedow nézeteit magáévá téve harcolt a görög nyelv tanítása ellen. Szabadkőműves, a pesti Hét csillaghoz páholy tagja Több filozófiai műve kéziratban maradt. A jénai zoológiái-botanikai és a jénai mineralógiai társ. tagja. – <strong>F. m.:</strong> Nachricht von dem in Leutschau befindlichen Erziehungs-Institut für protestantische Jünglinge (Zeitschrift von und für Ungern, 1803; latinul: Lőcse, 1803); Ueber einige Mängel des öffent-lichen Unterrichts, nebst Angabe der Mittel zu ihrer Beseitigung (Lőcse, 1823); Todtenfeier bei Gelegenheit der Beerdigung der weil. Wohlgeb. Frau Karoline v. Méhes&#8230; (Kv., 1828); Ágnes, die standhafte Dulderin&#8230; (Lőcse, 1828); Briefe über die Freiheit des menschlichen Willens (Neutstadt a. d. Orla, 1833). <br /><strong>Irod.:</strong> Csáky; Hintz Georg Gottlieb: Gedächtnisspredigt zur dankbaren Errinerung an den am 14. April 1837. in Maros-Vásárhely verstorbener Phahrrer der Evang. Luther. Gemeinde in Klausenburg A. C. Herrn Martin Liedemann (Klausenburg, 1837); Gedächtnisspredigt zur dankbaren Errinerung an den am 14. April 1837. in Maros-Vásárhely verstorbener Phahrrer der Evang. Luther. Gemeinde in Klausenburg A. C. Herrn Martin Liedemann (Klausenburg, 1837); Jászay Károly: Magyar lut. megmozdulások Kv.-ott 1798–1841 (Bp., 1934); Szelényi Ödön: Egy érdemes régi magyarhoni pedago-teologus =A magyar tudományos irodalom bibliográfiája, 1901–1925. (Bp., 1929–36); ÚMÉL</br></p>

<p>Igló, 1767. nov. 6., † Mv., 1837. ápr. 14. a ref. temetőben nyugszik: tanár, ev. lelkész. – Apja Sámuel iglói nagykereskedő, városbíró.Tanult Lőcsén és Pozsonyban, a jénai (1788–), a göttingeni egyetemen (1791–), ahol bölcsészdoktori oklevelet szerzett (1793). Lőcsén ig.-tanár (1793–), itt magán-nevelőint.-et is alapított 12 nemesifjú részére (1803–). A mezőgazdasági, kereskedelmi és a technológiai ismeretek [&hellip;]</p>
