{"id":13932,"date":"2025-07-15T12:44:53","date_gmt":"2025-07-15T10:44:53","guid":{"rendered":"https:\/\/uj.adatbank.ro\/lexikon\/termek\/lifschitz-hermann-cvi-aharon-lifschitz\/"},"modified":"2025-07-15T12:44:53","modified_gmt":"2025-07-15T10:44:53","slug":"lifschitz-hermann-cvi-aharon-lifschitz","status":"publish","type":"product","link":"https:\/\/uj.adatbank.ro\/lexikon\/termek\/lifschitz-hermann-cvi-aharon-lifschitz\/","title":{"rendered":"LIFSCHITZ Hermann, Cvi Aharon Lifschitz"},"content":{"rendered":"<p>? \u2020 ?: rabbi. \u2013 F\u00fcrszt M\u00f3zes mv.-i rabbi hal\u00e1la ut\u00e1n h\u00edvt\u00e1k meg Mv.-re \u00dajsz\u00e1nt\u00f3r\u00f3l (1870\u2013). A mv.-i gy\u00fclekezeten k\u00edv\u00fcl a b\u00f6z\u00f6d\u00fajfalusi \u00e9s erd\u0151szentgy\u00f6rgyi h\u00edvek lelki gondoz\u00e1s\u00e1t is v\u00e9gezte. Gondoz\u00e1sba vette a sz\u00e9kely szombatosokat is, akik 1867 ut\u00e1n t\u00e9rtek izraelita vall\u00e1sra. Az ortodoxia er\u0151s ellen\u00e1ll\u00e1s\u00e1ba \u00fctk\u00f6z\u00f6tt, ami miatt k\u00e9nytelen volt elhagyni rabbisz\u00e9k\u00e9t \u00e9s Mv.-et (1875), majd Debrecenbe t\u00e1vozott \u00e9s a hitk\u00f6zs\u00e9g rabbija lett. Az Ortodox Hitk\u00f6zs\u00e9gek Orsz\u00e1gos Szervezete Orsz\u00e1gos K\u00f6zpontj\u00e1nak alap\u00edt\u00f3 tagja, ennek a szevezetnek a m\u00e1sodik orsz\u00e1gos eln\u00f6ke. \u0150t M\u00e1rkusz S\u00e1muel k\u00f6vette, de csak egy \u00e9vig m\u0171k\u0151d\u00f6tt Mv.-en \u00e9s a rabbisz\u00e9k bet\u00f6ltetlen maradt (1875\u201387). <br \/><strong>Irod.:<\/strong> Id\u0151t\u00e1r 2; Mv. zsid\u00f3s\u00e1ga; Sebesty\u00e9n Mih\u00e1ly 2000<\/br><\/p>\n","protected":false},"excerpt":{"rendered":"<p>? \u2020 ?: rabbi. \u2013 F\u00fcrszt M\u00f3zes mv.-i rabbi hal\u00e1la ut\u00e1n h\u00edvt\u00e1k meg Mv.-re \u00dajsz\u00e1nt\u00f3r\u00f3l (1870\u2013). A mv.-i gy\u00fclekezeten k\u00edv\u00fcl a b\u00f6z\u00f6d\u00fajfalusi \u00e9s erd\u0151szentgy\u00f6rgyi h\u00edvek lelki gondoz\u00e1s\u00e1t is v\u00e9gezte. Gondoz\u00e1sba vette a sz\u00e9kely szombatosokat is, akik 1867 ut\u00e1n t\u00e9rtek izraelita vall\u00e1sra. Az ortodoxia er\u0151s ellen\u00e1ll\u00e1s\u00e1ba \u00fctk\u00f6z\u00f6tt, ami miatt k\u00e9nytelen volt elhagyni rabbisz\u00e9k\u00e9t \u00e9s Mv.-et (1875), [&hellip;]<\/p>\n","protected":false},"featured_media":0,"comment_status":"open","ping_status":"closed","template":"","meta":[],"product_brand":[],"product_cat":[137],"product_tag":[],"class_list":{"0":"post-13932","1":"product","2":"type-product","3":"status-publish","5":"product_cat-maros-megyei-eletrajzi-lexikon","7":"first","8":"instock","9":"shipping-taxable","10":"product-type-simple"},"_links":{"self":[{"href":"https:\/\/uj.adatbank.ro\/lexikon\/wp-json\/wp\/v2\/product\/13932","targetHints":{"allow":["GET"]}}],"collection":[{"href":"https:\/\/uj.adatbank.ro\/lexikon\/wp-json\/wp\/v2\/product"}],"about":[{"href":"https:\/\/uj.adatbank.ro\/lexikon\/wp-json\/wp\/v2\/types\/product"}],"replies":[{"embeddable":true,"href":"https:\/\/uj.adatbank.ro\/lexikon\/wp-json\/wp\/v2\/comments?post=13932"}],"wp:attachment":[{"href":"https:\/\/uj.adatbank.ro\/lexikon\/wp-json\/wp\/v2\/media?parent=13932"}],"wp:term":[{"taxonomy":"product_brand","embeddable":true,"href":"https:\/\/uj.adatbank.ro\/lexikon\/wp-json\/wp\/v2\/product_brand?post=13932"},{"taxonomy":"product_cat","embeddable":true,"href":"https:\/\/uj.adatbank.ro\/lexikon\/wp-json\/wp\/v2\/product_cat?post=13932"},{"taxonomy":"product_tag","embeddable":true,"href":"https:\/\/uj.adatbank.ro\/lexikon\/wp-json\/wp\/v2\/product_tag?post=13932"}],"curies":[{"name":"wp","href":"https:\/\/api.w.org\/{rel}","templated":true}]}}

<p>? † ?: rabbi. – Fürszt Mózes mv.-i rabbi halála után hívták meg Mv.-re Újszántóról (1870–). A mv.-i gyülekezeten kívül a bözödújfalusi és erdőszentgyörgyi hívek lelki gondozását is végezte. Gondozásba vette a székely szombatosokat is, akik 1867 után tértek izraelita vallásra. Az ortodoxia erős ellenállásába ütközött, ami miatt kénytelen volt elhagyni rabbiszékét és Mv.-et (1875), majd Debrecenbe távozott és a hitközség rabbija lett. Az Ortodox Hitközségek Országos Szervezete Országos Központjának alapító tagja, ennek a szevezetnek a második országos elnöke. Őt Márkusz Sámuel követte, de csak egy évig műkődött Mv.-en és a rabbiszék betöltetlen maradt (1875–87). <br /><strong>Irod.:</strong> Időtár 2; Mv. zsidósága; Sebestyén Mihály 2000</br></p>

<p>? † ?: rabbi. – Fürszt Mózes mv.-i rabbi halála után hívták meg Mv.-re Újszántóról (1870–). A mv.-i gyülekezeten kívül a bözödújfalusi és erdőszentgyörgyi hívek lelki gondozását is végezte. Gondozásba vette a székely szombatosokat is, akik 1867 után tértek izraelita vallásra. Az ortodoxia erős ellenállásába ütközött, ami miatt kénytelen volt elhagyni rabbiszékét és Mv.-et (1875), [&hellip;]</p>
