{"id":13937,"date":"2025-07-15T12:45:02","date_gmt":"2025-07-15T10:45:02","guid":{"rendered":"https:\/\/uj.adatbank.ro\/lexikon\/termek\/lingner-albert-id\/"},"modified":"2025-07-15T12:45:02","modified_gmt":"2025-07-15T10:45:02","slug":"lingner-albert-id","status":"publish","type":"product","link":"https:\/\/uj.adatbank.ro\/lexikon\/termek\/lingner-albert-id\/","title":{"rendered":"LINGNER, Albert, id."},"content":{"rendered":"<p>? \u2020 Segesv\u00e1r, 1923.: gy\u00e1ros, malomtulajdonos. \u2013 Gyermekei: ifj. L. Albert, L. Matild Leonhardtn\u00e9 \u00e9s L. Walter. \u2013 A Linger Albert M\u0171malom, Mechanikai Sz\u00f6v\u0151de \u00e9s G\u0151zfest\u0151de tulajdonosa, alap\u00edt\u00f3ja, \u00e9p\u00edtett\u0151je \u00e9s vezet\u0151je Segesv\u00e1ron (1896). Tagja volt a sz\u00e1szr\u00e9geni Ipar \u00e9s Jelz\u00e1log Banknak. Hal\u00e1la ut\u00e1n a v\u00e1llalatot gyermekei vett\u00e9k \u00e1t. <br \/><strong>Irod.:<\/strong> EBKL; Pan\u0103<\/br><\/p>\n","protected":false},"excerpt":{"rendered":"<p>? \u2020 Segesv\u00e1r, 1923.: gy\u00e1ros, malomtulajdonos. \u2013 Gyermekei: ifj. L. Albert, L. Matild Leonhardtn\u00e9 \u00e9s L. Walter. \u2013 A Linger Albert M\u0171malom, Mechanikai Sz\u00f6v\u0151de \u00e9s G\u0151zfest\u0151de tulajdonosa, alap\u00edt\u00f3ja, \u00e9p\u00edtett\u0151je \u00e9s vezet\u0151je Segesv\u00e1ron (1896). Tagja volt a sz\u00e1szr\u00e9geni Ipar \u00e9s Jelz\u00e1log Banknak. Hal\u00e1la ut\u00e1n a v\u00e1llalatot gyermekei vett\u00e9k \u00e1t. Irod.: EBKL; Pan\u0103<\/p>\n","protected":false},"featured_media":0,"comment_status":"open","ping_status":"closed","template":"","meta":[],"product_brand":[],"product_cat":[137],"product_tag":[],"class_list":{"0":"post-13937","1":"product","2":"type-product","3":"status-publish","5":"product_cat-maros-megyei-eletrajzi-lexikon","7":"first","8":"instock","9":"shipping-taxable","10":"product-type-simple"},"_links":{"self":[{"href":"https:\/\/uj.adatbank.ro\/lexikon\/wp-json\/wp\/v2\/product\/13937","targetHints":{"allow":["GET"]}}],"collection":[{"href":"https:\/\/uj.adatbank.ro\/lexikon\/wp-json\/wp\/v2\/product"}],"about":[{"href":"https:\/\/uj.adatbank.ro\/lexikon\/wp-json\/wp\/v2\/types\/product"}],"replies":[{"embeddable":true,"href":"https:\/\/uj.adatbank.ro\/lexikon\/wp-json\/wp\/v2\/comments?post=13937"}],"wp:attachment":[{"href":"https:\/\/uj.adatbank.ro\/lexikon\/wp-json\/wp\/v2\/media?parent=13937"}],"wp:term":[{"taxonomy":"product_brand","embeddable":true,"href":"https:\/\/uj.adatbank.ro\/lexikon\/wp-json\/wp\/v2\/product_brand?post=13937"},{"taxonomy":"product_cat","embeddable":true,"href":"https:\/\/uj.adatbank.ro\/lexikon\/wp-json\/wp\/v2\/product_cat?post=13937"},{"taxonomy":"product_tag","embeddable":true,"href":"https:\/\/uj.adatbank.ro\/lexikon\/wp-json\/wp\/v2\/product_tag?post=13937"}],"curies":[{"name":"wp","href":"https:\/\/api.w.org\/{rel}","templated":true}]}}