{"id":13938,"date":"2025-07-15T12:45:04","date_gmt":"2025-07-15T10:45:04","guid":{"rendered":"https:\/\/uj.adatbank.ro\/lexikon\/termek\/lingner-andreas-wolfgang-andras\/"},"modified":"2025-07-15T12:45:04","modified_gmt":"2025-07-15T10:45:04","slug":"lingner-andreas-wolfgang-andras","status":"publish","type":"product","link":"https:\/\/uj.adatbank.ro\/lexikon\/termek\/lingner-andreas-wolfgang-andras\/","title":{"rendered":"LINGNER, Andreas Wolfgang, Andr\u00e1s"},"content":{"rendered":"<p>? \u2020 ?: gy\u00f3gyszer\u00e9sz- A segesv\u00e1ri Sas (\u00c1dler) patika tulajdonosa (1899). A segesv\u00e1ri patika m\u00fazeum (alap\u00edtva 1899) sz\u00e1m\u00e1ra adom\u00e1nyozott f\u00e1b\u00f3l, \u00fcvegb\u0151l, porcel\u00e1nb\u00f3l \u00e9s fajanszb\u00f3l k\u00e9sz\u00fclt patikai ed\u00e9nyeket, t\u00e1rgyakat, b\u00fatorokat, m\u00e9rlegeket, laborat\u00f3riumi eszk\u00f6z\u00f6ket a 18\u201319. Sz\u00e1zadb\u00f3. Az erd\u00e9lyi Megy\u00e9k Gy\u00f3gyszer\u00e9sz Test\u00fclet\u00e9nek k\u00fck\u00fcll\u0151 megyei eln\u00f6ke (1920)..-<br \/><strong>Irod.:<\/strong> P\u00e9ter H. M\u00e1ria. http:\/\/www.gyogyszeresztortenet.hu\/patikamuzeum<\/br><\/p>\n","protected":false},"excerpt":{"rendered":"<p>? \u2020 ?: gy\u00f3gyszer\u00e9sz- A segesv\u00e1ri Sas (\u00c1dler) patika tulajdonosa (1899). A segesv\u00e1ri patika m\u00fazeum (alap\u00edtva 1899) sz\u00e1m\u00e1ra adom\u00e1nyozott f\u00e1b\u00f3l, \u00fcvegb\u0151l, porcel\u00e1nb\u00f3l \u00e9s fajanszb\u00f3l k\u00e9sz\u00fclt patikai ed\u00e9nyeket, t\u00e1rgyakat, b\u00fatorokat, m\u00e9rlegeket, laborat\u00f3riumi eszk\u00f6z\u00f6ket a 18\u201319. Sz\u00e1zadb\u00f3. Az erd\u00e9lyi Megy\u00e9k Gy\u00f3gyszer\u00e9sz Test\u00fclet\u00e9nek k\u00fck\u00fcll\u0151 megyei eln\u00f6ke (1920)..-Irod.: P\u00e9ter H. M\u00e1ria. http:\/\/www.gyogyszeresztortenet.hu\/patikamuzeum<\/p>\n","protected":false},"featured_media":0,"comment_status":"open","ping_status":"closed","template":"","meta":[],"product_brand":[],"product_cat":[137],"product_tag":[],"class_list":{"0":"post-13938","1":"product","2":"type-product","3":"status-publish","5":"product_cat-maros-megyei-eletrajzi-lexikon","7":"first","8":"instock","9":"shipping-taxable","10":"product-type-simple"},"_links":{"self":[{"href":"https:\/\/uj.adatbank.ro\/lexikon\/wp-json\/wp\/v2\/product\/13938","targetHints":{"allow":["GET"]}}],"collection":[{"href":"https:\/\/uj.adatbank.ro\/lexikon\/wp-json\/wp\/v2\/product"}],"about":[{"href":"https:\/\/uj.adatbank.ro\/lexikon\/wp-json\/wp\/v2\/types\/product"}],"replies":[{"embeddable":true,"href":"https:\/\/uj.adatbank.ro\/lexikon\/wp-json\/wp\/v2\/comments?post=13938"}],"wp:attachment":[{"href":"https:\/\/uj.adatbank.ro\/lexikon\/wp-json\/wp\/v2\/media?parent=13938"}],"wp:term":[{"taxonomy":"product_brand","embeddable":true,"href":"https:\/\/uj.adatbank.ro\/lexikon\/wp-json\/wp\/v2\/product_brand?post=13938"},{"taxonomy":"product_cat","embeddable":true,"href":"https:\/\/uj.adatbank.ro\/lexikon\/wp-json\/wp\/v2\/product_cat?post=13938"},{"taxonomy":"product_tag","embeddable":true,"href":"https:\/\/uj.adatbank.ro\/lexikon\/wp-json\/wp\/v2\/product_tag?post=13938"}],"curies":[{"name":"wp","href":"https:\/\/api.w.org\/{rel}","templated":true}]}}

LINGNER, Andreas Wolfgang, András

<p>? † ?: gyógyszerész- A segesvári Sas (Ádler) patika tulajdonosa (1899). A segesvári patika múzeum (alapítva 1899) számára adományozott fából, üvegből, porcelánból és fajanszból készült patikai edényeket, tárgyakat, bútorokat, mérlegeket, laboratóriumi eszközöket a 18–19. Századbó. Az erdélyi Megyék Gyógyszerész Testületének küküllő megyei elnöke (1920)..-<br /><strong>Irod.:</strong> Péter H. Mária. http://www.gyogyszeresztortenet.hu/patikamuzeum</br></p>

<p>? † ?: gyógyszerész- A segesvári Sas (Ádler) patika tulajdonosa (1899). A segesvári patika múzeum (alapítva 1899) számára adományozott fából, üvegből, porcelánból és fajanszból készült patikai edényeket, tárgyakat, bútorokat, mérlegeket, laboratóriumi eszközöket a 18–19. Századbó. Az erdélyi Megyék Gyógyszerész Testületének küküllő megyei elnöke (1920)..-Irod.: Péter H. Mária. http://www.gyogyszeresztortenet.hu/patikamuzeum</p>
