{"id":13940,"date":"2025-07-15T12:45:08","date_gmt":"2025-07-15T10:45:08","guid":{"rendered":"https:\/\/uj.adatbank.ro\/lexikon\/termek\/lingner-walter\/"},"modified":"2025-07-15T12:45:08","modified_gmt":"2025-07-15T10:45:08","slug":"lingner-walter","status":"publish","type":"product","link":"https:\/\/uj.adatbank.ro\/lexikon\/termek\/lingner-walter\/","title":{"rendered":"LINGNER Walter"},"content":{"rendered":"<p>? \u2020\u00a0?: gy\u00e1ros, m\u00e9rn\u00f6k. \u2013 L. Albert fia. \u2013 Textilf\u0151iskol\u00e1t k\u00fclf\u00f6ld\u00f6n v\u00e9gzett. \u00c9desapja \u00fczem\u00e9t annak hal\u00e1la ut\u00e1n vette \u00e1t (1923). Az \u00f6r\u00f6k\u00f6lt m\u0171malom, mechanikai sz\u00f6v\u0151de \u00e9s g\u0151zfest\u0151de tulajdonos Segesv\u00e1ron. Kezdem\u00e9nyez\u00e9s\u00e9re a v\u00e1llalatot pamutsz\u00f6v\u0151d\u00e9vel \u00e9s g\u0151zfest\u0151d\u00e9vel b\u0151v\u00edtett\u00e9k. K\u00fclf\u00f6ld\u00f6n szerzett szakismeret\u00e9vel \u00e9s szorgalommal vezette a f\u00e9l vagonos m\u0171malom, az egy vagonos v\u00e1m\u00f6rl\u0151 malom, a 20 mechanikai sz\u00f6v\u0151sz\u00e9kkel dolgoz\u00f3 sz\u00f6v\u0151\u00fczem \u00e9s 6 munk\u00e1ssal dolgoz\u00f3 g\u0151zfest\u0151d\u00e9b\u0151l \u00e1ll\u00f3 \u00fczemet. <br \/><strong>Irod.:<\/strong> EBKL<\/br><\/p>\n","protected":false},"excerpt":{"rendered":"<p>? \u2020\u00a0?: gy\u00e1ros, m\u00e9rn\u00f6k. \u2013 L. Albert fia. \u2013 Textilf\u0151iskol\u00e1t k\u00fclf\u00f6ld\u00f6n v\u00e9gzett. \u00c9desapja \u00fczem\u00e9t annak hal\u00e1la ut\u00e1n vette \u00e1t (1923). Az \u00f6r\u00f6k\u00f6lt m\u0171malom, mechanikai sz\u00f6v\u0151de \u00e9s g\u0151zfest\u0151de tulajdonos Segesv\u00e1ron. Kezdem\u00e9nyez\u00e9s\u00e9re a v\u00e1llalatot pamutsz\u00f6v\u0151d\u00e9vel \u00e9s g\u0151zfest\u0151d\u00e9vel b\u0151v\u00edtett\u00e9k. K\u00fclf\u00f6ld\u00f6n szerzett szakismeret\u00e9vel \u00e9s szorgalommal vezette a f\u00e9l vagonos m\u0171malom, az egy vagonos v\u00e1m\u00f6rl\u0151 malom, a 20 mechanikai sz\u00f6v\u0151sz\u00e9kkel [&hellip;]<\/p>\n","protected":false},"featured_media":0,"comment_status":"open","ping_status":"closed","template":"","meta":[],"product_brand":[],"product_cat":[137],"product_tag":[],"class_list":{"0":"post-13940","1":"product","2":"type-product","3":"status-publish","5":"product_cat-maros-megyei-eletrajzi-lexikon","7":"first","8":"instock","9":"shipping-taxable","10":"product-type-simple"},"_links":{"self":[{"href":"https:\/\/uj.adatbank.ro\/lexikon\/wp-json\/wp\/v2\/product\/13940","targetHints":{"allow":["GET"]}}],"collection":[{"href":"https:\/\/uj.adatbank.ro\/lexikon\/wp-json\/wp\/v2\/product"}],"about":[{"href":"https:\/\/uj.adatbank.ro\/lexikon\/wp-json\/wp\/v2\/types\/product"}],"replies":[{"embeddable":true,"href":"https:\/\/uj.adatbank.ro\/lexikon\/wp-json\/wp\/v2\/comments?post=13940"}],"wp:attachment":[{"href":"https:\/\/uj.adatbank.ro\/lexikon\/wp-json\/wp\/v2\/media?parent=13940"}],"wp:term":[{"taxonomy":"product_brand","embeddable":true,"href":"https:\/\/uj.adatbank.ro\/lexikon\/wp-json\/wp\/v2\/product_brand?post=13940"},{"taxonomy":"product_cat","embeddable":true,"href":"https:\/\/uj.adatbank.ro\/lexikon\/wp-json\/wp\/v2\/product_cat?post=13940"},{"taxonomy":"product_tag","embeddable":true,"href":"https:\/\/uj.adatbank.ro\/lexikon\/wp-json\/wp\/v2\/product_tag?post=13940"}],"curies":[{"name":"wp","href":"https:\/\/api.w.org\/{rel}","templated":true}]}}

<p>? † ?: gyáros, mérnök. – L. Albert fia. – Textilfőiskolát külföldön végzett. Édesapja üzemét annak halála után vette át (1923). Az örökölt műmalom, mechanikai szövőde és gőzfestőde tulajdonos Segesváron. Kezdeményezésére a vállalatot pamutszövődével és gőzfestődével bővítették. Külföldön szerzett szakismeretével és szorgalommal vezette a fél vagonos műmalom, az egy vagonos vámörlő malom, a 20 mechanikai szövőszékkel dolgozó szövőüzem és 6 munkással dolgozó gőzfestődéből álló üzemet. <br /><strong>Irod.:</strong> EBKL</br></p>

<p>? † ?: gyáros, mérnök. – L. Albert fia. – Textilfőiskolát külföldön végzett. Édesapja üzemét annak halála után vette át (1923). Az örökölt műmalom, mechanikai szövőde és gőzfestőde tulajdonos Segesváron. Kezdeményezésére a vállalatot pamutszövődével és gőzfestődével bővítették. Külföldön szerzett szakismeretével és szorgalommal vezette a fél vagonos műmalom, az egy vagonos vámörlő malom, a 20 mechanikai szövőszékkel [&hellip;]</p>
