{"id":13943,"date":"2025-07-15T12:45:13","date_gmt":"2025-07-15T10:45:13","guid":{"rendered":"https:\/\/uj.adatbank.ro\/lexikon\/termek\/lipovan-ioan\/"},"modified":"2025-07-15T12:45:13","modified_gmt":"2025-07-15T10:45:13","slug":"lipovan-ioan","status":"publish","type":"product","link":"https:\/\/uj.adatbank.ro\/lexikon\/termek\/lipovan-ioan\/","title":{"rendered":"LIPOVAN, Ioan"},"content":{"rendered":"<p>Kist\u00e1rnok (Szerbia) Toracul Mic (Jugoszl\u00e1via), 1895. nov. 2., \u2020 Arad,1963. jan. 31.: zeneszerz\u0151, karmester, tan\u00e1r. \u2013 Tan\u00edt\u00f3k\u00e9pz\u0151t Aradon (1919\u201320), zenekonzervat\u00f3riumot Kv.-on v\u00e9gzett. Tan\u00edt\u00f3 Nagyszentmikl\u00f3s mellett S\u00e1raf\u00e1n (1915\u201316). Mv.-en a Katonai L\u00edc.-ban (1919\u201320), a Papiu Ilarian Lic.-ban zenetan\u00e1r (1920\u201321). A k\u00f6vetkez\u0151 \u00e9vekben k\u00fcl\u00f6nb\u00f6z\u0151 l\u00edceumokban tanitott Kv.-on \u00e9s Aradon, ahol megalap\u00edtotta az els\u0151 f\u00fav\u00f3s zenekart is. T\u00f6bb munk\u00e1sk\u00f3rus \u00e9s falusi k\u00f3rus karvezet\u0151je volt. Folkl\u00f3rt gy\u0171jt\u00f6tt a B\u00e1ns\u00e1gban. K\u00f3rusm\u0171veket szerzett tanul\u00f3k r\u00e9sz\u00e9re \u00e9s n\u00e9pdalokat dolgozott fel. Kit\u00fcntett\u00e9k az Ordinul Coroana Rom\u00e2niei \u00e9rdemrenddel. <br \/><strong>Irod.:<\/strong> MRL; Muzicieni din Rom.<\/br><\/p>\n","protected":false},"excerpt":{"rendered":"<p>Kist\u00e1rnok (Szerbia) Toracul Mic (Jugoszl\u00e1via), 1895. nov. 2., \u2020 Arad,1963. jan. 31.: zeneszerz\u0151, karmester, tan\u00e1r. \u2013 Tan\u00edt\u00f3k\u00e9pz\u0151t Aradon (1919\u201320), zenekonzervat\u00f3riumot Kv.-on v\u00e9gzett. Tan\u00edt\u00f3 Nagyszentmikl\u00f3s mellett S\u00e1raf\u00e1n (1915\u201316). Mv.-en a Katonai L\u00edc.-ban (1919\u201320), a Papiu Ilarian Lic.-ban zenetan\u00e1r (1920\u201321). A k\u00f6vetkez\u0151 \u00e9vekben k\u00fcl\u00f6nb\u00f6z\u0151 l\u00edceumokban tanitott Kv.-on \u00e9s Aradon, ahol megalap\u00edtotta az els\u0151 f\u00fav\u00f3s zenekart is. T\u00f6bb [&hellip;]<\/p>\n","protected":false},"featured_media":0,"comment_status":"open","ping_status":"closed","template":"","meta":[],"product_brand":[],"product_cat":[137],"product_tag":[],"class_list":{"0":"post-13943","1":"product","2":"type-product","3":"status-publish","5":"product_cat-maros-megyei-eletrajzi-lexikon","7":"first","8":"instock","9":"shipping-taxable","10":"product-type-simple"},"_links":{"self":[{"href":"https:\/\/uj.adatbank.ro\/lexikon\/wp-json\/wp\/v2\/product\/13943","targetHints":{"allow":["GET"]}}],"collection":[{"href":"https:\/\/uj.adatbank.ro\/lexikon\/wp-json\/wp\/v2\/product"}],"about":[{"href":"https:\/\/uj.adatbank.ro\/lexikon\/wp-json\/wp\/v2\/types\/product"}],"replies":[{"embeddable":true,"href":"https:\/\/uj.adatbank.ro\/lexikon\/wp-json\/wp\/v2\/comments?post=13943"}],"wp:attachment":[{"href":"https:\/\/uj.adatbank.ro\/lexikon\/wp-json\/wp\/v2\/media?parent=13943"}],"wp:term":[{"taxonomy":"product_brand","embeddable":true,"href":"https:\/\/uj.adatbank.ro\/lexikon\/wp-json\/wp\/v2\/product_brand?post=13943"},{"taxonomy":"product_cat","embeddable":true,"href":"https:\/\/uj.adatbank.ro\/lexikon\/wp-json\/wp\/v2\/product_cat?post=13943"},{"taxonomy":"product_tag","embeddable":true,"href":"https:\/\/uj.adatbank.ro\/lexikon\/wp-json\/wp\/v2\/product_tag?post=13943"}],"curies":[{"name":"wp","href":"https:\/\/api.w.org\/{rel}","templated":true}]}}

<p>Kistárnok (Szerbia) Toracul Mic (Jugoszlávia), 1895. nov. 2., † Arad,1963. jan. 31.: zeneszerző, karmester, tanár. – Tanítóképzőt Aradon (1919–20), zenekonzervatóriumot Kv.-on végzett. Tanító Nagyszentmiklós mellett Sárafán (1915–16). Mv.-en a Katonai Líc.-ban (1919–20), a Papiu Ilarian Lic.-ban zenetanár (1920–21). A következő években különböző líceumokban tanitott Kv.-on és Aradon, ahol megalapította az első fúvós zenekart is. Több munkáskórus és falusi kórus karvezetője volt. Folklórt gyűjtött a Bánságban. Kórusműveket szerzett tanulók részére és népdalokat dolgozott fel. Kitüntették az Ordinul Coroana României érdemrenddel. <br /><strong>Irod.:</strong> MRL; Muzicieni din Rom.</br></p>

<p>Kistárnok (Szerbia) Toracul Mic (Jugoszlávia), 1895. nov. 2., † Arad,1963. jan. 31.: zeneszerző, karmester, tanár. – Tanítóképzőt Aradon (1919–20), zenekonzervatóriumot Kv.-on végzett. Tanító Nagyszentmiklós mellett Sárafán (1915–16). Mv.-en a Katonai Líc.-ban (1919–20), a Papiu Ilarian Lic.-ban zenetanár (1920–21). A következő években különböző líceumokban tanitott Kv.-on és Aradon, ahol megalapította az első fúvós zenekart is. Több [&hellip;]</p>
