{"id":13946,"date":"2025-07-15T12:45:20","date_gmt":"2025-07-15T10:45:20","guid":{"rendered":"https:\/\/uj.adatbank.ro\/lexikon\/termek\/liszka-gedeon\/"},"modified":"2025-07-15T12:45:20","modified_gmt":"2025-07-15T10:45:20","slug":"liszka-gedeon","status":"publish","type":"product","link":"https:\/\/uj.adatbank.ro\/lexikon\/termek\/liszka-gedeon\/","title":{"rendered":"LISZKA Gedeon"},"content":{"rendered":"<p>Sz\u00e1szr\u00e9gen, 1895., \u2020\u00a0?\u00a0: tan\u00edt\u00f3. \u2013 Erd\u00e9lybe telepedett lengyel f\u0151nemesi csl\u00e1db\u00f3l sz\u00e1rmazott. K\u00f6z\u00e9opiskol\u00e1it Mv.-en a Ref. Koll.-ban, a tan\u00edt\u00f3k\u00e9pz\u0151t Nagyenyeden v\u00e9gezte. P\u00e1lyafut\u00e1s\u00e1t Mez\u0151bergeny\u00e9ben kezdte, azut\u00e1n Mv.-en a tanfel\u00fcgyel\u0151s\u00e9gen dolgozott. Intenziv k\u00f6z\u00e9leti tev\u00e9kenys\u00e9get folytatott a Gazdak\u00f6r, a Hangya, EMGE, Tejsz\u00f6vetkezet szervez\u00e9se ter\u00e9n (1920\u201340 k.). <br \/><strong>Irod.:<\/strong> Sz\u00e9kelyf\u00f6ld \u00ed.k<\/br><\/p>\n","protected":false},"excerpt":{"rendered":"<p>Sz\u00e1szr\u00e9gen, 1895., \u2020\u00a0?\u00a0: tan\u00edt\u00f3. \u2013 Erd\u00e9lybe telepedett lengyel f\u0151nemesi csl\u00e1db\u00f3l sz\u00e1rmazott. K\u00f6z\u00e9opiskol\u00e1it Mv.-en a Ref. Koll.-ban, a tan\u00edt\u00f3k\u00e9pz\u0151t Nagyenyeden v\u00e9gezte. P\u00e1lyafut\u00e1s\u00e1t Mez\u0151bergeny\u00e9ben kezdte, azut\u00e1n Mv.-en a tanfel\u00fcgyel\u0151s\u00e9gen dolgozott. Intenziv k\u00f6z\u00e9leti tev\u00e9kenys\u00e9get folytatott a Gazdak\u00f6r, a Hangya, EMGE, Tejsz\u00f6vetkezet szervez\u00e9se ter\u00e9n (1920\u201340 k.). Irod.: Sz\u00e9kelyf\u00f6ld \u00ed.k<\/p>\n","protected":false},"featured_media":0,"comment_status":"open","ping_status":"closed","template":"","meta":[],"product_brand":[],"product_cat":[137],"product_tag":[],"class_list":{"0":"post-13946","1":"product","2":"type-product","3":"status-publish","5":"product_cat-maros-megyei-eletrajzi-lexikon","7":"first","8":"instock","9":"shipping-taxable","10":"product-type-simple"},"_links":{"self":[{"href":"https:\/\/uj.adatbank.ro\/lexikon\/wp-json\/wp\/v2\/product\/13946","targetHints":{"allow":["GET"]}}],"collection":[{"href":"https:\/\/uj.adatbank.ro\/lexikon\/wp-json\/wp\/v2\/product"}],"about":[{"href":"https:\/\/uj.adatbank.ro\/lexikon\/wp-json\/wp\/v2\/types\/product"}],"replies":[{"embeddable":true,"href":"https:\/\/uj.adatbank.ro\/lexikon\/wp-json\/wp\/v2\/comments?post=13946"}],"wp:attachment":[{"href":"https:\/\/uj.adatbank.ro\/lexikon\/wp-json\/wp\/v2\/media?parent=13946"}],"wp:term":[{"taxonomy":"product_brand","embeddable":true,"href":"https:\/\/uj.adatbank.ro\/lexikon\/wp-json\/wp\/v2\/product_brand?post=13946"},{"taxonomy":"product_cat","embeddable":true,"href":"https:\/\/uj.adatbank.ro\/lexikon\/wp-json\/wp\/v2\/product_cat?post=13946"},{"taxonomy":"product_tag","embeddable":true,"href":"https:\/\/uj.adatbank.ro\/lexikon\/wp-json\/wp\/v2\/product_tag?post=13946"}],"curies":[{"name":"wp","href":"https:\/\/api.w.org\/{rel}","templated":true}]}}

<p>Szászrégen, 1895., † ? : tanító. – Erdélybe telepedett lengyel főnemesi csládból származott. Közéopiskoláit Mv.-en a Ref. Koll.-ban, a tanítóképzőt Nagyenyeden végezte. Pályafutását Mezőbergenyében kezdte, azután Mv.-en a tanfelügyelőségen dolgozott. Intenziv közéleti tevékenységet folytatott a Gazdakör, a Hangya, EMGE, Tejszövetkezet szervezése terén (1920–40 k.). <br /><strong>Irod.:</strong> Székelyföld í.k</br></p>

<p>Szászrégen, 1895., † ? : tanító. – Erdélybe telepedett lengyel főnemesi csládból származott. Közéopiskoláit Mv.-en a Ref. Koll.-ban, a tanítóképzőt Nagyenyeden végezte. Pályafutását Mezőbergenyében kezdte, azután Mv.-en a tanfelügyelőségen dolgozott. Intenziv közéleti tevékenységet folytatott a Gazdakör, a Hangya, EMGE, Tejszövetkezet szervezése terén (1920–40 k.). Irod.: Székelyföld í.k</p>
