{"id":13947,"date":"2025-07-15T12:45:22","date_gmt":"2025-07-15T10:45:22","guid":{"rendered":"https:\/\/uj.adatbank.ro\/lexikon\/termek\/liszka-pal\/"},"modified":"2025-07-15T12:45:22","modified_gmt":"2025-07-15T10:45:22","slug":"liszka-pal","status":"publish","type":"product","link":"https:\/\/uj.adatbank.ro\/lexikon\/termek\/liszka-pal\/","title":{"rendered":"LISZKA P\u00e1l"},"content":{"rendered":"<p>Bergenye, 1924., \u2020 Mv., 1984. m\u00e1rc. 17.: orvos. Gyermekgy\u00f3gy\u00e1sz f\u0151orvos. \u2013 Feles\u00e9ge: Lov\u00e1sz Edit (1923.- Mv.,1988. szept. 11.), tan\u00e1r. \u2013.Az egyetemet Bp.-en kezdte, Kv.-on fejezte be (1948). Gyakornok a mv.-i Gyermekklinik\u00e1n (1948\u201349); a MOGYI \u2013n egyetemi tan\u00e1rseg\u00e9d (1950\u201363), f\u0151orvos. H\u00fasz \u00e9ven \u00e1t vezette a Maros-megyei Gyermekpoliklinik\u00e1t (1964\u201384). Az Orvostudom\u00e1nyi T\u00e1rsas\u00e1g mv.-i Fi\u00f3kja Gyermekgy\u00f3gy\u00e1szati Oszt\u00e1ly\u00e1nak volt titk\u00e1ra. K\u00f6z\u00f6lt az Orvosi Szeml\u00e9ben.T\u00f6bbsz\u00f6r kit\u00fcntett\u00e9k. \u2013 <strong>F. m.:<\/strong> <strong>t\u00e1rssz.:<\/strong> Gyermekgy\u00f3gy\u00e1szati jegyzet (Mv., 1955); Mic dic\u00e1ionar sanitar pentru femei (Schieb Otto Ioannal; Tg.M., 1971); Kis eg\u00e9szs\u00e9g\u00fcgyi \u00fatmutat\u00f3 asszonyok sz\u00e1m\u00e1ra az orvos \u00e9rkez\u00e9s\u00e9ig (Schieb Otto Ioannal, Mv., 1973). <br \/><strong>Irod.:<\/strong> Csekme; Genersich; Dr. L. P. [Nekrol\u00f3g] (V. Z., 1984. m\u00e1rc. 18.); Kiss Csekme, Kiss\u2013P\u00e9terffy\u2013P\u00e9terffy; Liszka P\u00e1ln\u00e9 Lov\u00e1sz Edit [Nekrol\u00f3g] (V. Z., 1988. szept. 13.), P\u00e9ter; Pop Tofolean-F\u00fcl\u00f6p; Todea\u2013F\u00fcl\u00f6p\u2013Avram<\/br><\/p>\n","protected":false},"excerpt":{"rendered":"<p>Bergenye, 1924., \u2020 Mv., 1984. m\u00e1rc. 17.: orvos. Gyermekgy\u00f3gy\u00e1sz f\u0151orvos. \u2013 Feles\u00e9ge: Lov\u00e1sz Edit (1923.- Mv.,1988. szept. 11.), tan\u00e1r. \u2013.Az egyetemet Bp.-en kezdte, Kv.-on fejezte be (1948). Gyakornok a mv.-i Gyermekklinik\u00e1n (1948\u201349); a MOGYI \u2013n egyetemi tan\u00e1rseg\u00e9d (1950\u201363), f\u0151orvos. H\u00fasz \u00e9ven \u00e1t vezette a Maros-megyei Gyermekpoliklinik\u00e1t (1964\u201384). Az Orvostudom\u00e1nyi T\u00e1rsas\u00e1g mv.-i Fi\u00f3kja Gyermekgy\u00f3gy\u00e1szati Oszt\u00e1ly\u00e1nak volt [&hellip;]<\/p>\n","protected":false},"featured_media":0,"comment_status":"open","ping_status":"closed","template":"","meta":[],"product_brand":[],"product_cat":[137],"product_tag":[],"class_list":{"0":"post-13947","1":"product","2":"type-product","3":"status-publish","5":"product_cat-maros-megyei-eletrajzi-lexikon","7":"first","8":"instock","9":"shipping-taxable","10":"product-type-simple"},"_links":{"self":[{"href":"https:\/\/uj.adatbank.ro\/lexikon\/wp-json\/wp\/v2\/product\/13947","targetHints":{"allow":["GET"]}}],"collection":[{"href":"https:\/\/uj.adatbank.ro\/lexikon\/wp-json\/wp\/v2\/product"}],"about":[{"href":"https:\/\/uj.adatbank.ro\/lexikon\/wp-json\/wp\/v2\/types\/product"}],"replies":[{"embeddable":true,"href":"https:\/\/uj.adatbank.ro\/lexikon\/wp-json\/wp\/v2\/comments?post=13947"}],"wp:attachment":[{"href":"https:\/\/uj.adatbank.ro\/lexikon\/wp-json\/wp\/v2\/media?parent=13947"}],"wp:term":[{"taxonomy":"product_brand","embeddable":true,"href":"https:\/\/uj.adatbank.ro\/lexikon\/wp-json\/wp\/v2\/product_brand?post=13947"},{"taxonomy":"product_cat","embeddable":true,"href":"https:\/\/uj.adatbank.ro\/lexikon\/wp-json\/wp\/v2\/product_cat?post=13947"},{"taxonomy":"product_tag","embeddable":true,"href":"https:\/\/uj.adatbank.ro\/lexikon\/wp-json\/wp\/v2\/product_tag?post=13947"}],"curies":[{"name":"wp","href":"https:\/\/api.w.org\/{rel}","templated":true}]}}

LISZKA Pál

<p>Bergenye, 1924., † Mv., 1984. márc. 17.: orvos. Gyermekgyógyász főorvos. – Felesége: Lovász Edit (1923.- Mv.,1988. szept. 11.), tanár. –.Az egyetemet Bp.-en kezdte, Kv.-on fejezte be (1948). Gyakornok a mv.-i Gyermekklinikán (1948–49); a MOGYI –n egyetemi tanársegéd (1950–63), főorvos. Húsz éven át vezette a Maros-megyei Gyermekpoliklinikát (1964–84). Az Orvostudományi Társaság mv.-i Fiókja Gyermekgyógyászati Osztályának volt titkára. Közölt az Orvosi Szemlében.Többször kitüntették. – <strong>F. m.:</strong> <strong>társsz.:</strong> Gyermekgyógyászati jegyzet (Mv., 1955); Mic dicáionar sanitar pentru femei (Schieb Otto Ioannal; Tg.M., 1971); Kis egészségügyi útmutató asszonyok számára az orvos érkezéséig (Schieb Otto Ioannal, Mv., 1973). <br /><strong>Irod.:</strong> Csekme; Genersich; Dr. L. P. [Nekrológ] (V. Z., 1984. márc. 18.); Kiss Csekme, Kiss–Péterffy–Péterffy; Liszka Pálné Lovász Edit [Nekrológ] (V. Z., 1988. szept. 13.), Péter; Pop Tofolean-Fülöp; Todea–Fülöp–Avram</br></p>

<p>Bergenye, 1924., † Mv., 1984. márc. 17.: orvos. Gyermekgyógyász főorvos. – Felesége: Lovász Edit (1923.- Mv.,1988. szept. 11.), tanár. –.Az egyetemet Bp.-en kezdte, Kv.-on fejezte be (1948). Gyakornok a mv.-i Gyermekklinikán (1948–49); a MOGYI –n egyetemi tanársegéd (1950–63), főorvos. Húsz éven át vezette a Maros-megyei Gyermekpoliklinikát (1964–84). Az Orvostudományi Társaság mv.-i Fiókja Gyermekgyógyászati Osztályának volt [&hellip;]</p>
