{"id":13961,"date":"2025-07-15T12:45:51","date_gmt":"2025-07-15T10:45:51","guid":{"rendered":"https:\/\/uj.adatbank.ro\/lexikon\/termek\/lityan-viktoria\/"},"modified":"2025-07-15T12:45:51","modified_gmt":"2025-07-15T10:45:51","slug":"lityan-viktoria","status":"publish","type":"product","link":"https:\/\/uj.adatbank.ro\/lexikon\/termek\/lityan-viktoria\/","title":{"rendered":"LITY\u00c1N Vikt\u00f3ria"},"content":{"rendered":"<p>Mez\u0151r\u00fccs,1879. nov. 11., \u2020\u00a0?: tan\u00e1rn\u0151. \u2013 Kv.-on a r. k. gimn.-ban tanult, majd a FJTE matemetika- \u00e9s term\u00e9szettudom\u00e1nyi karon (1901\u201305), abszolv\u00e1l\u00f3 vizsg\u00e1t tett (1906. j\u00fan.12.). <br \/><strong>Irod.:<\/strong> Sigmirean<\/br><\/p>\n","protected":false},"excerpt":{"rendered":"<p>Mez\u0151r\u00fccs,1879. nov. 11., \u2020\u00a0?: tan\u00e1rn\u0151. \u2013 Kv.-on a r. k. gimn.-ban tanult, majd a FJTE matemetika- \u00e9s term\u00e9szettudom\u00e1nyi karon (1901\u201305), abszolv\u00e1l\u00f3 vizsg\u00e1t tett (1906. j\u00fan.12.). Irod.: Sigmirean<\/p>\n","protected":false},"featured_media":0,"comment_status":"open","ping_status":"closed","template":"","meta":[],"product_brand":[],"product_cat":[137],"product_tag":[],"class_list":{"0":"post-13961","1":"product","2":"type-product","3":"status-publish","5":"product_cat-maros-megyei-eletrajzi-lexikon","7":"first","8":"instock","9":"shipping-taxable","10":"product-type-simple"},"_links":{"self":[{"href":"https:\/\/uj.adatbank.ro\/lexikon\/wp-json\/wp\/v2\/product\/13961","targetHints":{"allow":["GET"]}}],"collection":[{"href":"https:\/\/uj.adatbank.ro\/lexikon\/wp-json\/wp\/v2\/product"}],"about":[{"href":"https:\/\/uj.adatbank.ro\/lexikon\/wp-json\/wp\/v2\/types\/product"}],"replies":[{"embeddable":true,"href":"https:\/\/uj.adatbank.ro\/lexikon\/wp-json\/wp\/v2\/comments?post=13961"}],"wp:attachment":[{"href":"https:\/\/uj.adatbank.ro\/lexikon\/wp-json\/wp\/v2\/media?parent=13961"}],"wp:term":[{"taxonomy":"product_brand","embeddable":true,"href":"https:\/\/uj.adatbank.ro\/lexikon\/wp-json\/wp\/v2\/product_brand?post=13961"},{"taxonomy":"product_cat","embeddable":true,"href":"https:\/\/uj.adatbank.ro\/lexikon\/wp-json\/wp\/v2\/product_cat?post=13961"},{"taxonomy":"product_tag","embeddable":true,"href":"https:\/\/uj.adatbank.ro\/lexikon\/wp-json\/wp\/v2\/product_tag?post=13961"}],"curies":[{"name":"wp","href":"https:\/\/api.w.org\/{rel}","templated":true}]}}